{"version":"1.0","provider_name":"Autopapst","provider_url":"https:\/\/blog.zeit.de\/autopapst","author_name":"Autopapst","author_url":"https:\/\/blog.zeit.de\/autopapst\/author\/autopapst\/","title":"Sind Oldtimer die wahren \u00d6ko-Autos? - Autopapst","type":"rich","width":600,"height":338,"html":"<blockquote class=\"wp-embedded-content\" data-secret=\"ewmUPsWgbc\"><a href=\"https:\/\/blog.zeit.de\/autopapst\/2008\/04\/22\/sind-oldtimer-die-wahren-oko-autos\/\">Sind Oldtimer die wahren \u00d6ko-Autos?<\/a><\/blockquote><iframe sandbox=\"allow-scripts\" security=\"restricted\" src=\"https:\/\/blog.zeit.de\/autopapst\/2008\/04\/22\/sind-oldtimer-die-wahren-oko-autos\/embed\/#?secret=ewmUPsWgbc\" width=\"600\" height=\"338\" title=\"&#8222;Sind Oldtimer die wahren \u00d6ko-Autos?&#8220; &#8212; Autopapst\" data-secret=\"ewmUPsWgbc\" frameborder=\"0\" marginwidth=\"0\" marginheight=\"0\" scrolling=\"no\" class=\"wp-embedded-content\"><\/iframe><script type=\"text\/javascript\">\n\/* <![CDATA[ *\/\n\/*! This file is auto-generated *\/\n!function(d,l){\"use strict\";l.querySelector&&d.addEventListener&&\"undefined\"!=typeof URL&&(d.wp=d.wp||{},d.wp.receiveEmbedMessage||(d.wp.receiveEmbedMessage=function(e){var t=e.data;if((t||t.secret||t.message||t.value)&&!\/[^a-zA-Z0-9]\/.test(t.secret)){for(var s,r,n,a=l.querySelectorAll('iframe[data-secret=\"'+t.secret+'\"]'),o=l.querySelectorAll('blockquote[data-secret=\"'+t.secret+'\"]'),c=new RegExp(\"^https?:$\",\"i\"),i=0;i<o.length;i++)o[i].style.display=\"none\";for(i=0;i<a.length;i++)s=a[i],e.source===s.contentWindow&&(s.removeAttribute(\"style\"),\"height\"===t.message?(1e3<(r=parseInt(t.value,10))?r=1e3:~~r<200&&(r=200),s.height=r):\"link\"===t.message&&(r=new URL(s.getAttribute(\"src\")),n=new URL(t.value),c.test(n.protocol))&&n.host===r.host&&l.activeElement===s&&(d.top.location.href=t.value))}},d.addEventListener(\"message\",d.wp.receiveEmbedMessage,!1),l.addEventListener(\"DOMContentLoaded\",function(){for(var e,t,s=l.querySelectorAll(\"iframe.wp-embedded-content\"),r=0;r<s.length;r++)(t=(e=s[r]).getAttribute(\"data-secret\"))||(t=Math.random().toString(36).substring(2,12),e.src+=\"#?secret=\"+t,e.setAttribute(\"data-secret\",t)),e.contentWindow.postMessage({message:\"ready\",secret:t},\"*\")},!1)))}(window,document);\n\/* ]]> *\/\n<\/script>\n","description":"Hallo Hr. Ke\u00dfler,das Thema &#8222;CO2 Reduktion&#8220; ist unbestritten ein \u00dcberlebenswichtiges. Mich h\u00e4tte interessiert, ob es eine Studie gibt, in welcher nicht nur der CO2 Aussto\u00df beim Betrieb eines Fahrzeugs beleuchtet wird, sondern auch die CO2 Belastung die bei der Produktion des Fahrzeugs entsteht. Von Interesse w\u00e4re doch zu wissen, ob es der Umwelt nicht mehr [&hellip;]"}

Sind Oldtimer die wahren Öko-Autos? - Autopapst

<blockquote class="wp-embedded-content" data-secret="ewmUPsWgbc"><a href="https://blog.zeit.de/autopapst/2008/04/22/sind-oldtimer-die-wahren-oko-autos/">Sind Oldtimer die wahren Öko-Autos?</a></blockquote><iframe sandbox="allow-scripts" security="restricted" src="https://blog.zeit.de/autopapst/2008/04/22/sind-oldtimer-die-wahren-oko-autos/embed/#?secret=ewmUPsWgbc" width="600" height="338" title="&#8222;Sind Oldtimer die wahren Öko-Autos?&#8220; &#8212; Autopapst" data-secret="ewmUPsWgbc" frameborder="0" marginwidth="0" marginheight="0" scrolling="no" class="wp-embedded-content"></iframe><script type="text/javascript">
/* <![CDATA[ */
/*! This file is auto-generated */
!function(d,l){"use strict";l.querySelector&&d.addEventListener&&"undefined"!=typeof URL&&(d.wp=d.wp||{},d.wp.receiveEmbedMessage||(d.wp.receiveEmbedMessage=function(e){var t=e.data;if((t||t.secret||t.message||t.value)&&!/[^a-zA-Z0-9]/.test(t.secret)){for(var s,r,n,a=l.querySelectorAll('iframe[data-secret="'+t.secret+'"]'),o=l.querySelectorAll('blockquote[data-secret="'+t.secret+'"]'),c=new RegExp("^https?:$","i"),i=0;i<o.length;i++)o[i].style.display="none";for(i=0;i<a.length;i++)s=a[i],e.source===s.contentWindow&&(s.removeAttribute("style"),"height"===t.message?(1e3<(r=parseInt(t.value,10))?r=1e3:~~r<200&&(r=200),s.height=r):"link"===t.message&&(r=new URL(s.getAttribute("src")),n=new URL(t.value),c.test(n.protocol))&&n.host===r.host&&l.activeElement===s&&(d.top.location.href=t.value))}},d.addEventListener("message",d.wp.receiveEmbedMessage,!1),l.addEventListener("DOMContentLoaded",function(){for(var e,t,s=l.querySelectorAll("iframe.wp-embedded-content"),r=0;r<s.length;r++)(t=(e=s[r]).getAttribute("data-secret"))||(t=Math.random().toString(36).substring(2,12),e.src+="#?secret="+t,e.setAttribute("data-secret",t)),e.contentWindow.postMessage({message:"ready",secret:t},"*")},!1)))}(window,document);
/* ]]> */
</script>

Hallo Hr. Keßler,das Thema &#8222;CO2 Reduktion&#8220; ist unbestritten ein Überlebenswichtiges. Mich hätte interessiert, ob es eine Studie gibt, in welcher nicht nur der CO2 Ausstoß beim Betrieb eines Fahrzeugs beleuchtet wird, sondern auch die CO2 Belastung die bei der Produktion des Fahrzeugs entsteht. Von Interesse wäre doch zu wissen, ob es der Umwelt nicht mehr [&hellip;]
