{"version":"1.0","provider_name":"Velophil","provider_url":"https:\/\/blog.zeit.de\/fahrrad","author_name":"Andrea Reidl","author_url":"https:\/\/blog.zeit.de\/fahrrad\/author\/areidl\/","title":"M\u00fcnster: Deutschlands Radfahrparadies wird alt - Velophil","type":"rich","width":600,"height":338,"html":"<blockquote class=\"wp-embedded-content\" data-secret=\"eBvZoyEKhT\"><a href=\"https:\/\/blog.zeit.de\/fahrrad\/2014\/02\/28\/munster-deutschlands-radfahrparadies-wird-alt\/\">M\u00fcnster: Deutschlands Radfahrparadies wird alt<\/a><\/blockquote><iframe sandbox=\"allow-scripts\" security=\"restricted\" src=\"https:\/\/blog.zeit.de\/fahrrad\/2014\/02\/28\/munster-deutschlands-radfahrparadies-wird-alt\/embed\/#?secret=eBvZoyEKhT\" width=\"600\" height=\"338\" title=\"&#8222;M\u00fcnster: Deutschlands Radfahrparadies wird alt&#8220; &#8212; Velophil\" data-secret=\"eBvZoyEKhT\" frameborder=\"0\" marginwidth=\"0\" marginheight=\"0\" scrolling=\"no\" class=\"wp-embedded-content\"><\/iframe><script type=\"text\/javascript\">\n\/* <![CDATA[ *\/\n\/*! This file is auto-generated *\/\n!function(d,l){\"use strict\";l.querySelector&&d.addEventListener&&\"undefined\"!=typeof URL&&(d.wp=d.wp||{},d.wp.receiveEmbedMessage||(d.wp.receiveEmbedMessage=function(e){var t=e.data;if((t||t.secret||t.message||t.value)&&!\/[^a-zA-Z0-9]\/.test(t.secret)){for(var s,r,n,a=l.querySelectorAll('iframe[data-secret=\"'+t.secret+'\"]'),o=l.querySelectorAll('blockquote[data-secret=\"'+t.secret+'\"]'),c=new RegExp(\"^https?:$\",\"i\"),i=0;i<o.length;i++)o[i].style.display=\"none\";for(i=0;i<a.length;i++)s=a[i],e.source===s.contentWindow&&(s.removeAttribute(\"style\"),\"height\"===t.message?(1e3<(r=parseInt(t.value,10))?r=1e3:~~r<200&&(r=200),s.height=r):\"link\"===t.message&&(r=new URL(s.getAttribute(\"src\")),n=new URL(t.value),c.test(n.protocol))&&n.host===r.host&&l.activeElement===s&&(d.top.location.href=t.value))}},d.addEventListener(\"message\",d.wp.receiveEmbedMessage,!1),l.addEventListener(\"DOMContentLoaded\",function(){for(var e,t,s=l.querySelectorAll(\"iframe.wp-embedded-content\"),r=0;r<s.length;r++)(t=(e=s[r]).getAttribute(\"data-secret\"))||(t=Math.random().toString(36).substring(2,12),e.src+=\"#?secret=\"+t,e.setAttribute(\"data-secret\",t)),e.contentWindow.postMessage({message:\"ready\",secret:t},\"*\")},!1)))}(window,document);\n\/* ]]> *\/\n<\/script>\n","description":"Zugegeben, meine Anspr\u00fcche waren hoch. Es war mein erster Besuch im als Fahrradstadt bekannten M\u00fcnster, und ich hatte erwartet, dass die Stadt hier den Radfahrern im \u00fcbertragenen Sinn einen roten Teppich ausrollt. Den gibt es nat\u00fcrlich nicht. Aber dass die Radwege im Zentrum in der Regel nur unwesentlich breiter sind als ein Fahrradlenker und \u00fcberwiegend [&hellip;]","thumbnail_url":"https:\/\/blog.zeit.de\/fahrrad\/files\/2014\/02\/20140219_124446.jpg"}

Münster: Deutschlands Radfahrparadies wird alt - Velophil

<blockquote class="wp-embedded-content" data-secret="eBvZoyEKhT"><a href="https://blog.zeit.de/fahrrad/2014/02/28/munster-deutschlands-radfahrparadies-wird-alt/">Münster: Deutschlands Radfahrparadies wird alt</a></blockquote><iframe sandbox="allow-scripts" security="restricted" src="https://blog.zeit.de/fahrrad/2014/02/28/munster-deutschlands-radfahrparadies-wird-alt/embed/#?secret=eBvZoyEKhT" width="600" height="338" title="&#8222;Münster: Deutschlands Radfahrparadies wird alt&#8220; &#8212; Velophil" data-secret="eBvZoyEKhT" frameborder="0" marginwidth="0" marginheight="0" scrolling="no" class="wp-embedded-content"></iframe><script type="text/javascript">
/* <![CDATA[ */
/*! This file is auto-generated */
!function(d,l){"use strict";l.querySelector&&d.addEventListener&&"undefined"!=typeof URL&&(d.wp=d.wp||{},d.wp.receiveEmbedMessage||(d.wp.receiveEmbedMessage=function(e){var t=e.data;if((t||t.secret||t.message||t.value)&&!/[^a-zA-Z0-9]/.test(t.secret)){for(var s,r,n,a=l.querySelectorAll('iframe[data-secret="'+t.secret+'"]'),o=l.querySelectorAll('blockquote[data-secret="'+t.secret+'"]'),c=new RegExp("^https?:$","i"),i=0;i<o.length;i++)o[i].style.display="none";for(i=0;i<a.length;i++)s=a[i],e.source===s.contentWindow&&(s.removeAttribute("style"),"height"===t.message?(1e3<(r=parseInt(t.value,10))?r=1e3:~~r<200&&(r=200),s.height=r):"link"===t.message&&(r=new URL(s.getAttribute("src")),n=new URL(t.value),c.test(n.protocol))&&n.host===r.host&&l.activeElement===s&&(d.top.location.href=t.value))}},d.addEventListener("message",d.wp.receiveEmbedMessage,!1),l.addEventListener("DOMContentLoaded",function(){for(var e,t,s=l.querySelectorAll("iframe.wp-embedded-content"),r=0;r<s.length;r++)(t=(e=s[r]).getAttribute("data-secret"))||(t=Math.random().toString(36).substring(2,12),e.src+="#?secret="+t,e.setAttribute("data-secret",t)),e.contentWindow.postMessage({message:"ready",secret:t},"*")},!1)))}(window,document);
/* ]]> */
</script>

Zugegeben, meine Ansprüche waren hoch. Es war mein erster Besuch im als Fahrradstadt bekannten Münster, und ich hatte erwartet, dass die Stadt hier den Radfahrern im übertragenen Sinn einen roten Teppich ausrollt. Den gibt es natürlich nicht. Aber dass die Radwege im Zentrum in der Regel nur unwesentlich breiter sind als ein Fahrradlenker und überwiegend [&hellip;]
