{"version":"1.0","provider_name":"Velophil","provider_url":"https:\/\/blog.zeit.de\/fahrrad","author_name":"Andrea Reidl","author_url":"https:\/\/blog.zeit.de\/fahrrad\/author\/areidl\/","title":"Fahrr\u00e4der von Fremden mieten - Velophil","type":"rich","width":600,"height":338,"html":"<blockquote class=\"wp-embedded-content\" data-secret=\"YmD7V0wTRV\"><a href=\"https:\/\/blog.zeit.de\/fahrrad\/2014\/10\/29\/fahrraeder-von-fremden-mieten\/\">Fahrr\u00e4der von Fremden mieten<\/a><\/blockquote><iframe sandbox=\"allow-scripts\" security=\"restricted\" src=\"https:\/\/blog.zeit.de\/fahrrad\/2014\/10\/29\/fahrraeder-von-fremden-mieten\/embed\/#?secret=YmD7V0wTRV\" width=\"600\" height=\"338\" title=\"&#8222;Fahrr\u00e4der von Fremden mieten&#8220; &#8212; Velophil\" data-secret=\"YmD7V0wTRV\" frameborder=\"0\" marginwidth=\"0\" marginheight=\"0\" scrolling=\"no\" class=\"wp-embedded-content\"><\/iframe><script type=\"text\/javascript\">\n\/* <![CDATA[ *\/\n\/*! This file is auto-generated *\/\n!function(d,l){\"use strict\";l.querySelector&&d.addEventListener&&\"undefined\"!=typeof URL&&(d.wp=d.wp||{},d.wp.receiveEmbedMessage||(d.wp.receiveEmbedMessage=function(e){var t=e.data;if((t||t.secret||t.message||t.value)&&!\/[^a-zA-Z0-9]\/.test(t.secret)){for(var s,r,n,a=l.querySelectorAll('iframe[data-secret=\"'+t.secret+'\"]'),o=l.querySelectorAll('blockquote[data-secret=\"'+t.secret+'\"]'),c=new RegExp(\"^https?:$\",\"i\"),i=0;i<o.length;i++)o[i].style.display=\"none\";for(i=0;i<a.length;i++)s=a[i],e.source===s.contentWindow&&(s.removeAttribute(\"style\"),\"height\"===t.message?(1e3<(r=parseInt(t.value,10))?r=1e3:~~r<200&&(r=200),s.height=r):\"link\"===t.message&&(r=new URL(s.getAttribute(\"src\")),n=new URL(t.value),c.test(n.protocol))&&n.host===r.host&&l.activeElement===s&&(d.top.location.href=t.value))}},d.addEventListener(\"message\",d.wp.receiveEmbedMessage,!1),l.addEventListener(\"DOMContentLoaded\",function(){for(var e,t,s=l.querySelectorAll(\"iframe.wp-embedded-content\"),r=0;r<s.length;r++)(t=(e=s[r]).getAttribute(\"data-secret\"))||(t=Math.random().toString(36).substring(2,12),e.src+=\"#?secret=\"+t,e.setAttribute(\"data-secret\",t)),e.contentWindow.postMessage({message:\"ready\",secret:t},\"*\")},!1)))}(window,document);\n\/* ]]> *\/\n<\/script>\n","description":"In jeder Stadt das Rad fahren, das ich gerade brauche oder das mir gerade am besten gef\u00e4llt: Diese Idee will Felix M\u00f6ller mit seinem Online-Marktplatz Upperbike langfristig umsetzen. \u00dcber die Plattform bietet er Fahrr\u00e4der von privaten und gewerblichen Anbietern an. Noch steckt Upperbike in den Kinderschuhen. Rund 50 R\u00e4der sind dort zurzeit im Angebot, die [&hellip;]","thumbnail_url":"https:\/\/blog.zeit.de\/fahrrad\/files\/2014\/10\/Fahrraduebergabe-upperbike-Damen-64741-540x360.jpg"}

Fahrräder von Fremden mieten - Velophil

<blockquote class="wp-embedded-content" data-secret="YmD7V0wTRV"><a href="https://blog.zeit.de/fahrrad/2014/10/29/fahrraeder-von-fremden-mieten/">Fahrräder von Fremden mieten</a></blockquote><iframe sandbox="allow-scripts" security="restricted" src="https://blog.zeit.de/fahrrad/2014/10/29/fahrraeder-von-fremden-mieten/embed/#?secret=YmD7V0wTRV" width="600" height="338" title="&#8222;Fahrräder von Fremden mieten&#8220; &#8212; Velophil" data-secret="YmD7V0wTRV" frameborder="0" marginwidth="0" marginheight="0" scrolling="no" class="wp-embedded-content"></iframe><script type="text/javascript">
/* <![CDATA[ */
/*! This file is auto-generated */
!function(d,l){"use strict";l.querySelector&&d.addEventListener&&"undefined"!=typeof URL&&(d.wp=d.wp||{},d.wp.receiveEmbedMessage||(d.wp.receiveEmbedMessage=function(e){var t=e.data;if((t||t.secret||t.message||t.value)&&!/[^a-zA-Z0-9]/.test(t.secret)){for(var s,r,n,a=l.querySelectorAll('iframe[data-secret="'+t.secret+'"]'),o=l.querySelectorAll('blockquote[data-secret="'+t.secret+'"]'),c=new RegExp("^https?:$","i"),i=0;i<o.length;i++)o[i].style.display="none";for(i=0;i<a.length;i++)s=a[i],e.source===s.contentWindow&&(s.removeAttribute("style"),"height"===t.message?(1e3<(r=parseInt(t.value,10))?r=1e3:~~r<200&&(r=200),s.height=r):"link"===t.message&&(r=new URL(s.getAttribute("src")),n=new URL(t.value),c.test(n.protocol))&&n.host===r.host&&l.activeElement===s&&(d.top.location.href=t.value))}},d.addEventListener("message",d.wp.receiveEmbedMessage,!1),l.addEventListener("DOMContentLoaded",function(){for(var e,t,s=l.querySelectorAll("iframe.wp-embedded-content"),r=0;r<s.length;r++)(t=(e=s[r]).getAttribute("data-secret"))||(t=Math.random().toString(36).substring(2,12),e.src+="#?secret="+t,e.setAttribute("data-secret",t)),e.contentWindow.postMessage({message:"ready",secret:t},"*")},!1)))}(window,document);
/* ]]> */
</script>

In jeder Stadt das Rad fahren, das ich gerade brauche oder das mir gerade am besten gefällt: Diese Idee will Felix Möller mit seinem Online-Marktplatz Upperbike langfristig umsetzen. Über die Plattform bietet er Fahrräder von privaten und gewerblichen Anbietern an. Noch steckt Upperbike in den Kinderschuhen. Rund 50 Räder sind dort zurzeit im Angebot, die [&hellip;]
