{"version":"1.0","provider_name":"Velophil","provider_url":"https:\/\/blog.zeit.de\/fahrrad","author_name":"Andrea Reidl","author_url":"https:\/\/blog.zeit.de\/fahrrad\/author\/areidl\/","title":"100 Jahre Fahrradbaukunst unterm Reetdach - Velophil","type":"rich","width":600,"height":338,"html":"<blockquote class=\"wp-embedded-content\" data-secret=\"JlB2KhpMAf\"><a href=\"https:\/\/blog.zeit.de\/fahrrad\/2014\/12\/05\/museum-elmshorn\/\">100 Jahre Fahrradbaukunst unterm Reetdach<\/a><\/blockquote><iframe sandbox=\"allow-scripts\" security=\"restricted\" src=\"https:\/\/blog.zeit.de\/fahrrad\/2014\/12\/05\/museum-elmshorn\/embed\/#?secret=JlB2KhpMAf\" width=\"600\" height=\"338\" title=\"&#8222;100 Jahre Fahrradbaukunst unterm Reetdach&#8220; &#8212; Velophil\" data-secret=\"JlB2KhpMAf\" frameborder=\"0\" marginwidth=\"0\" marginheight=\"0\" scrolling=\"no\" class=\"wp-embedded-content\"><\/iframe><script type=\"text\/javascript\">\n\/* <![CDATA[ *\/\n\/*! This file is auto-generated *\/\n!function(d,l){\"use strict\";l.querySelector&&d.addEventListener&&\"undefined\"!=typeof URL&&(d.wp=d.wp||{},d.wp.receiveEmbedMessage||(d.wp.receiveEmbedMessage=function(e){var t=e.data;if((t||t.secret||t.message||t.value)&&!\/[^a-zA-Z0-9]\/.test(t.secret)){for(var s,r,n,a=l.querySelectorAll('iframe[data-secret=\"'+t.secret+'\"]'),o=l.querySelectorAll('blockquote[data-secret=\"'+t.secret+'\"]'),c=new RegExp(\"^https?:$\",\"i\"),i=0;i<o.length;i++)o[i].style.display=\"none\";for(i=0;i<a.length;i++)s=a[i],e.source===s.contentWindow&&(s.removeAttribute(\"style\"),\"height\"===t.message?(1e3<(r=parseInt(t.value,10))?r=1e3:~~r<200&&(r=200),s.height=r):\"link\"===t.message&&(r=new URL(s.getAttribute(\"src\")),n=new URL(t.value),c.test(n.protocol))&&n.host===r.host&&l.activeElement===s&&(d.top.location.href=t.value))}},d.addEventListener(\"message\",d.wp.receiveEmbedMessage,!1),l.addEventListener(\"DOMContentLoaded\",function(){for(var e,t,s=l.querySelectorAll(\"iframe.wp-embedded-content\"),r=0;r<s.length;r++)(t=(e=s[r]).getAttribute(\"data-secret\"))||(t=Math.random().toString(36).substring(2,12),e.src+=\"#?secret=\"+t,e.setAttribute(\"data-secret\",t)),e.contentWindow.postMessage({message:\"ready\",secret:t},\"*\")},!1)))}(window,document);\n\/* ]]> *\/\n<\/script>\n","description":"&#8222;Schaltet das Licht aus, wenn ihr geht\u201c, hatte Jan Mohr gesagt. Da standen wir nun im ehemaligen Melkraum des Bauernhofs und suchten den Lichtschalter zwischen den Fahrr\u00e4dern. Wo sich einst K\u00fche beim Melken ans Gitter dr\u00e4ngten, lehnen heute ausrangierte Markenr\u00e4der von Hercules und anderen Herstellern. Im Nebenraum, wo der Landwirt im Ruhestand jahrzehntelang K\u00e4lbchen aufzog, [&hellip;]","thumbnail_url":"https:\/\/blog.zeit.de\/fahrrad\/files\/2014\/12\/20141119_1302501-424x540.jpg"}

&#8222;Schaltet das Licht aus, wenn ihr geht“, hatte Jan Mohr gesagt. Da standen wir nun im ehemaligen Melkraum des Bauernhofs und suchten den Lichtschalter zwischen den Fahrrädern. Wo sich einst Kühe beim Melken ans Gitter drängten, lehnen heute ausrangierte Markenräder von Hercules und anderen Herstellern. Im Nebenraum, wo der Landwirt im Ruhestand jahrzehntelang Kälbchen aufzog, [&hellip;]
