{"version":"1.0","provider_name":"Velophil","provider_url":"https:\/\/blog.zeit.de\/fahrrad","author_name":"Andrea Reidl","author_url":"https:\/\/blog.zeit.de\/fahrrad\/author\/areidl\/","title":"Lebensgef\u00e4hrliche Fallen f\u00fcr Mountainbiker - Velophil","type":"rich","width":600,"height":338,"html":"<blockquote class=\"wp-embedded-content\" data-secret=\"P1uus0762b\"><a href=\"https:\/\/blog.zeit.de\/fahrrad\/2015\/06\/30\/lebensgefaehrliche-fallen-fuer-mountainbiker\/\">Lebensgef\u00e4hrliche Fallen f\u00fcr Mountainbiker<\/a><\/blockquote><iframe sandbox=\"allow-scripts\" security=\"restricted\" src=\"https:\/\/blog.zeit.de\/fahrrad\/2015\/06\/30\/lebensgefaehrliche-fallen-fuer-mountainbiker\/embed\/#?secret=P1uus0762b\" width=\"600\" height=\"338\" title=\"&#8222;Lebensgef\u00e4hrliche Fallen f\u00fcr Mountainbiker&#8220; &#8212; Velophil\" data-secret=\"P1uus0762b\" frameborder=\"0\" marginwidth=\"0\" marginheight=\"0\" scrolling=\"no\" class=\"wp-embedded-content\"><\/iframe><script type=\"text\/javascript\">\n\/* <![CDATA[ *\/\n\/*! This file is auto-generated *\/\n!function(d,l){\"use strict\";l.querySelector&&d.addEventListener&&\"undefined\"!=typeof URL&&(d.wp=d.wp||{},d.wp.receiveEmbedMessage||(d.wp.receiveEmbedMessage=function(e){var t=e.data;if((t||t.secret||t.message||t.value)&&!\/[^a-zA-Z0-9]\/.test(t.secret)){for(var s,r,n,a=l.querySelectorAll('iframe[data-secret=\"'+t.secret+'\"]'),o=l.querySelectorAll('blockquote[data-secret=\"'+t.secret+'\"]'),c=new RegExp(\"^https?:$\",\"i\"),i=0;i<o.length;i++)o[i].style.display=\"none\";for(i=0;i<a.length;i++)s=a[i],e.source===s.contentWindow&&(s.removeAttribute(\"style\"),\"height\"===t.message?(1e3<(r=parseInt(t.value,10))?r=1e3:~~r<200&&(r=200),s.height=r):\"link\"===t.message&&(r=new URL(s.getAttribute(\"src\")),n=new URL(t.value),c.test(n.protocol))&&n.host===r.host&&l.activeElement===s&&(d.top.location.href=t.value))}},d.addEventListener(\"message\",d.wp.receiveEmbedMessage,!1),l.addEventListener(\"DOMContentLoaded\",function(){for(var e,t,s=l.querySelectorAll(\"iframe.wp-embedded-content\"),r=0;r<s.length;r++)(t=(e=s[r]).getAttribute(\"data-secret\"))||(t=Math.random().toString(36).substring(2,12),e.src+=\"#?secret=\"+t,e.setAttribute(\"data-secret\",t)),e.contentWindow.postMessage({message:\"ready\",secret:t},\"*\")},!1)))}(window,document);\n\/* ]]> *\/\n<\/script>\n","description":"Mountainbiken im Schwarzwald hat zurzeit einen bitteren Beigeschmack. In den vergangenen Wochen wurden zum Teil lebensbedrohliche Fallen auf Trails entdeckt. Verungl\u00fcckt ist gl\u00fccklicherweise niemand. Jetzt liest man wieder \u00fcberall von Konflikten zwischen Mountainbikern und Wanderern. Die Realit\u00e4t aber sieht anders aus: Die Stimmung im Schwarzwald scheint sich gerade zu entspannen."}

Lebensgefährliche Fallen für Mountainbiker - Velophil

<blockquote class="wp-embedded-content" data-secret="P1uus0762b"><a href="https://blog.zeit.de/fahrrad/2015/06/30/lebensgefaehrliche-fallen-fuer-mountainbiker/">Lebensgefährliche Fallen für Mountainbiker</a></blockquote><iframe sandbox="allow-scripts" security="restricted" src="https://blog.zeit.de/fahrrad/2015/06/30/lebensgefaehrliche-fallen-fuer-mountainbiker/embed/#?secret=P1uus0762b" width="600" height="338" title="&#8222;Lebensgefährliche Fallen für Mountainbiker&#8220; &#8212; Velophil" data-secret="P1uus0762b" frameborder="0" marginwidth="0" marginheight="0" scrolling="no" class="wp-embedded-content"></iframe><script type="text/javascript">
/* <![CDATA[ */
/*! This file is auto-generated */
!function(d,l){"use strict";l.querySelector&&d.addEventListener&&"undefined"!=typeof URL&&(d.wp=d.wp||{},d.wp.receiveEmbedMessage||(d.wp.receiveEmbedMessage=function(e){var t=e.data;if((t||t.secret||t.message||t.value)&&!/[^a-zA-Z0-9]/.test(t.secret)){for(var s,r,n,a=l.querySelectorAll('iframe[data-secret="'+t.secret+'"]'),o=l.querySelectorAll('blockquote[data-secret="'+t.secret+'"]'),c=new RegExp("^https?:$","i"),i=0;i<o.length;i++)o[i].style.display="none";for(i=0;i<a.length;i++)s=a[i],e.source===s.contentWindow&&(s.removeAttribute("style"),"height"===t.message?(1e3<(r=parseInt(t.value,10))?r=1e3:~~r<200&&(r=200),s.height=r):"link"===t.message&&(r=new URL(s.getAttribute("src")),n=new URL(t.value),c.test(n.protocol))&&n.host===r.host&&l.activeElement===s&&(d.top.location.href=t.value))}},d.addEventListener("message",d.wp.receiveEmbedMessage,!1),l.addEventListener("DOMContentLoaded",function(){for(var e,t,s=l.querySelectorAll("iframe.wp-embedded-content"),r=0;r<s.length;r++)(t=(e=s[r]).getAttribute("data-secret"))||(t=Math.random().toString(36).substring(2,12),e.src+="#?secret="+t,e.setAttribute("data-secret",t)),e.contentWindow.postMessage({message:"ready",secret:t},"*")},!1)))}(window,document);
/* ]]> */
</script>

Mountainbiken im Schwarzwald hat zurzeit einen bitteren Beigeschmack. In den vergangenen Wochen wurden zum Teil lebensbedrohliche Fallen auf Trails entdeckt. Verunglückt ist glücklicherweise niemand. Jetzt liest man wieder überall von Konflikten zwischen Mountainbikern und Wanderern. Die Realität aber sieht anders aus: Die Stimmung im Schwarzwald scheint sich gerade zu entspannen.
