{"version":"1.0","provider_name":"Velophil","provider_url":"https:\/\/blog.zeit.de\/fahrrad","author_name":"Andrea Reidl","author_url":"https:\/\/blog.zeit.de\/fahrrad\/author\/areidl\/","title":"Warum Falschparken kein Kavaliersdelikt ist - Velophil","type":"rich","width":600,"height":338,"html":"<blockquote class=\"wp-embedded-content\" data-secret=\"zoVu8e3KFy\"><a href=\"https:\/\/blog.zeit.de\/fahrrad\/2015\/12\/07\/warum-falschparken-kein-kavaliersdelikt-ist\/\">Warum Falschparken kein Kavaliersdelikt ist<\/a><\/blockquote><iframe sandbox=\"allow-scripts\" security=\"restricted\" src=\"https:\/\/blog.zeit.de\/fahrrad\/2015\/12\/07\/warum-falschparken-kein-kavaliersdelikt-ist\/embed\/#?secret=zoVu8e3KFy\" width=\"600\" height=\"338\" title=\"&#8222;Warum Falschparken kein Kavaliersdelikt ist&#8220; &#8212; Velophil\" data-secret=\"zoVu8e3KFy\" frameborder=\"0\" marginwidth=\"0\" marginheight=\"0\" scrolling=\"no\" class=\"wp-embedded-content\"><\/iframe><script type=\"text\/javascript\">\n\/* <![CDATA[ *\/\n\/*! This file is auto-generated *\/\n!function(d,l){\"use strict\";l.querySelector&&d.addEventListener&&\"undefined\"!=typeof URL&&(d.wp=d.wp||{},d.wp.receiveEmbedMessage||(d.wp.receiveEmbedMessage=function(e){var t=e.data;if((t||t.secret||t.message||t.value)&&!\/[^a-zA-Z0-9]\/.test(t.secret)){for(var s,r,n,a=l.querySelectorAll('iframe[data-secret=\"'+t.secret+'\"]'),o=l.querySelectorAll('blockquote[data-secret=\"'+t.secret+'\"]'),c=new RegExp(\"^https?:$\",\"i\"),i=0;i<o.length;i++)o[i].style.display=\"none\";for(i=0;i<a.length;i++)s=a[i],e.source===s.contentWindow&&(s.removeAttribute(\"style\"),\"height\"===t.message?(1e3<(r=parseInt(t.value,10))?r=1e3:~~r<200&&(r=200),s.height=r):\"link\"===t.message&&(r=new URL(s.getAttribute(\"src\")),n=new URL(t.value),c.test(n.protocol))&&n.host===r.host&&l.activeElement===s&&(d.top.location.href=t.value))}},d.addEventListener(\"message\",d.wp.receiveEmbedMessage,!1),l.addEventListener(\"DOMContentLoaded\",function(){for(var e,t,s=l.querySelectorAll(\"iframe.wp-embedded-content\"),r=0;r<s.length;r++)(t=(e=s[r]).getAttribute(\"data-secret\"))||(t=Math.random().toString(36).substring(2,12),e.src+=\"#?secret=\"+t,e.setAttribute(\"data-secret\",t)),e.contentWindow.postMessage({message:\"ready\",secret:t},\"*\")},!1)))}(window,document);\n\/* ]]> *\/\n<\/script>\n","description":"An Falschparker, die mit ihrem Auto in zweiter Reihe auf der Fahrbahn stehen oder den Rad- und Fu\u00dfwege blockieren, haben sich St\u00e4dter schon fast gew\u00f6hnt. Dennoch bleibt das Blockieren von Wegen l\u00e4stig und \u00e4rgerlich. Manchmal ist es sogar gef\u00e4hrlich, etwa dann, wenn das Hindernis Fu\u00dfg\u00e4nger und Radfahrer dazu zwingt, auf den Radweg oder die Fahrbahn [&hellip;]"}

An Falschparker, die mit ihrem Auto in zweiter Reihe auf der Fahrbahn stehen oder den Rad- und Fußwege blockieren, haben sich Städter schon fast gewöhnt. Dennoch bleibt das Blockieren von Wegen lästig und ärgerlich. Manchmal ist es sogar gefährlich, etwa dann, wenn das Hindernis Fußgänger und Radfahrer dazu zwingt, auf den Radweg oder die Fahrbahn [&hellip;]
