{"version":"1.0","provider_name":"Filter","provider_url":"https:\/\/blog.zeit.de\/filter","author_name":"Nele Heinevetter","author_url":"https:\/\/blog.zeit.de\/filter\/author\/nele-heinevetter\/","title":"Krawall am Deutschen Theater - Filter","type":"rich","width":600,"height":338,"html":"<blockquote class=\"wp-embedded-content\" data-secret=\"aW5MJw6Giv\"><a href=\"https:\/\/blog.zeit.de\/filter\/2011\/01\/20\/die-weber\/\">Krawall am Deutschen Theater<\/a><\/blockquote><iframe sandbox=\"allow-scripts\" security=\"restricted\" src=\"https:\/\/blog.zeit.de\/filter\/2011\/01\/20\/die-weber\/embed\/#?secret=aW5MJw6Giv\" width=\"600\" height=\"338\" title=\"&#8222;Krawall am Deutschen Theater&#8220; &#8212; Filter\" data-secret=\"aW5MJw6Giv\" frameborder=\"0\" marginwidth=\"0\" marginheight=\"0\" scrolling=\"no\" class=\"wp-embedded-content\"><\/iframe><script type=\"text\/javascript\">\n\/* <![CDATA[ *\/\n\/*! This file is auto-generated *\/\n!function(d,l){\"use strict\";l.querySelector&&d.addEventListener&&\"undefined\"!=typeof URL&&(d.wp=d.wp||{},d.wp.receiveEmbedMessage||(d.wp.receiveEmbedMessage=function(e){var t=e.data;if((t||t.secret||t.message||t.value)&&!\/[^a-zA-Z0-9]\/.test(t.secret)){for(var s,r,n,a=l.querySelectorAll('iframe[data-secret=\"'+t.secret+'\"]'),o=l.querySelectorAll('blockquote[data-secret=\"'+t.secret+'\"]'),c=new RegExp(\"^https?:$\",\"i\"),i=0;i<o.length;i++)o[i].style.display=\"none\";for(i=0;i<a.length;i++)s=a[i],e.source===s.contentWindow&&(s.removeAttribute(\"style\"),\"height\"===t.message?(1e3<(r=parseInt(t.value,10))?r=1e3:~~r<200&&(r=200),s.height=r):\"link\"===t.message&&(r=new URL(s.getAttribute(\"src\")),n=new URL(t.value),c.test(n.protocol))&&n.host===r.host&&l.activeElement===s&&(d.top.location.href=t.value))}},d.addEventListener(\"message\",d.wp.receiveEmbedMessage,!1),l.addEventListener(\"DOMContentLoaded\",function(){for(var e,t,s=l.querySelectorAll(\"iframe.wp-embedded-content\"),r=0;r<s.length;r++)(t=(e=s[r]).getAttribute(\"data-secret\"))||(t=Math.random().toString(36).substring(2,12),e.src+=\"#?secret=\"+t,e.setAttribute(\"data-secret\",t)),e.contentWindow.postMessage({message:\"ready\",secret:t},\"*\")},!1)))}(window,document);\n\/* ]]> *\/\n<\/script>\n","description":"Michael Thalheimer inszeniert Die Weber. In seinem sozialen Drama Die Weber (1892) rekonstruiert\u00a0Gerhart Hauptmann den Weberaufstand von 1844 und das ist eine blutige Angelegenheit: Industrialisierung und Import haben die L\u00f6hne der Weber in den Keller getrieben. Als der Fabrikant Drei\u00dfiger und sein Angestellter die Geh\u00e4lter erneut reduzieren wollen, sehen die Weber nur einen Ausweg aus [&hellip;]","thumbnail_url":"https:\/\/blog.zeit.de\/filter\/files\/2011\/01\/Weber.jpg"}

Michael Thalheimer inszeniert Die Weber. In seinem sozialen Drama Die Weber (1892) rekonstruiert Gerhart Hauptmann den Weberaufstand von 1844 und das ist eine blutige Angelegenheit: Industrialisierung und Import haben die Löhne der Weber in den Keller getrieben. Als der Fabrikant Dreißiger und sein Angestellter die Gehälter erneut reduzieren wollen, sehen die Weber nur einen Ausweg aus [&hellip;]
