{"version":"1.0","provider_name":"Filter","provider_url":"https:\/\/blog.zeit.de\/filter","author_name":"Nele Heinevetter","author_url":"https:\/\/blog.zeit.de\/filter\/author\/nele-heinevetter\/","title":"Sam Lewitt in der Galerie Daniel Buchholz - Filter","type":"rich","width":600,"height":338,"html":"<blockquote class=\"wp-embedded-content\" data-secret=\"xHHjeV6CU6\"><a href=\"https:\/\/blog.zeit.de\/filter\/2011\/02\/11\/sam-lewitt\/\">Sam Lewitt in der Galerie Daniel Buchholz<\/a><\/blockquote><iframe sandbox=\"allow-scripts\" security=\"restricted\" src=\"https:\/\/blog.zeit.de\/filter\/2011\/02\/11\/sam-lewitt\/embed\/#?secret=xHHjeV6CU6\" width=\"600\" height=\"338\" title=\"&#8222;Sam Lewitt in der Galerie Daniel Buchholz&#8220; &#8212; Filter\" data-secret=\"xHHjeV6CU6\" frameborder=\"0\" marginwidth=\"0\" marginheight=\"0\" scrolling=\"no\" class=\"wp-embedded-content\"><\/iframe><script type=\"text\/javascript\">\n\/* <![CDATA[ *\/\n\/*! This file is auto-generated *\/\n!function(d,l){\"use strict\";l.querySelector&&d.addEventListener&&\"undefined\"!=typeof URL&&(d.wp=d.wp||{},d.wp.receiveEmbedMessage||(d.wp.receiveEmbedMessage=function(e){var t=e.data;if((t||t.secret||t.message||t.value)&&!\/[^a-zA-Z0-9]\/.test(t.secret)){for(var s,r,n,a=l.querySelectorAll('iframe[data-secret=\"'+t.secret+'\"]'),o=l.querySelectorAll('blockquote[data-secret=\"'+t.secret+'\"]'),c=new RegExp(\"^https?:$\",\"i\"),i=0;i<o.length;i++)o[i].style.display=\"none\";for(i=0;i<a.length;i++)s=a[i],e.source===s.contentWindow&&(s.removeAttribute(\"style\"),\"height\"===t.message?(1e3<(r=parseInt(t.value,10))?r=1e3:~~r<200&&(r=200),s.height=r):\"link\"===t.message&&(r=new URL(s.getAttribute(\"src\")),n=new URL(t.value),c.test(n.protocol))&&n.host===r.host&&l.activeElement===s&&(d.top.location.href=t.value))}},d.addEventListener(\"message\",d.wp.receiveEmbedMessage,!1),l.addEventListener(\"DOMContentLoaded\",function(){for(var e,t,s=l.querySelectorAll(\"iframe.wp-embedded-content\"),r=0;r<s.length;r++)(t=(e=s[r]).getAttribute(\"data-secret\"))||(t=Math.random().toString(36).substring(2,12),e.src+=\"#?secret=\"+t,e.setAttribute(\"data-secret\",t)),e.contentWindow.postMessage({message:\"ready\",secret:t},\"*\")},!1)))}(window,document);\n\/* ]]> *\/\n<\/script>\n","description":"Die Einzelausstellung 0110_Universal-City_1010 fordert den Betrachter. Den jungen amerikanischen K\u00fcnstler Sam Lewitt besch\u00e4ftigen die Schnittstellen zwischen Technik und Sprache, Pr\u00e4sentationsmodi und Produktionslogiken. Die ausgestellten Prints basieren zum einen auf Bestandteilen zur Anordnung beweglicher Letter wie sie in Hochdruckvorlagen zum Einsatz kommen. Zum Anderen verarbeitet Lewitt in der New York Times abgedruckte Werbeanzeigen f\u00fcr Armbanduhren, die [&hellip;]","thumbnail_url":"https:\/\/blog.zeit.de\/filter\/files\/2011\/02\/paper.jpg"}

Die Einzelausstellung 0110_Universal-City_1010 fordert den Betrachter. Den jungen amerikanischen Künstler Sam Lewitt beschäftigen die Schnittstellen zwischen Technik und Sprache, Präsentationsmodi und Produktionslogiken. Die ausgestellten Prints basieren zum einen auf Bestandteilen zur Anordnung beweglicher Letter wie sie in Hochdruckvorlagen zum Einsatz kommen. Zum Anderen verarbeitet Lewitt in der New York Times abgedruckte Werbeanzeigen für Armbanduhren, die [&hellip;]
