{"version":"1.0","provider_name":"Gr\u00fcne Gesch\u00e4fte","provider_url":"https:\/\/blog.zeit.de\/gruenegeschaefte","author_name":"Marlies Uken","author_url":"https:\/\/blog.zeit.de\/gruenegeschaefte\/author\/marlies-uken\/","title":"Die \"Lex E.On\" und der Klimagipfel - Gr\u00fcne Gesch\u00e4fte","type":"rich","width":600,"height":338,"html":"<blockquote class=\"wp-embedded-content\" data-secret=\"rfohetVEKB\"><a href=\"https:\/\/blog.zeit.de\/gruenegeschaefte\/2009\/12\/18\/die-lex-e-on-und-der-klimagipfel\/\">Die &#8222;Lex E.On&#8220; und der Klimagipfel<\/a><\/blockquote><iframe sandbox=\"allow-scripts\" security=\"restricted\" src=\"https:\/\/blog.zeit.de\/gruenegeschaefte\/2009\/12\/18\/die-lex-e-on-und-der-klimagipfel\/embed\/#?secret=rfohetVEKB\" width=\"600\" height=\"338\" title=\"&#8222;Die &#8222;Lex E.On&#8220; und der Klimagipfel&#8220; &#8212; Gr\u00fcne Gesch\u00e4fte\" data-secret=\"rfohetVEKB\" frameborder=\"0\" marginwidth=\"0\" marginheight=\"0\" scrolling=\"no\" class=\"wp-embedded-content\"><\/iframe><script type=\"text\/javascript\">\n\/* <![CDATA[ *\/\n\/*! This file is auto-generated *\/\n!function(d,l){\"use strict\";l.querySelector&&d.addEventListener&&\"undefined\"!=typeof URL&&(d.wp=d.wp||{},d.wp.receiveEmbedMessage||(d.wp.receiveEmbedMessage=function(e){var t=e.data;if((t||t.secret||t.message||t.value)&&!\/[^a-zA-Z0-9]\/.test(t.secret)){for(var s,r,n,a=l.querySelectorAll('iframe[data-secret=\"'+t.secret+'\"]'),o=l.querySelectorAll('blockquote[data-secret=\"'+t.secret+'\"]'),c=new RegExp(\"^https?:$\",\"i\"),i=0;i<o.length;i++)o[i].style.display=\"none\";for(i=0;i<a.length;i++)s=a[i],e.source===s.contentWindow&&(s.removeAttribute(\"style\"),\"height\"===t.message?(1e3<(r=parseInt(t.value,10))?r=1e3:~~r<200&&(r=200),s.height=r):\"link\"===t.message&&(r=new URL(s.getAttribute(\"src\")),n=new URL(t.value),c.test(n.protocol))&&n.host===r.host&&l.activeElement===s&&(d.top.location.href=t.value))}},d.addEventListener(\"message\",d.wp.receiveEmbedMessage,!1),l.addEventListener(\"DOMContentLoaded\",function(){for(var e,t,s=l.querySelectorAll(\"iframe.wp-embedded-content\"),r=0;r<s.length;r++)(t=(e=s[r]).getAttribute(\"data-secret\"))||(t=Math.random().toString(36).substring(2,12),e.src+=\"#?secret=\"+t,e.setAttribute(\"data-secret\",t)),e.contentWindow.postMessage({message:\"ready\",secret:t},\"*\")},!1)))}(window,document);\n\/* ]]> *\/\n<\/script>\n","description":"Rund 720 Kilometer liegen Kopenhagen und D\u00fcsseldorf auseinander. Was die Klimapolitik angeht, scheinen es dagegen Lichtjahre zu sein. Anders l\u00e4sst sich kaum die gestrige Entscheidung des D\u00fcsseldorfer Landtags erkl\u00e4ren, den Paragraphen 26 aus ihrem Landesentwicklungsprogramm zu streichen. Er bildete bislang die landesplanerischen Grundlage f\u00fcr den Ausbau der erneuerbaren Energien und gab den regenerativen Energien Vorrang. [&hellip;]"}

Grüne Geschäfte

Die "Lex E.On" und der Klimagipfel - Grüne Geschäfte

<blockquote class="wp-embedded-content" data-secret="rfohetVEKB"><a href="https://blog.zeit.de/gruenegeschaefte/2009/12/18/die-lex-e-on-und-der-klimagipfel/">Die &#8222;Lex E.On&#8220; und der Klimagipfel</a></blockquote><iframe sandbox="allow-scripts" security="restricted" src="https://blog.zeit.de/gruenegeschaefte/2009/12/18/die-lex-e-on-und-der-klimagipfel/embed/#?secret=rfohetVEKB" width="600" height="338" title="&#8222;Die &#8222;Lex E.On&#8220; und der Klimagipfel&#8220; &#8212; Grüne Geschäfte" data-secret="rfohetVEKB" frameborder="0" marginwidth="0" marginheight="0" scrolling="no" class="wp-embedded-content"></iframe><script type="text/javascript">
/* <![CDATA[ */
/*! This file is auto-generated */
!function(d,l){"use strict";l.querySelector&&d.addEventListener&&"undefined"!=typeof URL&&(d.wp=d.wp||{},d.wp.receiveEmbedMessage||(d.wp.receiveEmbedMessage=function(e){var t=e.data;if((t||t.secret||t.message||t.value)&&!/[^a-zA-Z0-9]/.test(t.secret)){for(var s,r,n,a=l.querySelectorAll('iframe[data-secret="'+t.secret+'"]'),o=l.querySelectorAll('blockquote[data-secret="'+t.secret+'"]'),c=new RegExp("^https?:$","i"),i=0;i<o.length;i++)o[i].style.display="none";for(i=0;i<a.length;i++)s=a[i],e.source===s.contentWindow&&(s.removeAttribute("style"),"height"===t.message?(1e3<(r=parseInt(t.value,10))?r=1e3:~~r<200&&(r=200),s.height=r):"link"===t.message&&(r=new URL(s.getAttribute("src")),n=new URL(t.value),c.test(n.protocol))&&n.host===r.host&&l.activeElement===s&&(d.top.location.href=t.value))}},d.addEventListener("message",d.wp.receiveEmbedMessage,!1),l.addEventListener("DOMContentLoaded",function(){for(var e,t,s=l.querySelectorAll("iframe.wp-embedded-content"),r=0;r<s.length;r++)(t=(e=s[r]).getAttribute("data-secret"))||(t=Math.random().toString(36).substring(2,12),e.src+="#?secret="+t,e.setAttribute("data-secret",t)),e.contentWindow.postMessage({message:"ready",secret:t},"*")},!1)))}(window,document);
/* ]]> */
</script>

Rund 720 Kilometer liegen Kopenhagen und Düsseldorf auseinander. Was die Klimapolitik angeht, scheinen es dagegen Lichtjahre zu sein. Anders lässt sich kaum die gestrige Entscheidung des Düsseldorfer Landtags erklären, den Paragraphen 26 aus ihrem Landesentwicklungsprogramm zu streichen. Er bildete bislang die landesplanerischen Grundlage für den Ausbau der erneuerbaren Energien und gab den regenerativen Energien Vorrang. [&hellip;]
