{"version":"1.0","provider_name":"Gr\u00fcne Gesch\u00e4fte","provider_url":"https:\/\/blog.zeit.de\/gruenegeschaefte","author_name":"Marlies Uken","author_url":"https:\/\/blog.zeit.de\/gruenegeschaefte\/author\/marlies-uken\/","title":"Immer weniger Deutsche d\u00e4mmen ihr Haus - Gr\u00fcne Gesch\u00e4fte","type":"rich","width":600,"height":338,"html":"<blockquote class=\"wp-embedded-content\" data-secret=\"TibFw4AWjm\"><a href=\"https:\/\/blog.zeit.de\/gruenegeschaefte\/2011\/08\/24\/immer-weniger-deutsche-dammen-ihr-haus\/\">Immer weniger Deutsche d\u00e4mmen ihr Haus<\/a><\/blockquote><iframe sandbox=\"allow-scripts\" security=\"restricted\" src=\"https:\/\/blog.zeit.de\/gruenegeschaefte\/2011\/08\/24\/immer-weniger-deutsche-dammen-ihr-haus\/embed\/#?secret=TibFw4AWjm\" width=\"600\" height=\"338\" title=\"&#8222;Immer weniger Deutsche d\u00e4mmen ihr Haus&#8220; &#8212; Gr\u00fcne Gesch\u00e4fte\" data-secret=\"TibFw4AWjm\" frameborder=\"0\" marginwidth=\"0\" marginheight=\"0\" scrolling=\"no\" class=\"wp-embedded-content\"><\/iframe><script type=\"text\/javascript\">\n\/* <![CDATA[ *\/\n\/*! This file is auto-generated *\/\n!function(d,l){\"use strict\";l.querySelector&&d.addEventListener&&\"undefined\"!=typeof URL&&(d.wp=d.wp||{},d.wp.receiveEmbedMessage||(d.wp.receiveEmbedMessage=function(e){var t=e.data;if((t||t.secret||t.message||t.value)&&!\/[^a-zA-Z0-9]\/.test(t.secret)){for(var s,r,n,a=l.querySelectorAll('iframe[data-secret=\"'+t.secret+'\"]'),o=l.querySelectorAll('blockquote[data-secret=\"'+t.secret+'\"]'),c=new RegExp(\"^https?:$\",\"i\"),i=0;i<o.length;i++)o[i].style.display=\"none\";for(i=0;i<a.length;i++)s=a[i],e.source===s.contentWindow&&(s.removeAttribute(\"style\"),\"height\"===t.message?(1e3<(r=parseInt(t.value,10))?r=1e3:~~r<200&&(r=200),s.height=r):\"link\"===t.message&&(r=new URL(s.getAttribute(\"src\")),n=new URL(t.value),c.test(n.protocol))&&n.host===r.host&&l.activeElement===s&&(d.top.location.href=t.value))}},d.addEventListener(\"message\",d.wp.receiveEmbedMessage,!1),l.addEventListener(\"DOMContentLoaded\",function(){for(var e,t,s=l.querySelectorAll(\"iframe.wp-embedded-content\"),r=0;r<s.length;r++)(t=(e=s[r]).getAttribute(\"data-secret\"))||(t=Math.random().toString(36).substring(2,12),e.src+=\"#?secret=\"+t,e.setAttribute(\"data-secret\",t)),e.contentWindow.postMessage({message:\"ready\",secret:t},\"*\")},!1)))}(window,document);\n\/* ]]> *\/\n<\/script>\n","description":"Sind es die Nachwirkungen der Wirtschaftskrise? Die fehlenden, steuerlichen Anreize? Eine allgemeine Verunsicherung? Die Sanierungsrate von H\u00e4usern ist in 2011 im Vergleich zum Vorjahr um die H\u00e4lfte zur\u00fcckgegangen, sch\u00e4tzt die Deutsche Energie-Agentur. Das sind keine guten Nachrichten. Denn gerade im Geb\u00e4udesektor gibt es ein enormes Potenzial, CO2-Emissionen zu mindern, er ist f\u00fcr etwa 40 Prozent [&hellip;]"}

Grüne Geschäfte

Immer weniger Deutsche dämmen ihr Haus - Grüne Geschäfte

<blockquote class="wp-embedded-content" data-secret="TibFw4AWjm"><a href="https://blog.zeit.de/gruenegeschaefte/2011/08/24/immer-weniger-deutsche-dammen-ihr-haus/">Immer weniger Deutsche dämmen ihr Haus</a></blockquote><iframe sandbox="allow-scripts" security="restricted" src="https://blog.zeit.de/gruenegeschaefte/2011/08/24/immer-weniger-deutsche-dammen-ihr-haus/embed/#?secret=TibFw4AWjm" width="600" height="338" title="&#8222;Immer weniger Deutsche dämmen ihr Haus&#8220; &#8212; Grüne Geschäfte" data-secret="TibFw4AWjm" frameborder="0" marginwidth="0" marginheight="0" scrolling="no" class="wp-embedded-content"></iframe><script type="text/javascript">
/* <![CDATA[ */
/*! This file is auto-generated */
!function(d,l){"use strict";l.querySelector&&d.addEventListener&&"undefined"!=typeof URL&&(d.wp=d.wp||{},d.wp.receiveEmbedMessage||(d.wp.receiveEmbedMessage=function(e){var t=e.data;if((t||t.secret||t.message||t.value)&&!/[^a-zA-Z0-9]/.test(t.secret)){for(var s,r,n,a=l.querySelectorAll('iframe[data-secret="'+t.secret+'"]'),o=l.querySelectorAll('blockquote[data-secret="'+t.secret+'"]'),c=new RegExp("^https?:$","i"),i=0;i<o.length;i++)o[i].style.display="none";for(i=0;i<a.length;i++)s=a[i],e.source===s.contentWindow&&(s.removeAttribute("style"),"height"===t.message?(1e3<(r=parseInt(t.value,10))?r=1e3:~~r<200&&(r=200),s.height=r):"link"===t.message&&(r=new URL(s.getAttribute("src")),n=new URL(t.value),c.test(n.protocol))&&n.host===r.host&&l.activeElement===s&&(d.top.location.href=t.value))}},d.addEventListener("message",d.wp.receiveEmbedMessage,!1),l.addEventListener("DOMContentLoaded",function(){for(var e,t,s=l.querySelectorAll("iframe.wp-embedded-content"),r=0;r<s.length;r++)(t=(e=s[r]).getAttribute("data-secret"))||(t=Math.random().toString(36).substring(2,12),e.src+="#?secret="+t,e.setAttribute("data-secret",t)),e.contentWindow.postMessage({message:"ready",secret:t},"*")},!1)))}(window,document);
/* ]]> */
</script>

Sind es die Nachwirkungen der Wirtschaftskrise? Die fehlenden, steuerlichen Anreize? Eine allgemeine Verunsicherung? Die Sanierungsrate von Häusern ist in 2011 im Vergleich zum Vorjahr um die Hälfte zurückgegangen, schätzt die Deutsche Energie-Agentur. Das sind keine guten Nachrichten. Denn gerade im Gebäudesektor gibt es ein enormes Potenzial, CO2-Emissionen zu mindern, er ist für etwa 40 Prozent [&hellip;]
