{"version":"1.0","provider_name":"Gr\u00fcne Gesch\u00e4fte","provider_url":"https:\/\/blog.zeit.de\/gruenegeschaefte","author_name":"Dagmar Dehmer","author_url":"https:\/\/blog.zeit.de\/gruenegeschaefte\/author\/ddehmer\/","title":"Der Sieg der Kettens\u00e4ge - Gr\u00fcne Gesch\u00e4fte","type":"rich","width":600,"height":338,"html":"<blockquote class=\"wp-embedded-content\" data-secret=\"lBtiSBarZT\"><a href=\"https:\/\/blog.zeit.de\/gruenegeschaefte\/2012\/04\/27\/der-sieg-der-kettensage\/\">Der Sieg der Kettens\u00e4ge<\/a><\/blockquote><iframe sandbox=\"allow-scripts\" security=\"restricted\" src=\"https:\/\/blog.zeit.de\/gruenegeschaefte\/2012\/04\/27\/der-sieg-der-kettensage\/embed\/#?secret=lBtiSBarZT\" width=\"600\" height=\"338\" title=\"&#8222;Der Sieg der Kettens\u00e4ge&#8220; &#8212; Gr\u00fcne Gesch\u00e4fte\" data-secret=\"lBtiSBarZT\" frameborder=\"0\" marginwidth=\"0\" marginheight=\"0\" scrolling=\"no\" class=\"wp-embedded-content\"><\/iframe><script type=\"text\/javascript\">\n\/* <![CDATA[ *\/\n\/*! This file is auto-generated *\/\n!function(d,l){\"use strict\";l.querySelector&&d.addEventListener&&\"undefined\"!=typeof URL&&(d.wp=d.wp||{},d.wp.receiveEmbedMessage||(d.wp.receiveEmbedMessage=function(e){var t=e.data;if((t||t.secret||t.message||t.value)&&!\/[^a-zA-Z0-9]\/.test(t.secret)){for(var s,r,n,a=l.querySelectorAll('iframe[data-secret=\"'+t.secret+'\"]'),o=l.querySelectorAll('blockquote[data-secret=\"'+t.secret+'\"]'),c=new RegExp(\"^https?:$\",\"i\"),i=0;i<o.length;i++)o[i].style.display=\"none\";for(i=0;i<a.length;i++)s=a[i],e.source===s.contentWindow&&(s.removeAttribute(\"style\"),\"height\"===t.message?(1e3<(r=parseInt(t.value,10))?r=1e3:~~r<200&&(r=200),s.height=r):\"link\"===t.message&&(r=new URL(s.getAttribute(\"src\")),n=new URL(t.value),c.test(n.protocol))&&n.host===r.host&&l.activeElement===s&&(d.top.location.href=t.value))}},d.addEventListener(\"message\",d.wp.receiveEmbedMessage,!1),l.addEventListener(\"DOMContentLoaded\",function(){for(var e,t,s=l.querySelectorAll(\"iframe.wp-embedded-content\"),r=0;r<s.length;r++)(t=(e=s[r]).getAttribute(\"data-secret\"))||(t=Math.random().toString(36).substring(2,12),e.src+=\"#?secret=\"+t,e.setAttribute(\"data-secret\",t)),e.contentWindow.postMessage({message:\"ready\",secret:t},\"*\")},!1)))}(window,document);\n\/* ]]> *\/\n<\/script>\n","description":"Das Timing ist geradezu un\u00fcbertroffen. Im vergangenen Dezember hat der brasilianische Senat dem umstrittenen neuen Waldgesetz zugestimmt. Und in der Nacht von Mittwoch auf Donnerstag hat das brasilianische Unterhaus das Waldgesetz, das ihn nun viel weniger sch\u00fctzen soll, nach einer hitzigen achtst\u00fcndigen Debatte mit 274 zu 184 Stimmen gebilligt. Und das knapp zwei Monate vor [&hellip;]","thumbnail_url":"https:\/\/blog.zeit.de\/gruenegeschaefte\/files\/2012\/04\/wald-300x199.jpg"}

Grüne Geschäfte

Der Sieg der Kettensäge - Grüne Geschäfte

<blockquote class="wp-embedded-content" data-secret="lBtiSBarZT"><a href="https://blog.zeit.de/gruenegeschaefte/2012/04/27/der-sieg-der-kettensage/">Der Sieg der Kettensäge</a></blockquote><iframe sandbox="allow-scripts" security="restricted" src="https://blog.zeit.de/gruenegeschaefte/2012/04/27/der-sieg-der-kettensage/embed/#?secret=lBtiSBarZT" width="600" height="338" title="&#8222;Der Sieg der Kettensäge&#8220; &#8212; Grüne Geschäfte" data-secret="lBtiSBarZT" frameborder="0" marginwidth="0" marginheight="0" scrolling="no" class="wp-embedded-content"></iframe><script type="text/javascript">
/* <![CDATA[ */
/*! This file is auto-generated */
!function(d,l){"use strict";l.querySelector&&d.addEventListener&&"undefined"!=typeof URL&&(d.wp=d.wp||{},d.wp.receiveEmbedMessage||(d.wp.receiveEmbedMessage=function(e){var t=e.data;if((t||t.secret||t.message||t.value)&&!/[^a-zA-Z0-9]/.test(t.secret)){for(var s,r,n,a=l.querySelectorAll('iframe[data-secret="'+t.secret+'"]'),o=l.querySelectorAll('blockquote[data-secret="'+t.secret+'"]'),c=new RegExp("^https?:$","i"),i=0;i<o.length;i++)o[i].style.display="none";for(i=0;i<a.length;i++)s=a[i],e.source===s.contentWindow&&(s.removeAttribute("style"),"height"===t.message?(1e3<(r=parseInt(t.value,10))?r=1e3:~~r<200&&(r=200),s.height=r):"link"===t.message&&(r=new URL(s.getAttribute("src")),n=new URL(t.value),c.test(n.protocol))&&n.host===r.host&&l.activeElement===s&&(d.top.location.href=t.value))}},d.addEventListener("message",d.wp.receiveEmbedMessage,!1),l.addEventListener("DOMContentLoaded",function(){for(var e,t,s=l.querySelectorAll("iframe.wp-embedded-content"),r=0;r<s.length;r++)(t=(e=s[r]).getAttribute("data-secret"))||(t=Math.random().toString(36).substring(2,12),e.src+="#?secret="+t,e.setAttribute("data-secret",t)),e.contentWindow.postMessage({message:"ready",secret:t},"*")},!1)))}(window,document);
/* ]]> */
</script>

Das Timing ist geradezu unübertroffen. Im vergangenen Dezember hat der brasilianische Senat dem umstrittenen neuen Waldgesetz zugestimmt. Und in der Nacht von Mittwoch auf Donnerstag hat das brasilianische Unterhaus das Waldgesetz, das ihn nun viel weniger schützen soll, nach einer hitzigen achtstündigen Debatte mit 274 zu 184 Stimmen gebilligt. Und das knapp zwei Monate vor [&hellip;]
