{"id":448,"date":"2010-02-04T11:07:05","date_gmt":"2010-02-04T10:07:05","guid":{"rendered":"http:\/\/blog.zeit.de\/gruenegeschaefte\/?page_id=448"},"modified":"2014-10-30T15:10:43","modified_gmt":"2014-10-30T14:10:43","slug":"die-autorin","status":"publish","type":"page","link":"https:\/\/blog.zeit.de\/gruenegeschaefte\/die-autorin\/","title":{"rendered":"Die Autorin"},"content":{"rendered":"<p>&nbsp;<\/p>\n<p><figure id=\"attachment_2155\" aria-describedby=\"caption-attachment-2155\" style=\"width: 150px\" class=\"wp-caption alignleft\"><a href=\"https:\/\/blog.zeit.de\/gruenegeschaefte\/files\/2010\/02\/IMG_00391-180x240.jpg\"><img loading=\"lazy\" decoding=\"async\" class=\"size-thumbnail wp-image-2155\" src=\"https:\/\/blog.zeit.de\/gruenegeschaefte\/files\/2010\/02\/IMG_00391-180x240-150x150.jpg\" alt=\"Marlies Uken \u00a9 Privat\" width=\"150\" height=\"150\" \/><\/a><figcaption id=\"caption-attachment-2155\" class=\"wp-caption-text\">Marlies Uken \u00a9 Privat<\/figcaption><\/figure><\/p>\n<p><strong>Marlies Uken<\/strong>, Jahrgang 1977, arbeitet im Wirtschaftsressort von ZEIT ONLINE und als freie Journalistin f\u00fcr verschiedene Publikationen wie etwa MARE. Sie hat Volkswirtschaftslehre und Politik in K\u00f6ln und Prag studiert und die K\u00f6lner Journalistenschule f\u00fcr Politik und Wirtschaft besucht. Nach Zwischenstopps in New York, Shanghai und Hamburg lebt sie inzwischen in Berlin.<\/p>\n<p>&nbsp;<\/p>\n<p>&nbsp;<\/p>\n<p>&nbsp;<\/p>\n<p>&nbsp;<\/p>\n<p><strong>\u00a0<\/strong><\/p>\n","protected":false},"excerpt":{"rendered":"<p>&nbsp; Marlies Uken, Jahrgang 1977, arbeitet im Wirtschaftsressort von ZEIT ONLINE und als freie Journalistin f\u00fcr verschiedene Publikationen wie etwa MARE. Sie hat Volkswirtschaftslehre und Politik in K\u00f6ln und Prag studiert und die K\u00f6lner Journalistenschule f\u00fcr Politik und Wirtschaft besucht. Nach Zwischenstopps in New York, Shanghai und Hamburg lebt sie inzwischen in Berlin. &nbsp; &nbsp; [&hellip;]<\/p>\n","protected":false},"author":196,"featured_media":0,"parent":0,"menu_order":0,"comment_status":"open","ping_status":"open","template":"","meta":{"footnotes":""},"class_list":["post-448","page","type-page","status-publish","hentry"],"yoast_head":"<!-- This site is optimized with the Yoast SEO plugin v21.0 - https:\/\/yoast.com\/wordpress\/plugins\/seo\/ -->\n<title>Die Autorin - Gr\u00fcne Gesch\u00e4fte<\/title>\n<meta name=\"robots\" content=\"index, follow, max-snippet:-1, max-image-preview:large, max-video-preview:-1\" \/>\n<link rel=\"canonical\" href=\"https:\/\/blog.zeit.de\/gruenegeschaefte\/die-autorin\/\" \/>\n<meta property=\"og:locale\" content=\"de_DE\" \/>\n<meta property=\"og:type\" content=\"article\" \/>\n<meta property=\"og:title\" content=\"Die Autorin - Gr\u00fcne Gesch\u00e4fte\" \/>\n<meta property=\"og:description\" content=\"&nbsp; Marlies Uken, Jahrgang 1977, arbeitet im Wirtschaftsressort von ZEIT ONLINE und als freie Journalistin f\u00fcr verschiedene Publikationen wie etwa MARE. Sie hat Volkswirtschaftslehre und Politik in K\u00f6ln und Prag studiert und die K\u00f6lner Journalistenschule f\u00fcr Politik und Wirtschaft besucht. Nach Zwischenstopps in New York, Shanghai und Hamburg lebt sie inzwischen in Berlin. &nbsp; &nbsp; [&hellip;]\" \/>\n<meta property=\"og:url\" content=\"https:\/\/blog.zeit.de\/gruenegeschaefte\/die-autorin\/\" \/>\n<meta property=\"og:site_name\" content=\"Gr\u00fcne Gesch\u00e4fte\" \/>\n<meta property=\"article:modified_time\" content=\"2014-10-30T14:10:43+00:00\" \/>\n<meta property=\"og:image\" content=\"https:\/\/blog.zeit.de\/gruenegeschaefte\/files\/2010\/02\/IMG_00391-180x240-150x150.jpg\" \/>\n<meta name=\"twitter:card\" content=\"summary_large_image\" \/>\n<meta name=\"twitter:site\" content=\"@zeitonline\" \/>\n<script type=\"application\/ld+json\" class=\"yoast-schema-graph\">{\"@context\":\"https:\/\/schema.org\",\"@graph\":[{\"@type\":\"WebPage\",\"@id\":\"https:\/\/blog.zeit.de\/gruenegeschaefte\/die-autorin\/\",\"url\":\"https:\/\/blog.zeit.de\/gruenegeschaefte\/die-autorin\/\",\"name\":\"Die Autorin - Gr\u00fcne Gesch\u00e4fte\",\"isPartOf\":{\"@id\":\"https:\/\/blog.zeit.de\/gruenegeschaefte\/#website\"},\"datePublished\":\"2010-02-04T10:07:05+00:00\",\"dateModified\":\"2014-10-30T14:10:43+00:00\",\"breadcrumb\":{\"@id\":\"https:\/\/blog.zeit.de\/gruenegeschaefte\/die-autorin\/#breadcrumb\"},\"inLanguage\":\"de\",\"potentialAction\":[{\"@type\":\"ReadAction\",\"target\":[\"https:\/\/blog.zeit.de\/gruenegeschaefte\/die-autorin\/\"]}]},{\"@type\":\"BreadcrumbList\",\"@id\":\"https:\/\/blog.zeit.de\/gruenegeschaefte\/die-autorin\/#breadcrumb\",\"itemListElement\":[{\"@type\":\"ListItem\",\"position\":1,\"name\":\"Startseite\",\"item\":\"https:\/\/blog.zeit.de\/gruenegeschaefte\/\"},{\"@type\":\"ListItem\",\"position\":2,\"name\":\"Die Autorin\"}]},{\"@type\":\"WebSite\",\"@id\":\"https:\/\/blog.zeit.de\/gruenegeschaefte\/#website\",\"url\":\"https:\/\/blog.zeit.de\/gruenegeschaefte\/\",\"name\":\"Gr\u00fcne Gesch\u00e4fte\",\"description\":\"Wir k\u00f6nnen&#039;s besser: Das Blog f\u00fcr eine Wirtschaft, die Ressourcen und Klima schont\",\"potentialAction\":[{\"@type\":\"SearchAction\",\"target\":{\"@type\":\"EntryPoint\",\"urlTemplate\":\"https:\/\/blog.zeit.de\/gruenegeschaefte\/?s={search_term_string}\"},\"query-input\":\"required name=search_term_string\"}],\"inLanguage\":\"de\"}]}<\/script>\n<!-- \/ Yoast SEO plugin. -->","yoast_head_json":{"title":"Die Autorin - Gr\u00fcne Gesch\u00e4fte","robots":{"index":"index","follow":"follow","max-snippet":"max-snippet:-1","max-image-preview":"max-image-preview:large","max-video-preview":"max-video-preview:-1"},"canonical":"https:\/\/blog.zeit.de\/gruenegeschaefte\/die-autorin\/","og_locale":"de_DE","og_type":"article","og_title":"Die Autorin - Gr\u00fcne Gesch\u00e4fte","og_description":"&nbsp; Marlies Uken, Jahrgang 1977, arbeitet im Wirtschaftsressort von ZEIT ONLINE und als freie Journalistin f\u00fcr verschiedene Publikationen wie etwa MARE. Sie hat Volkswirtschaftslehre und Politik in K\u00f6ln und Prag studiert und die K\u00f6lner Journalistenschule f\u00fcr Politik und Wirtschaft besucht. Nach Zwischenstopps in New York, Shanghai und Hamburg lebt sie inzwischen in Berlin. &nbsp; &nbsp; [&hellip;]","og_url":"https:\/\/blog.zeit.de\/gruenegeschaefte\/die-autorin\/","og_site_name":"Gr\u00fcne Gesch\u00e4fte","article_modified_time":"2014-10-30T14:10:43+00:00","og_image":[{"url":"https:\/\/blog.zeit.de\/gruenegeschaefte\/files\/2010\/02\/IMG_00391-180x240-150x150.jpg"}],"twitter_card":"summary_large_image","twitter_site":"@zeitonline","schema":{"@context":"https:\/\/schema.org","@graph":[{"@type":"WebPage","@id":"https:\/\/blog.zeit.de\/gruenegeschaefte\/die-autorin\/","url":"https:\/\/blog.zeit.de\/gruenegeschaefte\/die-autorin\/","name":"Die Autorin - Gr\u00fcne Gesch\u00e4fte","isPartOf":{"@id":"https:\/\/blog.zeit.de\/gruenegeschaefte\/#website"},"datePublished":"2010-02-04T10:07:05+00:00","dateModified":"2014-10-30T14:10:43+00:00","breadcrumb":{"@id":"https:\/\/blog.zeit.de\/gruenegeschaefte\/die-autorin\/#breadcrumb"},"inLanguage":"de","potentialAction":[{"@type":"ReadAction","target":["https:\/\/blog.zeit.de\/gruenegeschaefte\/die-autorin\/"]}]},{"@type":"BreadcrumbList","@id":"https:\/\/blog.zeit.de\/gruenegeschaefte\/die-autorin\/#breadcrumb","itemListElement":[{"@type":"ListItem","position":1,"name":"Startseite","item":"https:\/\/blog.zeit.de\/gruenegeschaefte\/"},{"@type":"ListItem","position":2,"name":"Die Autorin"}]},{"@type":"WebSite","@id":"https:\/\/blog.zeit.de\/gruenegeschaefte\/#website","url":"https:\/\/blog.zeit.de\/gruenegeschaefte\/","name":"Gr\u00fcne Gesch\u00e4fte","description":"Wir k\u00f6nnen&#039;s besser: Das Blog f\u00fcr eine Wirtschaft, die Ressourcen und Klima schont","potentialAction":[{"@type":"SearchAction","target":{"@type":"EntryPoint","urlTemplate":"https:\/\/blog.zeit.de\/gruenegeschaefte\/?s={search_term_string}"},"query-input":"required name=search_term_string"}],"inLanguage":"de"}]}},"jetpack_sharing_enabled":true,"_links":{"self":[{"href":"https:\/\/blog.zeit.de\/gruenegeschaefte\/wp-json\/wp\/v2\/pages\/448","targetHints":{"allow":["GET"]}}],"collection":[{"href":"https:\/\/blog.zeit.de\/gruenegeschaefte\/wp-json\/wp\/v2\/pages"}],"about":[{"href":"https:\/\/blog.zeit.de\/gruenegeschaefte\/wp-json\/wp\/v2\/types\/page"}],"author":[{"embeddable":true,"href":"https:\/\/blog.zeit.de\/gruenegeschaefte\/wp-json\/wp\/v2\/users\/196"}],"replies":[{"embeddable":true,"href":"https:\/\/blog.zeit.de\/gruenegeschaefte\/wp-json\/wp\/v2\/comments?post=448"}],"version-history":[{"count":16,"href":"https:\/\/blog.zeit.de\/gruenegeschaefte\/wp-json\/wp\/v2\/pages\/448\/revisions"}],"predecessor-version":[{"id":6957,"href":"https:\/\/blog.zeit.de\/gruenegeschaefte\/wp-json\/wp\/v2\/pages\/448\/revisions\/6957"}],"wp:attachment":[{"href":"https:\/\/blog.zeit.de\/gruenegeschaefte\/wp-json\/wp\/v2\/media?parent=448"}],"curies":[{"name":"wp","href":"https:\/\/api.w.org\/{rel}","templated":true}]}}