{"id":91,"date":"2009-12-01T14:30:32","date_gmt":"2009-12-01T13:30:32","guid":{"rendered":"http:\/\/blog.zeit.de\/gruenegeschaefte\/?page_id=91"},"modified":"2011-05-12T15:21:40","modified_gmt":"2011-05-12T13:21:40","slug":"grune-geschafte","status":"publish","type":"page","link":"https:\/\/blog.zeit.de\/gruenegeschaefte\/grune-geschafte\/","title":{"rendered":"Warum wir&#8217;s besser k\u00f6nnen"},"content":{"rendered":"<p>&nbsp;<br \/>\nFast neun Milliarden Menschen k\u00f6nnten im Jahr 2050 auf dieser Welt leben. Konflikte sind da vorprogrammiert: um Energie, um sauberes Wasser, um wertvolle Rohstoffe, um eine intakte Natur. Umso wichtiger ist es, dass wir jetzt beginnen, besser zu wirtschaften &#8211; auf eine Weise, die Ressourcen und das Klima sch\u00fctzt. Dieses Blog stellt Unternehmen vor, die das schon heute machen und verfolgt Branchentrends. Es verfolgt die Politik und ihre Macher: Welche Ideen helfen, welche behindern den Umbau zu einer gr\u00fcnen Wirtschaft? Und nat\u00fcrlich lebt es auch von Ihren Ideen und Meinungen. Also: Kommentieren Sie gerne mit!<\/p>\n","protected":false},"excerpt":{"rendered":"<p>&nbsp; Fast neun Milliarden Menschen k\u00f6nnten im Jahr 2050 auf dieser Welt leben. Konflikte sind da vorprogrammiert: um Energie, um sauberes Wasser, um wertvolle Rohstoffe, um eine intakte Natur. Umso wichtiger ist es, dass wir jetzt beginnen, besser zu wirtschaften &#8211; auf eine Weise, die Ressourcen und das Klima sch\u00fctzt. Dieses Blog stellt Unternehmen vor, [&hellip;]<\/p>\n","protected":false},"author":196,"featured_media":0,"parent":0,"menu_order":0,"comment_status":"open","ping_status":"open","template":"","meta":{"footnotes":""},"class_list":["post-91","page","type-page","status-publish","hentry"],"yoast_head":"<!-- This site is optimized with the Yoast SEO plugin v21.0 - https:\/\/yoast.com\/wordpress\/plugins\/seo\/ -->\n<title>Warum wir&#039;s besser k\u00f6nnen - Gr\u00fcne Gesch\u00e4fte<\/title>\n<meta name=\"robots\" content=\"index, follow, max-snippet:-1, max-image-preview:large, max-video-preview:-1\" \/>\n<link rel=\"canonical\" href=\"https:\/\/blog.zeit.de\/gruenegeschaefte\/grune-geschafte\/\" \/>\n<meta property=\"og:locale\" content=\"de_DE\" \/>\n<meta property=\"og:type\" content=\"article\" \/>\n<meta property=\"og:title\" content=\"Warum wir&#039;s besser k\u00f6nnen - Gr\u00fcne Gesch\u00e4fte\" \/>\n<meta property=\"og:description\" content=\"&nbsp; Fast neun Milliarden Menschen k\u00f6nnten im Jahr 2050 auf dieser Welt leben. Konflikte sind da vorprogrammiert: um Energie, um sauberes Wasser, um wertvolle Rohstoffe, um eine intakte Natur. Umso wichtiger ist es, dass wir jetzt beginnen, besser zu wirtschaften &#8211; auf eine Weise, die Ressourcen und das Klima sch\u00fctzt. Dieses Blog stellt Unternehmen vor, [&hellip;]\" \/>\n<meta property=\"og:url\" content=\"https:\/\/blog.zeit.de\/gruenegeschaefte\/grune-geschafte\/\" \/>\n<meta property=\"og:site_name\" content=\"Gr\u00fcne Gesch\u00e4fte\" \/>\n<meta property=\"article:modified_time\" content=\"2011-05-12T13:21:40+00:00\" \/>\n<meta name=\"twitter:card\" content=\"summary_large_image\" \/>\n<meta name=\"twitter:site\" content=\"@zeitonline\" \/>\n<script type=\"application\/ld+json\" class=\"yoast-schema-graph\">{\"@context\":\"https:\/\/schema.org\",\"@graph\":[{\"@type\":\"WebPage\",\"@id\":\"https:\/\/blog.zeit.de\/gruenegeschaefte\/grune-geschafte\/\",\"url\":\"https:\/\/blog.zeit.de\/gruenegeschaefte\/grune-geschafte\/\",\"name\":\"Warum wir's besser k\u00f6nnen - Gr\u00fcne Gesch\u00e4fte\",\"isPartOf\":{\"@id\":\"https:\/\/blog.zeit.de\/gruenegeschaefte\/#website\"},\"datePublished\":\"2009-12-01T13:30:32+00:00\",\"dateModified\":\"2011-05-12T13:21:40+00:00\",\"breadcrumb\":{\"@id\":\"https:\/\/blog.zeit.de\/gruenegeschaefte\/grune-geschafte\/#breadcrumb\"},\"inLanguage\":\"de\",\"potentialAction\":[{\"@type\":\"ReadAction\",\"target\":[\"https:\/\/blog.zeit.de\/gruenegeschaefte\/grune-geschafte\/\"]}]},{\"@type\":\"BreadcrumbList\",\"@id\":\"https:\/\/blog.zeit.de\/gruenegeschaefte\/grune-geschafte\/#breadcrumb\",\"itemListElement\":[{\"@type\":\"ListItem\",\"position\":1,\"name\":\"Startseite\",\"item\":\"https:\/\/blog.zeit.de\/gruenegeschaefte\/\"},{\"@type\":\"ListItem\",\"position\":2,\"name\":\"Warum wir&#8217;s besser k\u00f6nnen\"}]},{\"@type\":\"WebSite\",\"@id\":\"https:\/\/blog.zeit.de\/gruenegeschaefte\/#website\",\"url\":\"https:\/\/blog.zeit.de\/gruenegeschaefte\/\",\"name\":\"Gr\u00fcne Gesch\u00e4fte\",\"description\":\"Wir k\u00f6nnen&#039;s besser: Das Blog f\u00fcr eine Wirtschaft, die Ressourcen und Klima schont\",\"potentialAction\":[{\"@type\":\"SearchAction\",\"target\":{\"@type\":\"EntryPoint\",\"urlTemplate\":\"https:\/\/blog.zeit.de\/gruenegeschaefte\/?s={search_term_string}\"},\"query-input\":\"required name=search_term_string\"}],\"inLanguage\":\"de\"}]}<\/script>\n<!-- \/ Yoast SEO plugin. -->","yoast_head_json":{"title":"Warum wir's besser k\u00f6nnen - Gr\u00fcne Gesch\u00e4fte","robots":{"index":"index","follow":"follow","max-snippet":"max-snippet:-1","max-image-preview":"max-image-preview:large","max-video-preview":"max-video-preview:-1"},"canonical":"https:\/\/blog.zeit.de\/gruenegeschaefte\/grune-geschafte\/","og_locale":"de_DE","og_type":"article","og_title":"Warum wir's besser k\u00f6nnen - Gr\u00fcne Gesch\u00e4fte","og_description":"&nbsp; Fast neun Milliarden Menschen k\u00f6nnten im Jahr 2050 auf dieser Welt leben. Konflikte sind da vorprogrammiert: um Energie, um sauberes Wasser, um wertvolle Rohstoffe, um eine intakte Natur. Umso wichtiger ist es, dass wir jetzt beginnen, besser zu wirtschaften &#8211; auf eine Weise, die Ressourcen und das Klima sch\u00fctzt. Dieses Blog stellt Unternehmen vor, [&hellip;]","og_url":"https:\/\/blog.zeit.de\/gruenegeschaefte\/grune-geschafte\/","og_site_name":"Gr\u00fcne Gesch\u00e4fte","article_modified_time":"2011-05-12T13:21:40+00:00","twitter_card":"summary_large_image","twitter_site":"@zeitonline","schema":{"@context":"https:\/\/schema.org","@graph":[{"@type":"WebPage","@id":"https:\/\/blog.zeit.de\/gruenegeschaefte\/grune-geschafte\/","url":"https:\/\/blog.zeit.de\/gruenegeschaefte\/grune-geschafte\/","name":"Warum wir's besser k\u00f6nnen - Gr\u00fcne Gesch\u00e4fte","isPartOf":{"@id":"https:\/\/blog.zeit.de\/gruenegeschaefte\/#website"},"datePublished":"2009-12-01T13:30:32+00:00","dateModified":"2011-05-12T13:21:40+00:00","breadcrumb":{"@id":"https:\/\/blog.zeit.de\/gruenegeschaefte\/grune-geschafte\/#breadcrumb"},"inLanguage":"de","potentialAction":[{"@type":"ReadAction","target":["https:\/\/blog.zeit.de\/gruenegeschaefte\/grune-geschafte\/"]}]},{"@type":"BreadcrumbList","@id":"https:\/\/blog.zeit.de\/gruenegeschaefte\/grune-geschafte\/#breadcrumb","itemListElement":[{"@type":"ListItem","position":1,"name":"Startseite","item":"https:\/\/blog.zeit.de\/gruenegeschaefte\/"},{"@type":"ListItem","position":2,"name":"Warum wir&#8217;s besser k\u00f6nnen"}]},{"@type":"WebSite","@id":"https:\/\/blog.zeit.de\/gruenegeschaefte\/#website","url":"https:\/\/blog.zeit.de\/gruenegeschaefte\/","name":"Gr\u00fcne Gesch\u00e4fte","description":"Wir k\u00f6nnen&#039;s besser: Das Blog f\u00fcr eine Wirtschaft, die Ressourcen und Klima schont","potentialAction":[{"@type":"SearchAction","target":{"@type":"EntryPoint","urlTemplate":"https:\/\/blog.zeit.de\/gruenegeschaefte\/?s={search_term_string}"},"query-input":"required name=search_term_string"}],"inLanguage":"de"}]}},"jetpack_sharing_enabled":true,"_links":{"self":[{"href":"https:\/\/blog.zeit.de\/gruenegeschaefte\/wp-json\/wp\/v2\/pages\/91","targetHints":{"allow":["GET"]}}],"collection":[{"href":"https:\/\/blog.zeit.de\/gruenegeschaefte\/wp-json\/wp\/v2\/pages"}],"about":[{"href":"https:\/\/blog.zeit.de\/gruenegeschaefte\/wp-json\/wp\/v2\/types\/page"}],"author":[{"embeddable":true,"href":"https:\/\/blog.zeit.de\/gruenegeschaefte\/wp-json\/wp\/v2\/users\/196"}],"replies":[{"embeddable":true,"href":"https:\/\/blog.zeit.de\/gruenegeschaefte\/wp-json\/wp\/v2\/comments?post=91"}],"version-history":[{"count":1,"href":"https:\/\/blog.zeit.de\/gruenegeschaefte\/wp-json\/wp\/v2\/pages\/91\/revisions"}],"predecessor-version":[{"id":2254,"href":"https:\/\/blog.zeit.de\/gruenegeschaefte\/wp-json\/wp\/v2\/pages\/91\/revisions\/2254"}],"wp:attachment":[{"href":"https:\/\/blog.zeit.de\/gruenegeschaefte\/wp-json\/wp\/v2\/media?parent=91"}],"curies":[{"name":"wp","href":"https:\/\/api.w.org\/{rel}","templated":true}]}}