{"version":"1.0","provider_name":"Speersort 1","provider_url":"https:\/\/blog.zeit.de\/hamburg","author_name":"Christoph Twickel","author_url":"https:\/\/blog.zeit.de\/hamburg\/author\/christophtwickel\/","title":"Alleingelassen in Hamburg-Eidelstedt - Speersort 1 - ZEIT ONLINE","type":"rich","width":600,"height":338,"html":"<blockquote class=\"wp-embedded-content\" data-secret=\"PnhcXfeP75\"><a href=\"https:\/\/blog.zeit.de\/hamburg\/alleingelassen-in-hamburg-eidelstedt\/\">Alleingelassen in Hamburg-Eidelstedt<\/a><\/blockquote><iframe sandbox=\"allow-scripts\" security=\"restricted\" src=\"https:\/\/blog.zeit.de\/hamburg\/alleingelassen-in-hamburg-eidelstedt\/embed\/#?secret=PnhcXfeP75\" width=\"600\" height=\"338\" title=\"&#8222;Alleingelassen in Hamburg-Eidelstedt&#8220; &#8212; Speersort 1\" data-secret=\"PnhcXfeP75\" frameborder=\"0\" marginwidth=\"0\" marginheight=\"0\" scrolling=\"no\" class=\"wp-embedded-content\"><\/iframe><script type=\"text\/javascript\">\n\/* <![CDATA[ *\/\n\/*! This file is auto-generated *\/\n!function(d,l){\"use strict\";l.querySelector&&d.addEventListener&&\"undefined\"!=typeof URL&&(d.wp=d.wp||{},d.wp.receiveEmbedMessage||(d.wp.receiveEmbedMessage=function(e){var t=e.data;if((t||t.secret||t.message||t.value)&&!\/[^a-zA-Z0-9]\/.test(t.secret)){for(var s,r,n,a=l.querySelectorAll('iframe[data-secret=\"'+t.secret+'\"]'),o=l.querySelectorAll('blockquote[data-secret=\"'+t.secret+'\"]'),c=new RegExp(\"^https?:$\",\"i\"),i=0;i<o.length;i++)o[i].style.display=\"none\";for(i=0;i<a.length;i++)s=a[i],e.source===s.contentWindow&&(s.removeAttribute(\"style\"),\"height\"===t.message?(1e3<(r=parseInt(t.value,10))?r=1e3:~~r<200&&(r=200),s.height=r):\"link\"===t.message&&(r=new URL(s.getAttribute(\"src\")),n=new URL(t.value),c.test(n.protocol))&&n.host===r.host&&l.activeElement===s&&(d.top.location.href=t.value))}},d.addEventListener(\"message\",d.wp.receiveEmbedMessage,!1),l.addEventListener(\"DOMContentLoaded\",function(){for(var e,t,s=l.querySelectorAll(\"iframe.wp-embedded-content\"),r=0;r<s.length;r++)(t=(e=s[r]).getAttribute(\"data-secret\"))||(t=Math.random().toString(36).substring(2,12),e.src+=\"#?secret=\"+t,e.setAttribute(\"data-secret\",t)),e.contentWindow.postMessage({message:\"ready\",secret:t},\"*\")},!1)))}(window,document);\n\/* ]]> *\/\n<\/script>\n","thumbnail_url":"https:\/\/blog.zeit.de\/hamburg\/files\/2015\/10\/aeidelstedt1.jpg","thumbnail_width":2425,"thumbnail_height":2019,"description":"Am Sonntagabend brachte die Bundeswehr etwa 200 Fl\u00fcchtlinge in Hallen eines ehemaligen Baumarkts. Wer f\u00fcr ihre Versorgung zust\u00e4ndig ist, blieb erst mal unklar. &#8222;Stadt HH \u00fcberl\u00e4sst Fl\u00fcchtlinge in Eidelstedt sich selbst. Nur die Ehrenamtlichen sorgen vor Ort f\u00fcr das N\u00f6tigste&#8220;, hatte Zaklin Nasti\u00e7 am Sonntagabend getwittert. Erst sp\u00e4t in der Nacht war die Linke-Politikerin, die [&hellip;]"}

Am Sonntagabend brachte die Bundeswehr etwa 200 Flüchtlinge in Hallen eines ehemaligen Baumarkts. Wer für ihre Versorgung zuständig ist, blieb erst mal unklar. &#8222;Stadt HH überlässt Flüchtlinge in Eidelstedt sich selbst. Nur die Ehrenamtlichen sorgen vor Ort für das Nötigste&#8220;, hatte Zaklin Nastiç am Sonntagabend getwittert. Erst spät in der Nacht war die Linke-Politikerin, die [&hellip;]
