{"version":"1.0","provider_name":"Speersort 1","provider_url":"https:\/\/blog.zeit.de\/hamburg","author_name":"Erik Hauth","author_url":"https:\/\/blog.zeit.de\/hamburg\/author\/ehauth\/","title":"Nebel der \u00dcberheblichkeit am Millerntor - Speersort 1 - ZEIT ONLINE","type":"rich","width":600,"height":338,"html":"<blockquote class=\"wp-embedded-content\" data-secret=\"oDVUpv6SR4\"><a href=\"https:\/\/blog.zeit.de\/hamburg\/nebel-der-uberheblichkeit-am-millerntor\/\">Nebel der \u00dcberheblichkeit am Millerntor<\/a><\/blockquote><iframe sandbox=\"allow-scripts\" security=\"restricted\" src=\"https:\/\/blog.zeit.de\/hamburg\/nebel-der-uberheblichkeit-am-millerntor\/embed\/#?secret=oDVUpv6SR4\" width=\"600\" height=\"338\" title=\"&#8222;Nebel der \u00dcberheblichkeit am Millerntor&#8220; &#8212; Speersort 1\" data-secret=\"oDVUpv6SR4\" frameborder=\"0\" marginwidth=\"0\" marginheight=\"0\" scrolling=\"no\" class=\"wp-embedded-content\"><\/iframe><script type=\"text\/javascript\">\n\/* <![CDATA[ *\/\n\/*! This file is auto-generated *\/\n!function(d,l){\"use strict\";l.querySelector&&d.addEventListener&&\"undefined\"!=typeof URL&&(d.wp=d.wp||{},d.wp.receiveEmbedMessage||(d.wp.receiveEmbedMessage=function(e){var t=e.data;if((t||t.secret||t.message||t.value)&&!\/[^a-zA-Z0-9]\/.test(t.secret)){for(var s,r,n,a=l.querySelectorAll('iframe[data-secret=\"'+t.secret+'\"]'),o=l.querySelectorAll('blockquote[data-secret=\"'+t.secret+'\"]'),c=new RegExp(\"^https?:$\",\"i\"),i=0;i<o.length;i++)o[i].style.display=\"none\";for(i=0;i<a.length;i++)s=a[i],e.source===s.contentWindow&&(s.removeAttribute(\"style\"),\"height\"===t.message?(1e3<(r=parseInt(t.value,10))?r=1e3:~~r<200&&(r=200),s.height=r):\"link\"===t.message&&(r=new URL(s.getAttribute(\"src\")),n=new URL(t.value),c.test(n.protocol))&&n.host===r.host&&l.activeElement===s&&(d.top.location.href=t.value))}},d.addEventListener(\"message\",d.wp.receiveEmbedMessage,!1),l.addEventListener(\"DOMContentLoaded\",function(){for(var e,t,s=l.querySelectorAll(\"iframe.wp-embedded-content\"),r=0;r<s.length;r++)(t=(e=s[r]).getAttribute(\"data-secret\"))||(t=Math.random().toString(36).substring(2,12),e.src+=\"#?secret=\"+t,e.setAttribute(\"data-secret\",t)),e.contentWindow.postMessage({message:\"ready\",secret:t},\"*\")},!1)))}(window,document);\n\/* ]]> *\/\n<\/script>\n","thumbnail_url":"https:\/\/blog.zeit.de\/hamburg\/files\/2015\/10\/12122517_10153269171554423_2018347732075882853_n-1.jpg","thumbnail_width":960,"thumbnail_height":540,"description":"Die beste Abwehr gegen den gef\u00fchlt schw\u00e4chsten Sturm der Liga \u2013 was kann da schon passieren? Eine Menge \u2013 wenn sich der herbstliche Morgennebel nicht aus den K\u00f6pfen der Spieler verzieht. Als ich am Sonnabendmorgen an der Kieler Ostseek\u00fcste losfuhr, lag ein Schleier \u00fcber allem. Der Herbst hatte \u00fcber Nacht wei\u00dfe Nebelt\u00fccher \u00fcber die F\u00f6rde [&hellip;]"}

Nebel der Überheblichkeit am Millerntor - Speersort 1 - ZEIT ONLINE

<blockquote class="wp-embedded-content" data-secret="oDVUpv6SR4"><a href="https://blog.zeit.de/hamburg/nebel-der-uberheblichkeit-am-millerntor/">Nebel der Überheblichkeit am Millerntor</a></blockquote><iframe sandbox="allow-scripts" security="restricted" src="https://blog.zeit.de/hamburg/nebel-der-uberheblichkeit-am-millerntor/embed/#?secret=oDVUpv6SR4" width="600" height="338" title="&#8222;Nebel der Überheblichkeit am Millerntor&#8220; &#8212; Speersort 1" data-secret="oDVUpv6SR4" frameborder="0" marginwidth="0" marginheight="0" scrolling="no" class="wp-embedded-content"></iframe><script type="text/javascript">
/* <![CDATA[ */
/*! This file is auto-generated */
!function(d,l){"use strict";l.querySelector&&d.addEventListener&&"undefined"!=typeof URL&&(d.wp=d.wp||{},d.wp.receiveEmbedMessage||(d.wp.receiveEmbedMessage=function(e){var t=e.data;if((t||t.secret||t.message||t.value)&&!/[^a-zA-Z0-9]/.test(t.secret)){for(var s,r,n,a=l.querySelectorAll('iframe[data-secret="'+t.secret+'"]'),o=l.querySelectorAll('blockquote[data-secret="'+t.secret+'"]'),c=new RegExp("^https?:$","i"),i=0;i<o.length;i++)o[i].style.display="none";for(i=0;i<a.length;i++)s=a[i],e.source===s.contentWindow&&(s.removeAttribute("style"),"height"===t.message?(1e3<(r=parseInt(t.value,10))?r=1e3:~~r<200&&(r=200),s.height=r):"link"===t.message&&(r=new URL(s.getAttribute("src")),n=new URL(t.value),c.test(n.protocol))&&n.host===r.host&&l.activeElement===s&&(d.top.location.href=t.value))}},d.addEventListener("message",d.wp.receiveEmbedMessage,!1),l.addEventListener("DOMContentLoaded",function(){for(var e,t,s=l.querySelectorAll("iframe.wp-embedded-content"),r=0;r<s.length;r++)(t=(e=s[r]).getAttribute("data-secret"))||(t=Math.random().toString(36).substring(2,12),e.src+="#?secret="+t,e.setAttribute("data-secret",t)),e.contentWindow.postMessage({message:"ready",secret:t},"*")},!1)))}(window,document);
/* ]]> */
</script>

Die beste Abwehr gegen den gefühlt schwächsten Sturm der Liga – was kann da schon passieren? Eine Menge – wenn sich der herbstliche Morgennebel nicht aus den Köpfen der Spieler verzieht. Als ich am Sonnabendmorgen an der Kieler Ostseeküste losfuhr, lag ein Schleier über allem. Der Herbst hatte über Nacht weiße Nebeltücher über die Förde [&hellip;]
