{"version":"1.0","provider_name":"Herdentrieb","provider_url":"https:\/\/blog.zeit.de\/herdentrieb","author_name":"Uwe Richter","author_url":"https:\/\/blog.zeit.de\/herdentrieb\/author\/uwe-richter","title":"Die Weltwirtschaft am Rande des Abgrunds? - Herdentrieb","type":"rich","width":600,"height":338,"html":"<blockquote class=\"wp-embedded-content\" data-secret=\"9ZDzvFZeeZ\"><a href=\"https:\/\/blog.zeit.de\/herdentrieb\/2005\/11\/30\/die-weltwirtschaft-am-rande-des-abgrunds_25\">Die Weltwirtschaft am Rande des Abgrunds?<\/a><\/blockquote><iframe sandbox=\"allow-scripts\" security=\"restricted\" src=\"https:\/\/blog.zeit.de\/herdentrieb\/2005\/11\/30\/die-weltwirtschaft-am-rande-des-abgrunds_25\/embed#?secret=9ZDzvFZeeZ\" width=\"600\" height=\"338\" title=\"&#8222;Die Weltwirtschaft am Rande des Abgrunds?&#8220; &#8212; Herdentrieb\" data-secret=\"9ZDzvFZeeZ\" frameborder=\"0\" marginwidth=\"0\" marginheight=\"0\" scrolling=\"no\" class=\"wp-embedded-content\"><\/iframe><script type=\"text\/javascript\">\n\/* <![CDATA[ *\/\n\/*! This file is auto-generated *\/\n!function(d,l){\"use strict\";l.querySelector&&d.addEventListener&&\"undefined\"!=typeof URL&&(d.wp=d.wp||{},d.wp.receiveEmbedMessage||(d.wp.receiveEmbedMessage=function(e){var t=e.data;if((t||t.secret||t.message||t.value)&&!\/[^a-zA-Z0-9]\/.test(t.secret)){for(var s,r,n,a=l.querySelectorAll('iframe[data-secret=\"'+t.secret+'\"]'),o=l.querySelectorAll('blockquote[data-secret=\"'+t.secret+'\"]'),c=new RegExp(\"^https?:$\",\"i\"),i=0;i<o.length;i++)o[i].style.display=\"none\";for(i=0;i<a.length;i++)s=a[i],e.source===s.contentWindow&&(s.removeAttribute(\"style\"),\"height\"===t.message?(1e3<(r=parseInt(t.value,10))?r=1e3:~~r<200&&(r=200),s.height=r):\"link\"===t.message&&(r=new URL(s.getAttribute(\"src\")),n=new URL(t.value),c.test(n.protocol))&&n.host===r.host&&l.activeElement===s&&(d.top.location.href=t.value))}},d.addEventListener(\"message\",d.wp.receiveEmbedMessage,!1),l.addEventListener(\"DOMContentLoaded\",function(){for(var e,t,s=l.querySelectorAll(\"iframe.wp-embedded-content\"),r=0;r<s.length;r++)(t=(e=s[r]).getAttribute(\"data-secret\"))||(t=Math.random().toString(36).substring(2,12),e.src+=\"#?secret=\"+t,e.setAttribute(\"data-secret\",t)),e.contentWindow.postMessage({message:\"ready\",secret:t},\"*\")},!1)))}(window,document);\n\/* ]]> *\/\n<\/script>\n","description":"Die globale Makro-Debatte \u00fcber den Zustand der Weltwirtschaft kreist seit Ende der 90er Jahre um das ausufernde Leistungsbilanzdefizit Amerikas. Es wird nach der Sch\u00e4tzung des Internationalen W\u00e4hrungsfonds (IWF) dieses Jahr den Rekordstand von 760 Milliarden Dollar erreichen. Das sind 6,1 Prozent des Bruttoinlandsprodukts der Vereinigten Staaten. Dem stehen die \u00dcbersch\u00fcsse Japans, der aufstrebenden L\u00e4ndern Asiens [&hellip;]"}

Die globale Makro-Debatte über den Zustand der Weltwirtschaft kreist seit Ende der 90er Jahre um das ausufernde Leistungsbilanzdefizit Amerikas. Es wird nach der Schätzung des Internationalen Währungsfonds (IWF) dieses Jahr den Rekordstand von 760 Milliarden Dollar erreichen. Das sind 6,1 Prozent des Bruttoinlandsprodukts der Vereinigten Staaten. Dem stehen die Überschüsse Japans, der aufstrebenden Ländern Asiens [&hellip;]
