{"version":"1.0","provider_name":"Herdentrieb","provider_url":"https:\/\/blog.zeit.de\/herdentrieb","author_name":"Robert von Heusinger","author_url":"https:\/\/blog.zeit.de\/herdentrieb\/author\/robert-von-heusinger","title":"Trichet singt Piaff\u2019s Non, rien de rien .... - Herdentrieb","type":"rich","width":600,"height":338,"html":"<blockquote class=\"wp-embedded-content\" data-secret=\"hkBYevLfSz\"><a href=\"https:\/\/blog.zeit.de\/herdentrieb\/2006\/05\/02\/trichet-singt-piaff%e2%80%99s-non-rien-de-rien_59\">Trichet singt Piaff\u2019s Non, rien de rien &#8230;.<\/a><\/blockquote><iframe sandbox=\"allow-scripts\" security=\"restricted\" src=\"https:\/\/blog.zeit.de\/herdentrieb\/2006\/05\/02\/trichet-singt-piaff%e2%80%99s-non-rien-de-rien_59\/embed#?secret=hkBYevLfSz\" width=\"600\" height=\"338\" title=\"&#8222;Trichet singt Piaff\u2019s Non, rien de rien &#8230;.&#8220; &#8212; Herdentrieb\" data-secret=\"hkBYevLfSz\" frameborder=\"0\" marginwidth=\"0\" marginheight=\"0\" scrolling=\"no\" class=\"wp-embedded-content\"><\/iframe><script type=\"text\/javascript\">\n\/* <![CDATA[ *\/\n\/*! This file is auto-generated *\/\n!function(d,l){\"use strict\";l.querySelector&&d.addEventListener&&\"undefined\"!=typeof URL&&(d.wp=d.wp||{},d.wp.receiveEmbedMessage||(d.wp.receiveEmbedMessage=function(e){var t=e.data;if((t||t.secret||t.message||t.value)&&!\/[^a-zA-Z0-9]\/.test(t.secret)){for(var s,r,n,a=l.querySelectorAll('iframe[data-secret=\"'+t.secret+'\"]'),o=l.querySelectorAll('blockquote[data-secret=\"'+t.secret+'\"]'),c=new RegExp(\"^https?:$\",\"i\"),i=0;i<o.length;i++)o[i].style.display=\"none\";for(i=0;i<a.length;i++)s=a[i],e.source===s.contentWindow&&(s.removeAttribute(\"style\"),\"height\"===t.message?(1e3<(r=parseInt(t.value,10))?r=1e3:~~r<200&&(r=200),s.height=r):\"link\"===t.message&&(r=new URL(s.getAttribute(\"src\")),n=new URL(t.value),c.test(n.protocol))&&n.host===r.host&&l.activeElement===s&&(d.top.location.href=t.value))}},d.addEventListener(\"message\",d.wp.receiveEmbedMessage,!1),l.addEventListener(\"DOMContentLoaded\",function(){for(var e,t,s=l.querySelectorAll(\"iframe.wp-embedded-content\"),r=0;r<s.length;r++)(t=(e=s[r]).getAttribute(\"data-secret\"))||(t=Math.random().toString(36).substring(2,12),e.src+=\"#?secret=\"+t,e.setAttribute(\"data-secret\",t)),e.contentWindow.postMessage({message:\"ready\",secret:t},\"*\")},!1)))}(window,document);\n\/* ]]> *\/\n<\/script>\n","description":"\u2026 je ne regrette rien. Wenn sich der Rat der Europ\u00e4ischen Zentralbank am Mittwoch und Donnerstag trifft, wird sein Pr\u00e4sident, der Franzose Jean-Claude Trichet, ganz sch\u00f6n unter Druck stehen. Er war es n\u00e4mlich, der auf der vergangenen Sitzung das Gremium fast gezwungen hat, sich klar gegen eine Zinserh\u00f6hung im Mai auszusprechen. Jetzt hat er den [&hellip;]"}

… je ne regrette rien. Wenn sich der Rat der Europäischen Zentralbank am Mittwoch und Donnerstag trifft, wird sein Präsident, der Franzose Jean-Claude Trichet, ganz schön unter Druck stehen. Er war es nämlich, der auf der vergangenen Sitzung das Gremium fast gezwungen hat, sich klar gegen eine Zinserhöhung im Mai auszusprechen. Jetzt hat er den [&hellip;]
