{"version":"1.0","provider_name":"Herdentrieb","provider_url":"https:\/\/blog.zeit.de\/herdentrieb","author_name":"Robert von Heusinger","author_url":"https:\/\/blog.zeit.de\/herdentrieb\/author\/robert-von-heusinger","title":"Bundesbankpr\u00e4sident mutiert zum Cheflobbyisten - Herdentrieb","type":"rich","width":600,"height":338,"html":"<blockquote class=\"wp-embedded-content\" data-secret=\"gNfzlK0qwe\"><a href=\"https:\/\/blog.zeit.de\/herdentrieb\/2006\/08\/21\/bundesbankprasident-mutiert-zum-cheflobbyisten_69\">Bundesbankpr\u00e4sident mutiert zum Cheflobbyisten<\/a><\/blockquote><iframe sandbox=\"allow-scripts\" security=\"restricted\" src=\"https:\/\/blog.zeit.de\/herdentrieb\/2006\/08\/21\/bundesbankprasident-mutiert-zum-cheflobbyisten_69\/embed#?secret=gNfzlK0qwe\" width=\"600\" height=\"338\" title=\"&#8222;Bundesbankpr\u00e4sident mutiert zum Cheflobbyisten&#8220; &#8212; Herdentrieb\" data-secret=\"gNfzlK0qwe\" frameborder=\"0\" marginwidth=\"0\" marginheight=\"0\" scrolling=\"no\" class=\"wp-embedded-content\"><\/iframe><script type=\"text\/javascript\">\n\/* <![CDATA[ *\/\n\/*! This file is auto-generated *\/\n!function(d,l){\"use strict\";l.querySelector&&d.addEventListener&&\"undefined\"!=typeof URL&&(d.wp=d.wp||{},d.wp.receiveEmbedMessage||(d.wp.receiveEmbedMessage=function(e){var t=e.data;if((t||t.secret||t.message||t.value)&&!\/[^a-zA-Z0-9]\/.test(t.secret)){for(var s,r,n,a=l.querySelectorAll('iframe[data-secret=\"'+t.secret+'\"]'),o=l.querySelectorAll('blockquote[data-secret=\"'+t.secret+'\"]'),c=new RegExp(\"^https?:$\",\"i\"),i=0;i<o.length;i++)o[i].style.display=\"none\";for(i=0;i<a.length;i++)s=a[i],e.source===s.contentWindow&&(s.removeAttribute(\"style\"),\"height\"===t.message?(1e3<(r=parseInt(t.value,10))?r=1e3:~~r<200&&(r=200),s.height=r):\"link\"===t.message&&(r=new URL(s.getAttribute(\"src\")),n=new URL(t.value),c.test(n.protocol))&&n.host===r.host&&l.activeElement===s&&(d.top.location.href=t.value))}},d.addEventListener(\"message\",d.wp.receiveEmbedMessage,!1),l.addEventListener(\"DOMContentLoaded\",function(){for(var e,t,s=l.querySelectorAll(\"iframe.wp-embedded-content\"),r=0;r<s.length;r++)(t=(e=s[r]).getAttribute(\"data-secret\"))||(t=Math.random().toString(36).substring(2,12),e.src+=\"#?secret=\"+t,e.setAttribute(\"data-secret\",t)),e.contentWindow.postMessage({message:\"ready\",secret:t},\"*\")},!1)))}(window,document);\n\/* ]]> *\/\n<\/script>\n","description":"Es ist etwas Besonderes, wenn sich der Bundesbankpr\u00e4sident ans Volk wendet. Das tut er \u00e4u\u00dferst selten, weil die normalen Irrungen und Wirrungen der Geldpolitik nun wirklich nicht interessant sind. Heute war es mal wieder so weit. \u00dcber die BILD-Zeitung sprach Axel Weber zur deutschen Bev\u00f6lkerung (Teil zwei des Interviews folgt morgen!). Botschaft eins: Der Aufschwung [&hellip;]","thumbnail_url":"https:\/\/blog.zeit.de\/herdentrieb\/files\/old\/Unit_Profit_Germany.jpg"}

Bundesbankpräsident mutiert zum Cheflobbyisten - Herdentrieb

<blockquote class="wp-embedded-content" data-secret="gNfzlK0qwe"><a href="https://blog.zeit.de/herdentrieb/2006/08/21/bundesbankprasident-mutiert-zum-cheflobbyisten_69">Bundesbankpräsident mutiert zum Cheflobbyisten</a></blockquote><iframe sandbox="allow-scripts" security="restricted" src="https://blog.zeit.de/herdentrieb/2006/08/21/bundesbankprasident-mutiert-zum-cheflobbyisten_69/embed#?secret=gNfzlK0qwe" width="600" height="338" title="&#8222;Bundesbankpräsident mutiert zum Cheflobbyisten&#8220; &#8212; Herdentrieb" data-secret="gNfzlK0qwe" frameborder="0" marginwidth="0" marginheight="0" scrolling="no" class="wp-embedded-content"></iframe><script type="text/javascript">
/* <![CDATA[ */
/*! This file is auto-generated */
!function(d,l){"use strict";l.querySelector&&d.addEventListener&&"undefined"!=typeof URL&&(d.wp=d.wp||{},d.wp.receiveEmbedMessage||(d.wp.receiveEmbedMessage=function(e){var t=e.data;if((t||t.secret||t.message||t.value)&&!/[^a-zA-Z0-9]/.test(t.secret)){for(var s,r,n,a=l.querySelectorAll('iframe[data-secret="'+t.secret+'"]'),o=l.querySelectorAll('blockquote[data-secret="'+t.secret+'"]'),c=new RegExp("^https?:$","i"),i=0;i<o.length;i++)o[i].style.display="none";for(i=0;i<a.length;i++)s=a[i],e.source===s.contentWindow&&(s.removeAttribute("style"),"height"===t.message?(1e3<(r=parseInt(t.value,10))?r=1e3:~~r<200&&(r=200),s.height=r):"link"===t.message&&(r=new URL(s.getAttribute("src")),n=new URL(t.value),c.test(n.protocol))&&n.host===r.host&&l.activeElement===s&&(d.top.location.href=t.value))}},d.addEventListener("message",d.wp.receiveEmbedMessage,!1),l.addEventListener("DOMContentLoaded",function(){for(var e,t,s=l.querySelectorAll("iframe.wp-embedded-content"),r=0;r<s.length;r++)(t=(e=s[r]).getAttribute("data-secret"))||(t=Math.random().toString(36).substring(2,12),e.src+="#?secret="+t,e.setAttribute("data-secret",t)),e.contentWindow.postMessage({message:"ready",secret:t},"*")},!1)))}(window,document);
/* ]]> */
</script>

Es ist etwas Besonderes, wenn sich der Bundesbankpräsident ans Volk wendet. Das tut er äußerst selten, weil die normalen Irrungen und Wirrungen der Geldpolitik nun wirklich nicht interessant sind. Heute war es mal wieder so weit. Über die BILD-Zeitung sprach Axel Weber zur deutschen Bevölkerung (Teil zwei des Interviews folgt morgen!). Botschaft eins: Der Aufschwung [&hellip;]
