{"version":"1.0","provider_name":"Herdentrieb","provider_url":"https:\/\/blog.zeit.de\/herdentrieb","author_name":"Robert von Heusinger","author_url":"https:\/\/blog.zeit.de\/herdentrieb\/author\/robert-von-heusinger","title":"Dieter Wermuth verst\u00e4rkt HERDENTRIEB - Herdentrieb","type":"rich","width":600,"height":338,"html":"<blockquote class=\"wp-embedded-content\" data-secret=\"aHgKT5flYA\"><a href=\"https:\/\/blog.zeit.de\/herdentrieb\/2006\/08\/31\/dieter-wermuth-verstarkt-herdentrieb_71\">Dieter Wermuth verst\u00e4rkt HERDENTRIEB<\/a><\/blockquote><iframe sandbox=\"allow-scripts\" security=\"restricted\" src=\"https:\/\/blog.zeit.de\/herdentrieb\/2006\/08\/31\/dieter-wermuth-verstarkt-herdentrieb_71\/embed#?secret=aHgKT5flYA\" width=\"600\" height=\"338\" title=\"&#8222;Dieter Wermuth verst\u00e4rkt HERDENTRIEB&#8220; &#8212; Herdentrieb\" data-secret=\"aHgKT5flYA\" frameborder=\"0\" marginwidth=\"0\" marginheight=\"0\" scrolling=\"no\" class=\"wp-embedded-content\"><\/iframe><script type=\"text\/javascript\">\n\/* <![CDATA[ *\/\n\/*! This file is auto-generated *\/\n!function(d,l){\"use strict\";l.querySelector&&d.addEventListener&&\"undefined\"!=typeof URL&&(d.wp=d.wp||{},d.wp.receiveEmbedMessage||(d.wp.receiveEmbedMessage=function(e){var t=e.data;if((t||t.secret||t.message||t.value)&&!\/[^a-zA-Z0-9]\/.test(t.secret)){for(var s,r,n,a=l.querySelectorAll('iframe[data-secret=\"'+t.secret+'\"]'),o=l.querySelectorAll('blockquote[data-secret=\"'+t.secret+'\"]'),c=new RegExp(\"^https?:$\",\"i\"),i=0;i<o.length;i++)o[i].style.display=\"none\";for(i=0;i<a.length;i++)s=a[i],e.source===s.contentWindow&&(s.removeAttribute(\"style\"),\"height\"===t.message?(1e3<(r=parseInt(t.value,10))?r=1e3:~~r<200&&(r=200),s.height=r):\"link\"===t.message&&(r=new URL(s.getAttribute(\"src\")),n=new URL(t.value),c.test(n.protocol))&&n.host===r.host&&l.activeElement===s&&(d.top.location.href=t.value))}},d.addEventListener(\"message\",d.wp.receiveEmbedMessage,!1),l.addEventListener(\"DOMContentLoaded\",function(){for(var e,t,s=l.querySelectorAll(\"iframe.wp-embedded-content\"),r=0;r<s.length;r++)(t=(e=s[r]).getAttribute(\"data-secret\"))||(t=Math.random().toString(36).substring(2,12),e.src+=\"#?secret=\"+t,e.setAttribute(\"data-secret\",t)),e.contentWindow.postMessage({message:\"ready\",secret:t},\"*\")},!1)))}(window,document);\n\/* ]]> *\/\n<\/script>\n","description":"HERDENTRIEB begr\u00fc\u00dft Dieter Wermuth als neuen Hirten des Blogs. Ab morgen wird Wermuth gemeinsam mit Uwe Richter und mir an dieser Stelle das Wesen des Kapitalismus ergr\u00fcnden. Wermuth ist eine echte Verst\u00e4rkung f\u00fcr unseren ehrgeizigen Anspruch, von der Finanzierungsseite her zu denken, die gro\u00dfen Zusammenh\u00e4nge der Makro\u00f6konomie und der Weltwirtschaft zu kommentieren und einzuordnen. Denn [&hellip;]"}

Dieter Wermuth verstärkt HERDENTRIEB - Herdentrieb

<blockquote class="wp-embedded-content" data-secret="aHgKT5flYA"><a href="https://blog.zeit.de/herdentrieb/2006/08/31/dieter-wermuth-verstarkt-herdentrieb_71">Dieter Wermuth verstärkt HERDENTRIEB</a></blockquote><iframe sandbox="allow-scripts" security="restricted" src="https://blog.zeit.de/herdentrieb/2006/08/31/dieter-wermuth-verstarkt-herdentrieb_71/embed#?secret=aHgKT5flYA" width="600" height="338" title="&#8222;Dieter Wermuth verstärkt HERDENTRIEB&#8220; &#8212; Herdentrieb" data-secret="aHgKT5flYA" frameborder="0" marginwidth="0" marginheight="0" scrolling="no" class="wp-embedded-content"></iframe><script type="text/javascript">
/* <![CDATA[ */
/*! This file is auto-generated */
!function(d,l){"use strict";l.querySelector&&d.addEventListener&&"undefined"!=typeof URL&&(d.wp=d.wp||{},d.wp.receiveEmbedMessage||(d.wp.receiveEmbedMessage=function(e){var t=e.data;if((t||t.secret||t.message||t.value)&&!/[^a-zA-Z0-9]/.test(t.secret)){for(var s,r,n,a=l.querySelectorAll('iframe[data-secret="'+t.secret+'"]'),o=l.querySelectorAll('blockquote[data-secret="'+t.secret+'"]'),c=new RegExp("^https?:$","i"),i=0;i<o.length;i++)o[i].style.display="none";for(i=0;i<a.length;i++)s=a[i],e.source===s.contentWindow&&(s.removeAttribute("style"),"height"===t.message?(1e3<(r=parseInt(t.value,10))?r=1e3:~~r<200&&(r=200),s.height=r):"link"===t.message&&(r=new URL(s.getAttribute("src")),n=new URL(t.value),c.test(n.protocol))&&n.host===r.host&&l.activeElement===s&&(d.top.location.href=t.value))}},d.addEventListener("message",d.wp.receiveEmbedMessage,!1),l.addEventListener("DOMContentLoaded",function(){for(var e,t,s=l.querySelectorAll("iframe.wp-embedded-content"),r=0;r<s.length;r++)(t=(e=s[r]).getAttribute("data-secret"))||(t=Math.random().toString(36).substring(2,12),e.src+="#?secret="+t,e.setAttribute("data-secret",t)),e.contentWindow.postMessage({message:"ready",secret:t},"*")},!1)))}(window,document);
/* ]]> */
</script>

HERDENTRIEB begrüßt Dieter Wermuth als neuen Hirten des Blogs. Ab morgen wird Wermuth gemeinsam mit Uwe Richter und mir an dieser Stelle das Wesen des Kapitalismus ergründen. Wermuth ist eine echte Verstärkung für unseren ehrgeizigen Anspruch, von der Finanzierungsseite her zu denken, die großen Zusammenhänge der Makroökonomie und der Weltwirtschaft zu kommentieren und einzuordnen. Denn [&hellip;]
