{"version":"1.0","provider_name":"Herdentrieb","provider_url":"https:\/\/blog.zeit.de\/herdentrieb","author_name":"Robert von Heusinger","author_url":"https:\/\/blog.zeit.de\/herdentrieb\/author\/robert-von-heusinger","title":"Ein Sitz und eine Stimme f\u00fcr Euroland - Herdentrieb","type":"rich","width":600,"height":338,"html":"<blockquote class=\"wp-embedded-content\" data-secret=\"UPCEp2YUbI\"><a href=\"https:\/\/blog.zeit.de\/herdentrieb\/2006\/09\/21\/ein-sitz-und-eine-stimme-fur-euroland_77\">Ein Sitz und eine Stimme f\u00fcr Euroland<\/a><\/blockquote><iframe sandbox=\"allow-scripts\" security=\"restricted\" src=\"https:\/\/blog.zeit.de\/herdentrieb\/2006\/09\/21\/ein-sitz-und-eine-stimme-fur-euroland_77\/embed#?secret=UPCEp2YUbI\" width=\"600\" height=\"338\" title=\"&#8222;Ein Sitz und eine Stimme f\u00fcr Euroland&#8220; &#8212; Herdentrieb\" data-secret=\"UPCEp2YUbI\" frameborder=\"0\" marginwidth=\"0\" marginheight=\"0\" scrolling=\"no\" class=\"wp-embedded-content\"><\/iframe><script type=\"text\/javascript\">\n\/* <![CDATA[ *\/\n\/*! This file is auto-generated *\/\n!function(d,l){\"use strict\";l.querySelector&&d.addEventListener&&\"undefined\"!=typeof URL&&(d.wp=d.wp||{},d.wp.receiveEmbedMessage||(d.wp.receiveEmbedMessage=function(e){var t=e.data;if((t||t.secret||t.message||t.value)&&!\/[^a-zA-Z0-9]\/.test(t.secret)){for(var s,r,n,a=l.querySelectorAll('iframe[data-secret=\"'+t.secret+'\"]'),o=l.querySelectorAll('blockquote[data-secret=\"'+t.secret+'\"]'),c=new RegExp(\"^https?:$\",\"i\"),i=0;i<o.length;i++)o[i].style.display=\"none\";for(i=0;i<a.length;i++)s=a[i],e.source===s.contentWindow&&(s.removeAttribute(\"style\"),\"height\"===t.message?(1e3<(r=parseInt(t.value,10))?r=1e3:~~r<200&&(r=200),s.height=r):\"link\"===t.message&&(r=new URL(s.getAttribute(\"src\")),n=new URL(t.value),c.test(n.protocol))&&n.host===r.host&&l.activeElement===s&&(d.top.location.href=t.value))}},d.addEventListener(\"message\",d.wp.receiveEmbedMessage,!1),l.addEventListener(\"DOMContentLoaded\",function(){for(var e,t,s=l.querySelectorAll(\"iframe.wp-embedded-content\"),r=0;r<s.length;r++)(t=(e=s[r]).getAttribute(\"data-secret\"))||(t=Math.random().toString(36).substring(2,12),e.src+=\"#?secret=\"+t,e.setAttribute(\"data-secret\",t)),e.contentWindow.postMessage({message:\"ready\",secret:t},\"*\")},!1)))}(window,document);\n\/* ]]> *\/\n<\/script>\n","description":"Heute mal wieder eine extended version meines aktuellen Artikels in der ZEIT. Ich hatte zu sp\u00e4t ausreichend Platz angemeldet und die Kollegen in Hamburg mussten das St\u00fcckchen dann ganz sch\u00f6n eindampfen. Hier ist es in voller L\u00e4nge.","thumbnail_url":"https:\/\/blog.zeit.de\/herdentrieb\/files\/old\/BRICS_growth_contribution.jpg"}

Ein Sitz und eine Stimme für Euroland - Herdentrieb

<blockquote class="wp-embedded-content" data-secret="UPCEp2YUbI"><a href="https://blog.zeit.de/herdentrieb/2006/09/21/ein-sitz-und-eine-stimme-fur-euroland_77">Ein Sitz und eine Stimme für Euroland</a></blockquote><iframe sandbox="allow-scripts" security="restricted" src="https://blog.zeit.de/herdentrieb/2006/09/21/ein-sitz-und-eine-stimme-fur-euroland_77/embed#?secret=UPCEp2YUbI" width="600" height="338" title="&#8222;Ein Sitz und eine Stimme für Euroland&#8220; &#8212; Herdentrieb" data-secret="UPCEp2YUbI" frameborder="0" marginwidth="0" marginheight="0" scrolling="no" class="wp-embedded-content"></iframe><script type="text/javascript">
/* <![CDATA[ */
/*! This file is auto-generated */
!function(d,l){"use strict";l.querySelector&&d.addEventListener&&"undefined"!=typeof URL&&(d.wp=d.wp||{},d.wp.receiveEmbedMessage||(d.wp.receiveEmbedMessage=function(e){var t=e.data;if((t||t.secret||t.message||t.value)&&!/[^a-zA-Z0-9]/.test(t.secret)){for(var s,r,n,a=l.querySelectorAll('iframe[data-secret="'+t.secret+'"]'),o=l.querySelectorAll('blockquote[data-secret="'+t.secret+'"]'),c=new RegExp("^https?:$","i"),i=0;i<o.length;i++)o[i].style.display="none";for(i=0;i<a.length;i++)s=a[i],e.source===s.contentWindow&&(s.removeAttribute("style"),"height"===t.message?(1e3<(r=parseInt(t.value,10))?r=1e3:~~r<200&&(r=200),s.height=r):"link"===t.message&&(r=new URL(s.getAttribute("src")),n=new URL(t.value),c.test(n.protocol))&&n.host===r.host&&l.activeElement===s&&(d.top.location.href=t.value))}},d.addEventListener("message",d.wp.receiveEmbedMessage,!1),l.addEventListener("DOMContentLoaded",function(){for(var e,t,s=l.querySelectorAll("iframe.wp-embedded-content"),r=0;r<s.length;r++)(t=(e=s[r]).getAttribute("data-secret"))||(t=Math.random().toString(36).substring(2,12),e.src+="#?secret="+t,e.setAttribute("data-secret",t)),e.contentWindow.postMessage({message:"ready",secret:t},"*")},!1)))}(window,document);
/* ]]> */
</script>

Heute mal wieder eine extended version meines aktuellen Artikels in der ZEIT. Ich hatte zu spät ausreichend Platz angemeldet und die Kollegen in Hamburg mussten das Stückchen dann ganz schön eindampfen. Hier ist es in voller Länge.
