{"version":"1.0","provider_name":"Herdentrieb","provider_url":"https:\/\/blog.zeit.de\/herdentrieb","author_name":"Dieter Wermuth","author_url":"https:\/\/blog.zeit.de\/herdentrieb\/author\/dieter-wermuth","title":"Negative Nominalzinsen nicht ausschlie\u00dfen! - Herdentrieb","type":"rich","width":600,"height":338,"html":"<blockquote class=\"wp-embedded-content\" data-secret=\"MSYsqHsb0j\"><a href=\"https:\/\/blog.zeit.de\/herdentrieb\/2009\/05\/08\/negative-nominalzinsen-nicht-ausschliesen_797\">Negative Nominalzinsen nicht ausschlie\u00dfen!<\/a><\/blockquote><iframe sandbox=\"allow-scripts\" security=\"restricted\" src=\"https:\/\/blog.zeit.de\/herdentrieb\/2009\/05\/08\/negative-nominalzinsen-nicht-ausschliesen_797\/embed#?secret=MSYsqHsb0j\" width=\"600\" height=\"338\" title=\"&#8222;Negative Nominalzinsen nicht ausschlie\u00dfen!&#8220; &#8212; Herdentrieb\" data-secret=\"MSYsqHsb0j\" frameborder=\"0\" marginwidth=\"0\" marginheight=\"0\" scrolling=\"no\" class=\"wp-embedded-content\"><\/iframe><script type=\"text\/javascript\">\n\/* <![CDATA[ *\/\n\/*! This file is auto-generated *\/\n!function(d,l){\"use strict\";l.querySelector&&d.addEventListener&&\"undefined\"!=typeof URL&&(d.wp=d.wp||{},d.wp.receiveEmbedMessage||(d.wp.receiveEmbedMessage=function(e){var t=e.data;if((t||t.secret||t.message||t.value)&&!\/[^a-zA-Z0-9]\/.test(t.secret)){for(var s,r,n,a=l.querySelectorAll('iframe[data-secret=\"'+t.secret+'\"]'),o=l.querySelectorAll('blockquote[data-secret=\"'+t.secret+'\"]'),c=new RegExp(\"^https?:$\",\"i\"),i=0;i<o.length;i++)o[i].style.display=\"none\";for(i=0;i<a.length;i++)s=a[i],e.source===s.contentWindow&&(s.removeAttribute(\"style\"),\"height\"===t.message?(1e3<(r=parseInt(t.value,10))?r=1e3:~~r<200&&(r=200),s.height=r):\"link\"===t.message&&(r=new URL(s.getAttribute(\"src\")),n=new URL(t.value),c.test(n.protocol))&&n.host===r.host&&l.activeElement===s&&(d.top.location.href=t.value))}},d.addEventListener(\"message\",d.wp.receiveEmbedMessage,!1),l.addEventListener(\"DOMContentLoaded\",function(){for(var e,t,s=l.querySelectorAll(\"iframe.wp-embedded-content\"),r=0;r<s.length;r++)(t=(e=s[r]).getAttribute(\"data-secret\"))||(t=Math.random().toString(36).substring(2,12),e.src+=\"#?secret=\"+t,e.setAttribute(\"data-secret\",t)),e.contentWindow.postMessage({message:\"ready\",secret:t},\"*\")},!1)))}(window,document);\n\/* ]]> *\/\n<\/script>\n","description":"Die EZB hat signalisiert, dass sie bereit und willens ist, angesichts der desastr\u00f6sen Wirtschaftslage und des Deflationsrisikos wenn n\u00f6tig noch \u00fcber das hinauszugehen, was gestern beschlossen wurde. Was wurde beschlossen? Der Hauptrefinanzierungssatz (der Refi-Satz) wurde auf 1%, der Zins auf die Spitzenrefinanzierungsfazilit\u00e4t auf 1,75% gesenkt; vom 23. Juni an werden l\u00e4ngerfristige Refinanzierungsgesch\u00e4fte mit einer Laufzeit [&hellip;]"}

Negative Nominalzinsen nicht ausschließen! - Herdentrieb

<blockquote class="wp-embedded-content" data-secret="MSYsqHsb0j"><a href="https://blog.zeit.de/herdentrieb/2009/05/08/negative-nominalzinsen-nicht-ausschliesen_797">Negative Nominalzinsen nicht ausschließen!</a></blockquote><iframe sandbox="allow-scripts" security="restricted" src="https://blog.zeit.de/herdentrieb/2009/05/08/negative-nominalzinsen-nicht-ausschliesen_797/embed#?secret=MSYsqHsb0j" width="600" height="338" title="&#8222;Negative Nominalzinsen nicht ausschließen!&#8220; &#8212; Herdentrieb" data-secret="MSYsqHsb0j" frameborder="0" marginwidth="0" marginheight="0" scrolling="no" class="wp-embedded-content"></iframe><script type="text/javascript">
/* <![CDATA[ */
/*! This file is auto-generated */
!function(d,l){"use strict";l.querySelector&&d.addEventListener&&"undefined"!=typeof URL&&(d.wp=d.wp||{},d.wp.receiveEmbedMessage||(d.wp.receiveEmbedMessage=function(e){var t=e.data;if((t||t.secret||t.message||t.value)&&!/[^a-zA-Z0-9]/.test(t.secret)){for(var s,r,n,a=l.querySelectorAll('iframe[data-secret="'+t.secret+'"]'),o=l.querySelectorAll('blockquote[data-secret="'+t.secret+'"]'),c=new RegExp("^https?:$","i"),i=0;i<o.length;i++)o[i].style.display="none";for(i=0;i<a.length;i++)s=a[i],e.source===s.contentWindow&&(s.removeAttribute("style"),"height"===t.message?(1e3<(r=parseInt(t.value,10))?r=1e3:~~r<200&&(r=200),s.height=r):"link"===t.message&&(r=new URL(s.getAttribute("src")),n=new URL(t.value),c.test(n.protocol))&&n.host===r.host&&l.activeElement===s&&(d.top.location.href=t.value))}},d.addEventListener("message",d.wp.receiveEmbedMessage,!1),l.addEventListener("DOMContentLoaded",function(){for(var e,t,s=l.querySelectorAll("iframe.wp-embedded-content"),r=0;r<s.length;r++)(t=(e=s[r]).getAttribute("data-secret"))||(t=Math.random().toString(36).substring(2,12),e.src+="#?secret="+t,e.setAttribute("data-secret",t)),e.contentWindow.postMessage({message:"ready",secret:t},"*")},!1)))}(window,document);
/* ]]> */
</script>

Die EZB hat signalisiert, dass sie bereit und willens ist, angesichts der desaströsen Wirtschaftslage und des Deflationsrisikos wenn nötig noch über das hinauszugehen, was gestern beschlossen wurde. Was wurde beschlossen? Der Hauptrefinanzierungssatz (der Refi-Satz) wurde auf 1%, der Zins auf die Spitzenrefinanzierungsfazilität auf 1,75% gesenkt; vom 23. Juni an werden längerfristige Refinanzierungsgeschäfte mit einer Laufzeit [&hellip;]
