{"version":"1.0","provider_name":"Herdentrieb","provider_url":"https:\/\/blog.zeit.de\/herdentrieb","author_name":"Mark Schieritz","author_url":"https:\/\/blog.zeit.de\/herdentrieb\/author\/mark-schieritz","title":"So nicht, Sigmar Gabriel! - Herdentrieb","type":"rich","width":600,"height":338,"html":"<blockquote class=\"wp-embedded-content\" data-secret=\"VAwuLsoa0e\"><a href=\"https:\/\/blog.zeit.de\/herdentrieb\/2011\/10\/30\/so-nicht-sigmar-gabriel_3742\">So nicht, Sigmar Gabriel!<\/a><\/blockquote><iframe sandbox=\"allow-scripts\" security=\"restricted\" src=\"https:\/\/blog.zeit.de\/herdentrieb\/2011\/10\/30\/so-nicht-sigmar-gabriel_3742\/embed#?secret=VAwuLsoa0e\" width=\"600\" height=\"338\" title=\"&#8222;So nicht, Sigmar Gabriel!&#8220; &#8212; Herdentrieb\" data-secret=\"VAwuLsoa0e\" frameborder=\"0\" marginwidth=\"0\" marginheight=\"0\" scrolling=\"no\" class=\"wp-embedded-content\"><\/iframe><script type=\"text\/javascript\">\n\/* <![CDATA[ *\/\n\/*! This file is auto-generated *\/\n!function(d,l){\"use strict\";l.querySelector&&d.addEventListener&&\"undefined\"!=typeof URL&&(d.wp=d.wp||{},d.wp.receiveEmbedMessage||(d.wp.receiveEmbedMessage=function(e){var t=e.data;if((t||t.secret||t.message||t.value)&&!\/[^a-zA-Z0-9]\/.test(t.secret)){for(var s,r,n,a=l.querySelectorAll('iframe[data-secret=\"'+t.secret+'\"]'),o=l.querySelectorAll('blockquote[data-secret=\"'+t.secret+'\"]'),c=new RegExp(\"^https?:$\",\"i\"),i=0;i<o.length;i++)o[i].style.display=\"none\";for(i=0;i<a.length;i++)s=a[i],e.source===s.contentWindow&&(s.removeAttribute(\"style\"),\"height\"===t.message?(1e3<(r=parseInt(t.value,10))?r=1e3:~~r<200&&(r=200),s.height=r):\"link\"===t.message&&(r=new URL(s.getAttribute(\"src\")),n=new URL(t.value),c.test(n.protocol))&&n.host===r.host&&l.activeElement===s&&(d.top.location.href=t.value))}},d.addEventListener(\"message\",d.wp.receiveEmbedMessage,!1),l.addEventListener(\"DOMContentLoaded\",function(){for(var e,t,s=l.querySelectorAll(\"iframe.wp-embedded-content\"),r=0;r<s.length;r++)(t=(e=s[r]).getAttribute(\"data-secret\"))||(t=Math.random().toString(36).substring(2,12),e.src+=\"#?secret=\"+t,e.setAttribute(\"data-secret\",t)),e.contentWindow.postMessage({message:\"ready\",secret:t},\"*\")},!1)))}(window,document);\n\/* ]]> *\/\n<\/script>\n","description":"Regelm\u00e4\u00dfige Leser dieses Blogs wissen, dass er sozialdemokratischen Idealen grunds\u00e4tzlich eher nahe steht. Mit umso gr\u00f6\u00dferem Bedauern lese ich, was Sigmar Gabriel jetzt zur Krisenpolitik der Bundesregierung zu sagen hat. Die CDU-Politikerin habe alles, was jetzt in Br\u00fcssel beschlossen wurde, fr\u00fcher abgelehnt.\u00a0Insbesondere die lange Ablehnung einer Gl\u00e4ubigerbeteiligung durch die Kanzlerin und andere konservative Regierungen in [&hellip;]"}

Regelmäßige Leser dieses Blogs wissen, dass er sozialdemokratischen Idealen grundsätzlich eher nahe steht. Mit umso größerem Bedauern lese ich, was Sigmar Gabriel jetzt zur Krisenpolitik der Bundesregierung zu sagen hat. Die CDU-Politikerin habe alles, was jetzt in Brüssel beschlossen wurde, früher abgelehnt. Insbesondere die lange Ablehnung einer Gläubigerbeteiligung durch die Kanzlerin und andere konservative Regierungen in [&hellip;]
