{"version":"1.0","provider_name":"Herdentrieb","provider_url":"https:\/\/blog.zeit.de\/herdentrieb","author_name":"Mark Schieritz","author_url":"https:\/\/blog.zeit.de\/herdentrieb\/author\/mark-schieritz","title":"Die EZB sitzt in der Falle - Herdentrieb","type":"rich","width":600,"height":338,"html":"<blockquote class=\"wp-embedded-content\" data-secret=\"D3bUq7U6je\"><a href=\"https:\/\/blog.zeit.de\/herdentrieb\/2011\/12\/01\/die-ezb-sitzt-in-der-falle_3955\">Die EZB sitzt in der Falle<\/a><\/blockquote><iframe sandbox=\"allow-scripts\" security=\"restricted\" src=\"https:\/\/blog.zeit.de\/herdentrieb\/2011\/12\/01\/die-ezb-sitzt-in-der-falle_3955\/embed#?secret=D3bUq7U6je\" width=\"600\" height=\"338\" title=\"&#8222;Die EZB sitzt in der Falle&#8220; &#8212; Herdentrieb\" data-secret=\"D3bUq7U6je\" frameborder=\"0\" marginwidth=\"0\" marginheight=\"0\" scrolling=\"no\" class=\"wp-embedded-content\"><\/iframe><script type=\"text\/javascript\">\n\/* <![CDATA[ *\/\n\/*! This file is auto-generated *\/\n!function(d,l){\"use strict\";l.querySelector&&d.addEventListener&&\"undefined\"!=typeof URL&&(d.wp=d.wp||{},d.wp.receiveEmbedMessage||(d.wp.receiveEmbedMessage=function(e){var t=e.data;if((t||t.secret||t.message||t.value)&&!\/[^a-zA-Z0-9]\/.test(t.secret)){for(var s,r,n,a=l.querySelectorAll('iframe[data-secret=\"'+t.secret+'\"]'),o=l.querySelectorAll('blockquote[data-secret=\"'+t.secret+'\"]'),c=new RegExp(\"^https?:$\",\"i\"),i=0;i<o.length;i++)o[i].style.display=\"none\";for(i=0;i<a.length;i++)s=a[i],e.source===s.contentWindow&&(s.removeAttribute(\"style\"),\"height\"===t.message?(1e3<(r=parseInt(t.value,10))?r=1e3:~~r<200&&(r=200),s.height=r):\"link\"===t.message&&(r=new URL(s.getAttribute(\"src\")),n=new URL(t.value),c.test(n.protocol))&&n.host===r.host&&l.activeElement===s&&(d.top.location.href=t.value))}},d.addEventListener(\"message\",d.wp.receiveEmbedMessage,!1),l.addEventListener(\"DOMContentLoaded\",function(){for(var e,t,s=l.querySelectorAll(\"iframe.wp-embedded-content\"),r=0;r<s.length;r++)(t=(e=s[r]).getAttribute(\"data-secret\"))||(t=Math.random().toString(36).substring(2,12),e.src+=\"#?secret=\"+t,e.setAttribute(\"data-secret\",t)),e.contentWindow.postMessage({message:\"ready\",secret:t},\"*\")},!1)))}(window,document);\n\/* ]]> *\/\n<\/script>\n","description":"Fast alle der \u00d6konomen, die ich eigentlich sch\u00e4tze, pl\u00e4dieren f\u00fcr sofortige und radikale Interventionen der EZB im Kampf gegen die Krise. Ich bin da etwas skeptischer, aus einer Reihe von Gr\u00fcnden (mit Inflation haben sie alle nichts zu tun): Da ist das Anreizthema, denn in der Tat besteht die Gefahr, dass sich Regierungen auf die [&hellip;]","thumbnail_url":"https:\/\/blog.zeit.de\/herdentrieb\/files\/2011\/12\/ECB_MPO_Lending.gif"}

Fast alle der Ökonomen, die ich eigentlich schätze, plädieren für sofortige und radikale Interventionen der EZB im Kampf gegen die Krise. Ich bin da etwas skeptischer, aus einer Reihe von Gründen (mit Inflation haben sie alle nichts zu tun): Da ist das Anreizthema, denn in der Tat besteht die Gefahr, dass sich Regierungen auf die [&hellip;]
