{"version":"1.0","provider_name":"Herdentrieb","provider_url":"https:\/\/blog.zeit.de\/herdentrieb","author_name":"Mark Schieritz","author_url":"https:\/\/blog.zeit.de\/herdentrieb\/author\/mark-schieritz","title":"Hartz IV f\u00fcr die USA? - Herdentrieb","type":"rich","width":600,"height":338,"html":"<blockquote class=\"wp-embedded-content\" data-secret=\"TFIRhGf7qH\"><a href=\"https:\/\/blog.zeit.de\/herdentrieb\/2011\/12\/18\/hartz-iv-fur-die-usa_3996\">Hartz IV f\u00fcr die USA?<\/a><\/blockquote><iframe sandbox=\"allow-scripts\" security=\"restricted\" src=\"https:\/\/blog.zeit.de\/herdentrieb\/2011\/12\/18\/hartz-iv-fur-die-usa_3996\/embed#?secret=TFIRhGf7qH\" width=\"600\" height=\"338\" title=\"&#8222;Hartz IV f\u00fcr die USA?&#8220; &#8212; Herdentrieb\" data-secret=\"TFIRhGf7qH\" frameborder=\"0\" marginwidth=\"0\" marginheight=\"0\" scrolling=\"no\" class=\"wp-embedded-content\"><\/iframe><script type=\"text\/javascript\">\n\/* <![CDATA[ *\/\n\/*! This file is auto-generated *\/\n!function(d,l){\"use strict\";l.querySelector&&d.addEventListener&&\"undefined\"!=typeof URL&&(d.wp=d.wp||{},d.wp.receiveEmbedMessage||(d.wp.receiveEmbedMessage=function(e){var t=e.data;if((t||t.secret||t.message||t.value)&&!\/[^a-zA-Z0-9]\/.test(t.secret)){for(var s,r,n,a=l.querySelectorAll('iframe[data-secret=\"'+t.secret+'\"]'),o=l.querySelectorAll('blockquote[data-secret=\"'+t.secret+'\"]'),c=new RegExp(\"^https?:$\",\"i\"),i=0;i<o.length;i++)o[i].style.display=\"none\";for(i=0;i<a.length;i++)s=a[i],e.source===s.contentWindow&&(s.removeAttribute(\"style\"),\"height\"===t.message?(1e3<(r=parseInt(t.value,10))?r=1e3:~~r<200&&(r=200),s.height=r):\"link\"===t.message&&(r=new URL(s.getAttribute(\"src\")),n=new URL(t.value),c.test(n.protocol))&&n.host===r.host&&l.activeElement===s&&(d.top.location.href=t.value))}},d.addEventListener(\"message\",d.wp.receiveEmbedMessage,!1),l.addEventListener(\"DOMContentLoaded\",function(){for(var e,t,s=l.querySelectorAll(\"iframe.wp-embedded-content\"),r=0;r<s.length;r++)(t=(e=s[r]).getAttribute(\"data-secret\"))||(t=Math.random().toString(36).substring(2,12),e.src+=\"#?secret=\"+t,e.setAttribute(\"data-secret\",t)),e.contentWindow.postMessage({message:\"ready\",secret:t},\"*\")},!1)))}(window,document);\n\/* ]]> *\/\n<\/script>\n","description":"Patrick Bernau wirft eine interessante Frage auf: Die USA haben offensichtlich ein Problem mit ihrem Arbeitsmarkt und ihrer Exportst\u00e4rke und sie bilden mit den Chinesen eine Art W\u00e4hrungsunion, in der das Instrument der W\u00e4hrungsabwertung nur begrenzt zur Verf\u00fcgung steht. In einer \u00e4hnlichen Lage befanden sich die Deutschen \u2013 und jetzt l\u00e4uft es ja wieder ganz [&hellip;]","thumbnail_url":"https:\/\/blog.zeit.de\/herdentrieb\/files\/2011\/12\/unitlabourcosts-300x187.png"}

Hartz IV für die USA? - Herdentrieb

<blockquote class="wp-embedded-content" data-secret="TFIRhGf7qH"><a href="https://blog.zeit.de/herdentrieb/2011/12/18/hartz-iv-fur-die-usa_3996">Hartz IV für die USA?</a></blockquote><iframe sandbox="allow-scripts" security="restricted" src="https://blog.zeit.de/herdentrieb/2011/12/18/hartz-iv-fur-die-usa_3996/embed#?secret=TFIRhGf7qH" width="600" height="338" title="&#8222;Hartz IV für die USA?&#8220; &#8212; Herdentrieb" data-secret="TFIRhGf7qH" frameborder="0" marginwidth="0" marginheight="0" scrolling="no" class="wp-embedded-content"></iframe><script type="text/javascript">
/* <![CDATA[ */
/*! This file is auto-generated */
!function(d,l){"use strict";l.querySelector&&d.addEventListener&&"undefined"!=typeof URL&&(d.wp=d.wp||{},d.wp.receiveEmbedMessage||(d.wp.receiveEmbedMessage=function(e){var t=e.data;if((t||t.secret||t.message||t.value)&&!/[^a-zA-Z0-9]/.test(t.secret)){for(var s,r,n,a=l.querySelectorAll('iframe[data-secret="'+t.secret+'"]'),o=l.querySelectorAll('blockquote[data-secret="'+t.secret+'"]'),c=new RegExp("^https?:$","i"),i=0;i<o.length;i++)o[i].style.display="none";for(i=0;i<a.length;i++)s=a[i],e.source===s.contentWindow&&(s.removeAttribute("style"),"height"===t.message?(1e3<(r=parseInt(t.value,10))?r=1e3:~~r<200&&(r=200),s.height=r):"link"===t.message&&(r=new URL(s.getAttribute("src")),n=new URL(t.value),c.test(n.protocol))&&n.host===r.host&&l.activeElement===s&&(d.top.location.href=t.value))}},d.addEventListener("message",d.wp.receiveEmbedMessage,!1),l.addEventListener("DOMContentLoaded",function(){for(var e,t,s=l.querySelectorAll("iframe.wp-embedded-content"),r=0;r<s.length;r++)(t=(e=s[r]).getAttribute("data-secret"))||(t=Math.random().toString(36).substring(2,12),e.src+="#?secret="+t,e.setAttribute("data-secret",t)),e.contentWindow.postMessage({message:"ready",secret:t},"*")},!1)))}(window,document);
/* ]]> */
</script>

Patrick Bernau wirft eine interessante Frage auf: Die USA haben offensichtlich ein Problem mit ihrem Arbeitsmarkt und ihrer Exportstärke und sie bilden mit den Chinesen eine Art Währungsunion, in der das Instrument der Währungsabwertung nur begrenzt zur Verfügung steht. In einer ähnlichen Lage befanden sich die Deutschen – und jetzt läuft es ja wieder ganz [&hellip;]
