{"version":"1.0","provider_name":"Herdentrieb","provider_url":"https:\/\/blog.zeit.de\/herdentrieb","author_name":"Robert von Heusinger","author_url":"https:\/\/blog.zeit.de\/herdentrieb\/author\/robert-von-heusinger","title":"Ich bin ausnahmsweise ganz bei Weidmann - Herdentrieb","type":"rich","width":600,"height":338,"html":"<blockquote class=\"wp-embedded-content\" data-secret=\"0FEc6XDcpT\"><a href=\"https:\/\/blog.zeit.de\/herdentrieb\/2011\/12\/29\/ich-bin-ausnahmsweise-ganz-bei-weidmann-2_4026\">Ich bin ausnahmsweise ganz bei Weidmann<\/a><\/blockquote><iframe sandbox=\"allow-scripts\" security=\"restricted\" src=\"https:\/\/blog.zeit.de\/herdentrieb\/2011\/12\/29\/ich-bin-ausnahmsweise-ganz-bei-weidmann-2_4026\/embed#?secret=0FEc6XDcpT\" width=\"600\" height=\"338\" title=\"&#8222;Ich bin ausnahmsweise ganz bei Weidmann&#8220; &#8212; Herdentrieb\" data-secret=\"0FEc6XDcpT\" frameborder=\"0\" marginwidth=\"0\" marginheight=\"0\" scrolling=\"no\" class=\"wp-embedded-content\"><\/iframe><script type=\"text\/javascript\">\n\/* <![CDATA[ *\/\n\/*! This file is auto-generated *\/\n!function(d,l){\"use strict\";l.querySelector&&d.addEventListener&&\"undefined\"!=typeof URL&&(d.wp=d.wp||{},d.wp.receiveEmbedMessage||(d.wp.receiveEmbedMessage=function(e){var t=e.data;if((t||t.secret||t.message||t.value)&&!\/[^a-zA-Z0-9]\/.test(t.secret)){for(var s,r,n,a=l.querySelectorAll('iframe[data-secret=\"'+t.secret+'\"]'),o=l.querySelectorAll('blockquote[data-secret=\"'+t.secret+'\"]'),c=new RegExp(\"^https?:$\",\"i\"),i=0;i<o.length;i++)o[i].style.display=\"none\";for(i=0;i<a.length;i++)s=a[i],e.source===s.contentWindow&&(s.removeAttribute(\"style\"),\"height\"===t.message?(1e3<(r=parseInt(t.value,10))?r=1e3:~~r<200&&(r=200),s.height=r):\"link\"===t.message&&(r=new URL(s.getAttribute(\"src\")),n=new URL(t.value),c.test(n.protocol))&&n.host===r.host&&l.activeElement===s&&(d.top.location.href=t.value))}},d.addEventListener(\"message\",d.wp.receiveEmbedMessage,!1),l.addEventListener(\"DOMContentLoaded\",function(){for(var e,t,s=l.querySelectorAll(\"iframe.wp-embedded-content\"),r=0;r<s.length;r++)(t=(e=s[r]).getAttribute(\"data-secret\"))||(t=Math.random().toString(36).substring(2,12),e.src+=\"#?secret=\"+t,e.setAttribute(\"data-secret\",t)),e.contentWindow.postMessage({message:\"ready\",secret:t},\"*\")},!1)))}(window,document);\n\/* ]]> *\/\n<\/script>\n","description":"So sehr mich der Kurs von Bundesbank und Bundesregierung in der Euro-Krise auch aufregen, den j\u00fcngsten \u00c4u\u00dferungen Jens Weidmanns zur deutschen Konjunktur stimme ich zu. Der Bundesbankpr\u00e4sident warnt vor zu viel Schwarzmalerei. Ich habe lange gebraucht, mich zu entscheiden, ob ich f\u00fcr 2012 den Optimisten oder Pessimisten geben soll. Das Hadern ist der eine Grund, [&hellip;]","thumbnail_url":"https:\/\/blog.zeit.de\/herdentrieb\/files\/2011\/12\/Kreditstandards_deutsche-Banken_11Q3.gif"}

So sehr mich der Kurs von Bundesbank und Bundesregierung in der Euro-Krise auch aufregen, den jüngsten Äußerungen Jens Weidmanns zur deutschen Konjunktur stimme ich zu. Der Bundesbankpräsident warnt vor zu viel Schwarzmalerei. Ich habe lange gebraucht, mich zu entscheiden, ob ich für 2012 den Optimisten oder Pessimisten geben soll. Das Hadern ist der eine Grund, [&hellip;]
