{"version":"1.0","provider_name":"Herdentrieb","provider_url":"https:\/\/blog.zeit.de\/herdentrieb","author_name":"Mark Schieritz","author_url":"https:\/\/blog.zeit.de\/herdentrieb\/author\/mark-schieritz","title":"Was ist f\u00fcr Jakob Augstein links? - Herdentrieb","type":"rich","width":600,"height":338,"html":"<blockquote class=\"wp-embedded-content\" data-secret=\"kGs0O9IJG9\"><a href=\"https:\/\/blog.zeit.de\/herdentrieb\/2012\/07\/03\/was-ist-fur-jakob-augstein-links_5011\">Was ist f\u00fcr Jakob Augstein links?<\/a><\/blockquote><iframe sandbox=\"allow-scripts\" security=\"restricted\" src=\"https:\/\/blog.zeit.de\/herdentrieb\/2012\/07\/03\/was-ist-fur-jakob-augstein-links_5011\/embed#?secret=kGs0O9IJG9\" width=\"600\" height=\"338\" title=\"&#8222;Was ist f\u00fcr Jakob Augstein links?&#8220; &#8212; Herdentrieb\" data-secret=\"kGs0O9IJG9\" frameborder=\"0\" marginwidth=\"0\" marginheight=\"0\" scrolling=\"no\" class=\"wp-embedded-content\"><\/iframe><script type=\"text\/javascript\">\n\/* <![CDATA[ *\/\n\/*! This file is auto-generated *\/\n!function(d,l){\"use strict\";l.querySelector&&d.addEventListener&&\"undefined\"!=typeof URL&&(d.wp=d.wp||{},d.wp.receiveEmbedMessage||(d.wp.receiveEmbedMessage=function(e){var t=e.data;if((t||t.secret||t.message||t.value)&&!\/[^a-zA-Z0-9]\/.test(t.secret)){for(var s,r,n,a=l.querySelectorAll('iframe[data-secret=\"'+t.secret+'\"]'),o=l.querySelectorAll('blockquote[data-secret=\"'+t.secret+'\"]'),c=new RegExp(\"^https?:$\",\"i\"),i=0;i<o.length;i++)o[i].style.display=\"none\";for(i=0;i<a.length;i++)s=a[i],e.source===s.contentWindow&&(s.removeAttribute(\"style\"),\"height\"===t.message?(1e3<(r=parseInt(t.value,10))?r=1e3:~~r<200&&(r=200),s.height=r):\"link\"===t.message&&(r=new URL(s.getAttribute(\"src\")),n=new URL(t.value),c.test(n.protocol))&&n.host===r.host&&l.activeElement===s&&(d.top.location.href=t.value))}},d.addEventListener(\"message\",d.wp.receiveEmbedMessage,!1),l.addEventListener(\"DOMContentLoaded\",function(){for(var e,t,s=l.querySelectorAll(\"iframe.wp-embedded-content\"),r=0;r<s.length;r++)(t=(e=s[r]).getAttribute(\"data-secret\"))||(t=Math.random().toString(36).substring(2,12),e.src+=\"#?secret=\"+t,e.setAttribute(\"data-secret\",t)),e.contentWindow.postMessage({message:\"ready\",secret:t},\"*\")},!1)))}(window,document);\n\/* ]]> *\/\n<\/script>\n","description":"Ich sch\u00e4tze die Kolumne von Jakob Augstein sehr und ich bin nicht unbedingt als Anh\u00e4nger der Regierungspolitik bekannt, aber was er diese Woche geschrieben hat, kann man so nicht stehen lassen Am S\u00fcden ist Merkels Austerit\u00e4tspolitik in der vergangenen Woche gescheitert. Im S\u00fcden liegt das soziale Korrektiv des Kontinents. Und wenn schon die Deutschen linke [&hellip;]","thumbnail_url":"https:\/\/blog.zeit.de\/herdentrieb\/files\/2012\/07\/krugmanwelfare-300x180.png"}

Was ist für Jakob Augstein links? - Herdentrieb

<blockquote class="wp-embedded-content" data-secret="kGs0O9IJG9"><a href="https://blog.zeit.de/herdentrieb/2012/07/03/was-ist-fur-jakob-augstein-links_5011">Was ist für Jakob Augstein links?</a></blockquote><iframe sandbox="allow-scripts" security="restricted" src="https://blog.zeit.de/herdentrieb/2012/07/03/was-ist-fur-jakob-augstein-links_5011/embed#?secret=kGs0O9IJG9" width="600" height="338" title="&#8222;Was ist für Jakob Augstein links?&#8220; &#8212; Herdentrieb" data-secret="kGs0O9IJG9" frameborder="0" marginwidth="0" marginheight="0" scrolling="no" class="wp-embedded-content"></iframe><script type="text/javascript">
/* <![CDATA[ */
/*! This file is auto-generated */
!function(d,l){"use strict";l.querySelector&&d.addEventListener&&"undefined"!=typeof URL&&(d.wp=d.wp||{},d.wp.receiveEmbedMessage||(d.wp.receiveEmbedMessage=function(e){var t=e.data;if((t||t.secret||t.message||t.value)&&!/[^a-zA-Z0-9]/.test(t.secret)){for(var s,r,n,a=l.querySelectorAll('iframe[data-secret="'+t.secret+'"]'),o=l.querySelectorAll('blockquote[data-secret="'+t.secret+'"]'),c=new RegExp("^https?:$","i"),i=0;i<o.length;i++)o[i].style.display="none";for(i=0;i<a.length;i++)s=a[i],e.source===s.contentWindow&&(s.removeAttribute("style"),"height"===t.message?(1e3<(r=parseInt(t.value,10))?r=1e3:~~r<200&&(r=200),s.height=r):"link"===t.message&&(r=new URL(s.getAttribute("src")),n=new URL(t.value),c.test(n.protocol))&&n.host===r.host&&l.activeElement===s&&(d.top.location.href=t.value))}},d.addEventListener("message",d.wp.receiveEmbedMessage,!1),l.addEventListener("DOMContentLoaded",function(){for(var e,t,s=l.querySelectorAll("iframe.wp-embedded-content"),r=0;r<s.length;r++)(t=(e=s[r]).getAttribute("data-secret"))||(t=Math.random().toString(36).substring(2,12),e.src+="#?secret="+t,e.setAttribute("data-secret",t)),e.contentWindow.postMessage({message:"ready",secret:t},"*")},!1)))}(window,document);
/* ]]> */
</script>

Ich schätze die Kolumne von Jakob Augstein sehr und ich bin nicht unbedingt als Anhänger der Regierungspolitik bekannt, aber was er diese Woche geschrieben hat, kann man so nicht stehen lassen Am Süden ist Merkels Austeritätspolitik in der vergangenen Woche gescheitert. Im Süden liegt das soziale Korrektiv des Kontinents. Und wenn schon die Deutschen linke [&hellip;]
