{"version":"1.0","provider_name":"Herdentrieb","provider_url":"https:\/\/blog.zeit.de\/herdentrieb","author_name":"Mark Schieritz","author_url":"https:\/\/blog.zeit.de\/herdentrieb\/author\/mark-schieritz","title":"Wo Sarrazin recht hat, hat er recht - Herdentrieb","type":"rich","width":600,"height":338,"html":"<blockquote class=\"wp-embedded-content\" data-secret=\"VUtR0KSkhZ\"><a href=\"https:\/\/blog.zeit.de\/herdentrieb\/2012\/07\/17\/wo-sarrazin-recht-hat-hat-er-recht_5078\">Wo Sarrazin recht hat, hat er recht<\/a><\/blockquote><iframe sandbox=\"allow-scripts\" security=\"restricted\" src=\"https:\/\/blog.zeit.de\/herdentrieb\/2012\/07\/17\/wo-sarrazin-recht-hat-hat-er-recht_5078\/embed#?secret=VUtR0KSkhZ\" width=\"600\" height=\"338\" title=\"&#8222;Wo Sarrazin recht hat, hat er recht&#8220; &#8212; Herdentrieb\" data-secret=\"VUtR0KSkhZ\" frameborder=\"0\" marginwidth=\"0\" marginheight=\"0\" scrolling=\"no\" class=\"wp-embedded-content\"><\/iframe><script type=\"text\/javascript\">\n\/* <![CDATA[ *\/\n\/*! This file is auto-generated *\/\n!function(d,l){\"use strict\";l.querySelector&&d.addEventListener&&\"undefined\"!=typeof URL&&(d.wp=d.wp||{},d.wp.receiveEmbedMessage||(d.wp.receiveEmbedMessage=function(e){var t=e.data;if((t||t.secret||t.message||t.value)&&!\/[^a-zA-Z0-9]\/.test(t.secret)){for(var s,r,n,a=l.querySelectorAll('iframe[data-secret=\"'+t.secret+'\"]'),o=l.querySelectorAll('blockquote[data-secret=\"'+t.secret+'\"]'),c=new RegExp(\"^https?:$\",\"i\"),i=0;i<o.length;i++)o[i].style.display=\"none\";for(i=0;i<a.length;i++)s=a[i],e.source===s.contentWindow&&(s.removeAttribute(\"style\"),\"height\"===t.message?(1e3<(r=parseInt(t.value,10))?r=1e3:~~r<200&&(r=200),s.height=r):\"link\"===t.message&&(r=new URL(s.getAttribute(\"src\")),n=new URL(t.value),c.test(n.protocol))&&n.host===r.host&&l.activeElement===s&&(d.top.location.href=t.value))}},d.addEventListener(\"message\",d.wp.receiveEmbedMessage,!1),l.addEventListener(\"DOMContentLoaded\",function(){for(var e,t,s=l.querySelectorAll(\"iframe.wp-embedded-content\"),r=0;r<s.length;r++)(t=(e=s[r]).getAttribute(\"data-secret\"))||(t=Math.random().toString(36).substring(2,12),e.src+=\"#?secret=\"+t,e.setAttribute(\"data-secret\",t)),e.contentWindow.postMessage({message:\"ready\",secret:t},\"*\")},!1)))}(window,document);\n\/* ]]> *\/\n<\/script>\n","description":"Es gibt erste kritische Kommentare zur Thilo Sarrazins Text heute in der FAZ. Und in der Tat ist seine Analyse nicht immer auf der H\u00f6he der Zeit. So schreibt er etwa \u00fcber die Korrektur von \u00f6konomischen Ungleichgewichten: Das ist v\u00f6llig normal, in sich auch gar nicht katastrophal und zudem unvermeidlich, da das Ventil der Wechselkurse [&hellip;]"}

Es gibt erste kritische Kommentare zur Thilo Sarrazins Text heute in der FAZ. Und in der Tat ist seine Analyse nicht immer auf der Höhe der Zeit. So schreibt er etwa über die Korrektur von ökonomischen Ungleichgewichten: Das ist völlig normal, in sich auch gar nicht katastrophal und zudem unvermeidlich, da das Ventil der Wechselkurse [&hellip;]
