{"version":"1.0","provider_name":"Herdentrieb","provider_url":"https:\/\/blog.zeit.de\/herdentrieb","author_name":"Mark Schieritz","author_url":"https:\/\/blog.zeit.de\/herdentrieb\/author\/mark-schieritz","title":"Was w\u00e4ren wir ohne die Inflation - Herdentrieb","type":"rich","width":600,"height":338,"html":"<blockquote class=\"wp-embedded-content\" data-secret=\"v4Q6wCrYcL\"><a href=\"https:\/\/blog.zeit.de\/herdentrieb\/2012\/09\/24\/was-waren-wir-ohne-die-inflation_5243\">Was w\u00e4ren wir ohne die Inflation<\/a><\/blockquote><iframe sandbox=\"allow-scripts\" security=\"restricted\" src=\"https:\/\/blog.zeit.de\/herdentrieb\/2012\/09\/24\/was-waren-wir-ohne-die-inflation_5243\/embed#?secret=v4Q6wCrYcL\" width=\"600\" height=\"338\" title=\"&#8222;Was w\u00e4ren wir ohne die Inflation&#8220; &#8212; Herdentrieb\" data-secret=\"v4Q6wCrYcL\" frameborder=\"0\" marginwidth=\"0\" marginheight=\"0\" scrolling=\"no\" class=\"wp-embedded-content\"><\/iframe><script type=\"text\/javascript\">\n\/* <![CDATA[ *\/\n\/*! This file is auto-generated *\/\n!function(d,l){\"use strict\";l.querySelector&&d.addEventListener&&\"undefined\"!=typeof URL&&(d.wp=d.wp||{},d.wp.receiveEmbedMessage||(d.wp.receiveEmbedMessage=function(e){var t=e.data;if((t||t.secret||t.message||t.value)&&!\/[^a-zA-Z0-9]\/.test(t.secret)){for(var s,r,n,a=l.querySelectorAll('iframe[data-secret=\"'+t.secret+'\"]'),o=l.querySelectorAll('blockquote[data-secret=\"'+t.secret+'\"]'),c=new RegExp(\"^https?:$\",\"i\"),i=0;i<o.length;i++)o[i].style.display=\"none\";for(i=0;i<a.length;i++)s=a[i],e.source===s.contentWindow&&(s.removeAttribute(\"style\"),\"height\"===t.message?(1e3<(r=parseInt(t.value,10))?r=1e3:~~r<200&&(r=200),s.height=r):\"link\"===t.message&&(r=new URL(s.getAttribute(\"src\")),n=new URL(t.value),c.test(n.protocol))&&n.host===r.host&&l.activeElement===s&&(d.top.location.href=t.value))}},d.addEventListener(\"message\",d.wp.receiveEmbedMessage,!1),l.addEventListener(\"DOMContentLoaded\",function(){for(var e,t,s=l.querySelectorAll(\"iframe.wp-embedded-content\"),r=0;r<s.length;r++)(t=(e=s[r]).getAttribute(\"data-secret\"))||(t=Math.random().toString(36).substring(2,12),e.src+=\"#?secret=\"+t,e.setAttribute(\"data-secret\",t)),e.contentWindow.postMessage({message:\"ready\",secret:t},\"*\")},!1)))}(window,document);\n\/* ]]> *\/\n<\/script>\n","description":"Die Wirtschaftswoche zur neuen Hebel-Idee: Mittelfristig wird die von der EZB ausgel\u00f6ste Geldschwemme zu mehr Inflation f\u00fchren. Die Anleger wissen das. Statt Haircuts droht ihnen die Enteignung durch Inflation und negative Realzinsen. Daher d\u00fcrften sie wenig geneigt sein, mehr Geld in ESM-gehebelte Staatsanleihen der S\u00fcdl\u00e4nder zu investieren. Inwieweit die Politik der EZB dazu beigetragen hat, [&hellip;]"}

Was wären wir ohne die Inflation - Herdentrieb

<blockquote class="wp-embedded-content" data-secret="v4Q6wCrYcL"><a href="https://blog.zeit.de/herdentrieb/2012/09/24/was-waren-wir-ohne-die-inflation_5243">Was wären wir ohne die Inflation</a></blockquote><iframe sandbox="allow-scripts" security="restricted" src="https://blog.zeit.de/herdentrieb/2012/09/24/was-waren-wir-ohne-die-inflation_5243/embed#?secret=v4Q6wCrYcL" width="600" height="338" title="&#8222;Was wären wir ohne die Inflation&#8220; &#8212; Herdentrieb" data-secret="v4Q6wCrYcL" frameborder="0" marginwidth="0" marginheight="0" scrolling="no" class="wp-embedded-content"></iframe><script type="text/javascript">
/* <![CDATA[ */
/*! This file is auto-generated */
!function(d,l){"use strict";l.querySelector&&d.addEventListener&&"undefined"!=typeof URL&&(d.wp=d.wp||{},d.wp.receiveEmbedMessage||(d.wp.receiveEmbedMessage=function(e){var t=e.data;if((t||t.secret||t.message||t.value)&&!/[^a-zA-Z0-9]/.test(t.secret)){for(var s,r,n,a=l.querySelectorAll('iframe[data-secret="'+t.secret+'"]'),o=l.querySelectorAll('blockquote[data-secret="'+t.secret+'"]'),c=new RegExp("^https?:$","i"),i=0;i<o.length;i++)o[i].style.display="none";for(i=0;i<a.length;i++)s=a[i],e.source===s.contentWindow&&(s.removeAttribute("style"),"height"===t.message?(1e3<(r=parseInt(t.value,10))?r=1e3:~~r<200&&(r=200),s.height=r):"link"===t.message&&(r=new URL(s.getAttribute("src")),n=new URL(t.value),c.test(n.protocol))&&n.host===r.host&&l.activeElement===s&&(d.top.location.href=t.value))}},d.addEventListener("message",d.wp.receiveEmbedMessage,!1),l.addEventListener("DOMContentLoaded",function(){for(var e,t,s=l.querySelectorAll("iframe.wp-embedded-content"),r=0;r<s.length;r++)(t=(e=s[r]).getAttribute("data-secret"))||(t=Math.random().toString(36).substring(2,12),e.src+="#?secret="+t,e.setAttribute("data-secret",t)),e.contentWindow.postMessage({message:"ready",secret:t},"*")},!1)))}(window,document);
/* ]]> */
</script>

Die Wirtschaftswoche zur neuen Hebel-Idee: Mittelfristig wird die von der EZB ausgelöste Geldschwemme zu mehr Inflation führen. Die Anleger wissen das. Statt Haircuts droht ihnen die Enteignung durch Inflation und negative Realzinsen. Daher dürften sie wenig geneigt sein, mehr Geld in ESM-gehebelte Staatsanleihen der Südländer zu investieren. Inwieweit die Politik der EZB dazu beigetragen hat, [&hellip;]
