{"version":"1.0","provider_name":"Herdentrieb","provider_url":"https:\/\/blog.zeit.de\/herdentrieb","author_name":"Mark Schieritz","author_url":"https:\/\/blog.zeit.de\/herdentrieb\/author\/mark-schieritz","title":"Wann kommt der Schuldenschnitt in Griechenland? - Herdentrieb","type":"rich","width":600,"height":338,"html":"<blockquote class=\"wp-embedded-content\" data-secret=\"hiASc8EuVI\"><a href=\"https:\/\/blog.zeit.de\/herdentrieb\/2012\/11\/21\/wann-kommt-der-schuldenschnitt-in-griechenland_5469\">Wann kommt der Schuldenschnitt in Griechenland?<\/a><\/blockquote><iframe sandbox=\"allow-scripts\" security=\"restricted\" src=\"https:\/\/blog.zeit.de\/herdentrieb\/2012\/11\/21\/wann-kommt-der-schuldenschnitt-in-griechenland_5469\/embed#?secret=hiASc8EuVI\" width=\"600\" height=\"338\" title=\"&#8222;Wann kommt der Schuldenschnitt in Griechenland?&#8220; &#8212; Herdentrieb\" data-secret=\"hiASc8EuVI\" frameborder=\"0\" marginwidth=\"0\" marginheight=\"0\" scrolling=\"no\" class=\"wp-embedded-content\"><\/iframe><script type=\"text\/javascript\">\n\/* <![CDATA[ *\/\n\/*! This file is auto-generated *\/\n!function(d,l){\"use strict\";l.querySelector&&d.addEventListener&&\"undefined\"!=typeof URL&&(d.wp=d.wp||{},d.wp.receiveEmbedMessage||(d.wp.receiveEmbedMessage=function(e){var t=e.data;if((t||t.secret||t.message||t.value)&&!\/[^a-zA-Z0-9]\/.test(t.secret)){for(var s,r,n,a=l.querySelectorAll('iframe[data-secret=\"'+t.secret+'\"]'),o=l.querySelectorAll('blockquote[data-secret=\"'+t.secret+'\"]'),c=new RegExp(\"^https?:$\",\"i\"),i=0;i<o.length;i++)o[i].style.display=\"none\";for(i=0;i<a.length;i++)s=a[i],e.source===s.contentWindow&&(s.removeAttribute(\"style\"),\"height\"===t.message?(1e3<(r=parseInt(t.value,10))?r=1e3:~~r<200&&(r=200),s.height=r):\"link\"===t.message&&(r=new URL(s.getAttribute(\"src\")),n=new URL(t.value),c.test(n.protocol))&&n.host===r.host&&l.activeElement===s&&(d.top.location.href=t.value))}},d.addEventListener(\"message\",d.wp.receiveEmbedMessage,!1),l.addEventListener(\"DOMContentLoaded\",function(){for(var e,t,s=l.querySelectorAll(\"iframe.wp-embedded-content\"),r=0;r<s.length;r++)(t=(e=s[r]).getAttribute(\"data-secret\"))||(t=Math.random().toString(36).substring(2,12),e.src+=\"#?secret=\"+t,e.setAttribute(\"data-secret\",t)),e.contentWindow.postMessage({message:\"ready\",secret:t},\"*\")},!1)))}(window,document);\n\/* ]]> *\/\n<\/script>\n","description":"Der Streit um eine L\u00f6sung der Griechenlandfrage h\u00e4lt an, am Dienstag dieser Woche konnte sich die Euro-Gruppe nicht auf ein Ma\u00dfnahmenpaket einigen, um die Schulden des Landes zu dr\u00fccken \u2013 vor allem weil Deutschland radikale Ma\u00dfnahmen wie einen Schuldenschnitt zum jetzigen Zeitpunkt scheut. Argumentierte die Bundesregierung bisher eher formaljuristisch \u2013 ein Schuldenschnitt macht aus einem [&hellip;]"}

Der Streit um eine Lösung der Griechenlandfrage hält an, am Dienstag dieser Woche konnte sich die Euro-Gruppe nicht auf ein Maßnahmenpaket einigen, um die Schulden des Landes zu drücken – vor allem weil Deutschland radikale Maßnahmen wie einen Schuldenschnitt zum jetzigen Zeitpunkt scheut. Argumentierte die Bundesregierung bisher eher formaljuristisch – ein Schuldenschnitt macht aus einem [&hellip;]
