{"version":"1.0","provider_name":"Herdentrieb","provider_url":"https:\/\/blog.zeit.de\/herdentrieb","author_name":"Mark Schieritz","author_url":"https:\/\/blog.zeit.de\/herdentrieb\/author\/mark-schieritz","title":"Die gewagten Prognosen des Wolfgang Sch\u00e4uble - Herdentrieb","type":"rich","width":600,"height":338,"html":"<blockquote class=\"wp-embedded-content\" data-secret=\"HEYd60Wc8Y\"><a href=\"https:\/\/blog.zeit.de\/herdentrieb\/2013\/11\/26\/die-gewagten-prognosen-des-wolfgang-schauble_6818\">Die gewagten Prognosen des Wolfgang Sch\u00e4uble<\/a><\/blockquote><iframe sandbox=\"allow-scripts\" security=\"restricted\" src=\"https:\/\/blog.zeit.de\/herdentrieb\/2013\/11\/26\/die-gewagten-prognosen-des-wolfgang-schauble_6818\/embed#?secret=HEYd60Wc8Y\" width=\"600\" height=\"338\" title=\"&#8222;Die gewagten Prognosen des Wolfgang Sch\u00e4uble&#8220; &#8212; Herdentrieb\" data-secret=\"HEYd60Wc8Y\" frameborder=\"0\" marginwidth=\"0\" marginheight=\"0\" scrolling=\"no\" class=\"wp-embedded-content\"><\/iframe><script type=\"text\/javascript\">\n\/* <![CDATA[ *\/\n\/*! This file is auto-generated *\/\n!function(d,l){\"use strict\";l.querySelector&&d.addEventListener&&\"undefined\"!=typeof URL&&(d.wp=d.wp||{},d.wp.receiveEmbedMessage||(d.wp.receiveEmbedMessage=function(e){var t=e.data;if((t||t.secret||t.message||t.value)&&!\/[^a-zA-Z0-9]\/.test(t.secret)){for(var s,r,n,a=l.querySelectorAll('iframe[data-secret=\"'+t.secret+'\"]'),o=l.querySelectorAll('blockquote[data-secret=\"'+t.secret+'\"]'),c=new RegExp(\"^https?:$\",\"i\"),i=0;i<o.length;i++)o[i].style.display=\"none\";for(i=0;i<a.length;i++)s=a[i],e.source===s.contentWindow&&(s.removeAttribute(\"style\"),\"height\"===t.message?(1e3<(r=parseInt(t.value,10))?r=1e3:~~r<200&&(r=200),s.height=r):\"link\"===t.message&&(r=new URL(s.getAttribute(\"src\")),n=new URL(t.value),c.test(n.protocol))&&n.host===r.host&&l.activeElement===s&&(d.top.location.href=t.value))}},d.addEventListener(\"message\",d.wp.receiveEmbedMessage,!1),l.addEventListener(\"DOMContentLoaded\",function(){for(var e,t,s=l.querySelectorAll(\"iframe.wp-embedded-content\"),r=0;r<s.length;r++)(t=(e=s[r]).getAttribute(\"data-secret\"))||(t=Math.random().toString(36).substring(2,12),e.src+=\"#?secret=\"+t,e.setAttribute(\"data-secret\",t)),e.contentWindow.postMessage({message:\"ready\",secret:t},\"*\")},!1)))}(window,document);\n\/* ]]> *\/\n<\/script>\n","description":"Ich habe bereits \u00fcber ein Papier des Bundesfinanzministeriums berichtet, in dem die gesamtwirtschaftlichen Auswirkungen der in den Koalitionsverhandlungen diskutierten Ma\u00dfnahmen bei Rente, Pflege und auf dem Arbeitsmarkt beziffert werden. Hier nun ein Auszug aus dem Papier. Wie gesagt: Man kann \u00fcber das F\u00fcr und Wider aller Vorschl\u00e4ge lange streiten. Ich habe nur erhebliche Zweifel daran, [&hellip;]","thumbnail_url":"https:\/\/blog.zeit.de\/herdentrieb\/files\/2013\/11\/koa.png"}

Die gewagten Prognosen des Wolfgang Schäuble - Herdentrieb

<blockquote class="wp-embedded-content" data-secret="HEYd60Wc8Y"><a href="https://blog.zeit.de/herdentrieb/2013/11/26/die-gewagten-prognosen-des-wolfgang-schauble_6818">Die gewagten Prognosen des Wolfgang Schäuble</a></blockquote><iframe sandbox="allow-scripts" security="restricted" src="https://blog.zeit.de/herdentrieb/2013/11/26/die-gewagten-prognosen-des-wolfgang-schauble_6818/embed#?secret=HEYd60Wc8Y" width="600" height="338" title="&#8222;Die gewagten Prognosen des Wolfgang Schäuble&#8220; &#8212; Herdentrieb" data-secret="HEYd60Wc8Y" frameborder="0" marginwidth="0" marginheight="0" scrolling="no" class="wp-embedded-content"></iframe><script type="text/javascript">
/* <![CDATA[ */
/*! This file is auto-generated */
!function(d,l){"use strict";l.querySelector&&d.addEventListener&&"undefined"!=typeof URL&&(d.wp=d.wp||{},d.wp.receiveEmbedMessage||(d.wp.receiveEmbedMessage=function(e){var t=e.data;if((t||t.secret||t.message||t.value)&&!/[^a-zA-Z0-9]/.test(t.secret)){for(var s,r,n,a=l.querySelectorAll('iframe[data-secret="'+t.secret+'"]'),o=l.querySelectorAll('blockquote[data-secret="'+t.secret+'"]'),c=new RegExp("^https?:$","i"),i=0;i<o.length;i++)o[i].style.display="none";for(i=0;i<a.length;i++)s=a[i],e.source===s.contentWindow&&(s.removeAttribute("style"),"height"===t.message?(1e3<(r=parseInt(t.value,10))?r=1e3:~~r<200&&(r=200),s.height=r):"link"===t.message&&(r=new URL(s.getAttribute("src")),n=new URL(t.value),c.test(n.protocol))&&n.host===r.host&&l.activeElement===s&&(d.top.location.href=t.value))}},d.addEventListener("message",d.wp.receiveEmbedMessage,!1),l.addEventListener("DOMContentLoaded",function(){for(var e,t,s=l.querySelectorAll("iframe.wp-embedded-content"),r=0;r<s.length;r++)(t=(e=s[r]).getAttribute("data-secret"))||(t=Math.random().toString(36).substring(2,12),e.src+="#?secret="+t,e.setAttribute("data-secret",t)),e.contentWindow.postMessage({message:"ready",secret:t},"*")},!1)))}(window,document);
/* ]]> */
</script>

Ich habe bereits über ein Papier des Bundesfinanzministeriums berichtet, in dem die gesamtwirtschaftlichen Auswirkungen der in den Koalitionsverhandlungen diskutierten Maßnahmen bei Rente, Pflege und auf dem Arbeitsmarkt beziffert werden. Hier nun ein Auszug aus dem Papier. Wie gesagt: Man kann über das Für und Wider aller Vorschläge lange streiten. Ich habe nur erhebliche Zweifel daran, [&hellip;]
