{"version":"1.0","provider_name":"Herdentrieb","provider_url":"https:\/\/blog.zeit.de\/herdentrieb","author_name":"Dieter Wermuth","author_url":"https:\/\/blog.zeit.de\/herdentrieb\/author\/dieter-wermuth","title":"DAX schw\u00e4chelt trotz starkem Ifo-Index - Herdentrieb","type":"rich","width":600,"height":338,"html":"<blockquote class=\"wp-embedded-content\" data-secret=\"Y3ByFMXa9N\"><a href=\"https:\/\/blog.zeit.de\/herdentrieb\/2014\/01\/27\/dax-schwachelt-trotz-starkem-ifo-index_6993\">DAX schw\u00e4chelt trotz starkem Ifo-Index<\/a><\/blockquote><iframe sandbox=\"allow-scripts\" security=\"restricted\" src=\"https:\/\/blog.zeit.de\/herdentrieb\/2014\/01\/27\/dax-schwachelt-trotz-starkem-ifo-index_6993\/embed#?secret=Y3ByFMXa9N\" width=\"600\" height=\"338\" title=\"&#8222;DAX schw\u00e4chelt trotz starkem Ifo-Index&#8220; &#8212; Herdentrieb\" data-secret=\"Y3ByFMXa9N\" frameborder=\"0\" marginwidth=\"0\" marginheight=\"0\" scrolling=\"no\" class=\"wp-embedded-content\"><\/iframe><script type=\"text\/javascript\">\n\/* <![CDATA[ *\/\n\/*! This file is auto-generated *\/\n!function(d,l){\"use strict\";l.querySelector&&d.addEventListener&&\"undefined\"!=typeof URL&&(d.wp=d.wp||{},d.wp.receiveEmbedMessage||(d.wp.receiveEmbedMessage=function(e){var t=e.data;if((t||t.secret||t.message||t.value)&&!\/[^a-zA-Z0-9]\/.test(t.secret)){for(var s,r,n,a=l.querySelectorAll('iframe[data-secret=\"'+t.secret+'\"]'),o=l.querySelectorAll('blockquote[data-secret=\"'+t.secret+'\"]'),c=new RegExp(\"^https?:$\",\"i\"),i=0;i<o.length;i++)o[i].style.display=\"none\";for(i=0;i<a.length;i++)s=a[i],e.source===s.contentWindow&&(s.removeAttribute(\"style\"),\"height\"===t.message?(1e3<(r=parseInt(t.value,10))?r=1e3:~~r<200&&(r=200),s.height=r):\"link\"===t.message&&(r=new URL(s.getAttribute(\"src\")),n=new URL(t.value),c.test(n.protocol))&&n.host===r.host&&l.activeElement===s&&(d.top.location.href=t.value))}},d.addEventListener(\"message\",d.wp.receiveEmbedMessage,!1),l.addEventListener(\"DOMContentLoaded\",function(){for(var e,t,s=l.querySelectorAll(\"iframe.wp-embedded-content\"),r=0;r<s.length;r++)(t=(e=s[r]).getAttribute(\"data-secret\"))||(t=Math.random().toString(36).substring(2,12),e.src+=\"#?secret=\"+t,e.setAttribute(\"data-secret\",t)),e.contentWindow.postMessage({message:\"ready\",secret:t},\"*\")},!1)))}(window,document);\n\/* ]]> *\/\n<\/script>\n","description":"Die Erwartungskomponente im Ifo-Index bewegt sich seit vielen Jahren im Gleichschritt mit der deutschen Industrieproduktion \u2013 und die wiederum ist ein Indikator daf\u00fcr, wie sich das reale Sozialprodukt entwickeln wird. Nach den Zahlen, die das Ifo Institut am Montag ver\u00f6ffentlicht hat, d\u00fcrfte die Zuwachsrate der Industrieproduktion gegen\u00fcber dem Vorjahr im kommenden April deutlich \u00fcber f\u00fcnf [&hellip;]","thumbnail_url":"https:\/\/blog.zeit.de\/herdentrieb\/files\/2014\/01\/Ifo_Erwartungen_und_Produktion_1401.gif"}

DAX schwächelt trotz starkem Ifo-Index - Herdentrieb

<blockquote class="wp-embedded-content" data-secret="Y3ByFMXa9N"><a href="https://blog.zeit.de/herdentrieb/2014/01/27/dax-schwachelt-trotz-starkem-ifo-index_6993">DAX schwächelt trotz starkem Ifo-Index</a></blockquote><iframe sandbox="allow-scripts" security="restricted" src="https://blog.zeit.de/herdentrieb/2014/01/27/dax-schwachelt-trotz-starkem-ifo-index_6993/embed#?secret=Y3ByFMXa9N" width="600" height="338" title="&#8222;DAX schwächelt trotz starkem Ifo-Index&#8220; &#8212; Herdentrieb" data-secret="Y3ByFMXa9N" frameborder="0" marginwidth="0" marginheight="0" scrolling="no" class="wp-embedded-content"></iframe><script type="text/javascript">
/* <![CDATA[ */
/*! This file is auto-generated */
!function(d,l){"use strict";l.querySelector&&d.addEventListener&&"undefined"!=typeof URL&&(d.wp=d.wp||{},d.wp.receiveEmbedMessage||(d.wp.receiveEmbedMessage=function(e){var t=e.data;if((t||t.secret||t.message||t.value)&&!/[^a-zA-Z0-9]/.test(t.secret)){for(var s,r,n,a=l.querySelectorAll('iframe[data-secret="'+t.secret+'"]'),o=l.querySelectorAll('blockquote[data-secret="'+t.secret+'"]'),c=new RegExp("^https?:$","i"),i=0;i<o.length;i++)o[i].style.display="none";for(i=0;i<a.length;i++)s=a[i],e.source===s.contentWindow&&(s.removeAttribute("style"),"height"===t.message?(1e3<(r=parseInt(t.value,10))?r=1e3:~~r<200&&(r=200),s.height=r):"link"===t.message&&(r=new URL(s.getAttribute("src")),n=new URL(t.value),c.test(n.protocol))&&n.host===r.host&&l.activeElement===s&&(d.top.location.href=t.value))}},d.addEventListener("message",d.wp.receiveEmbedMessage,!1),l.addEventListener("DOMContentLoaded",function(){for(var e,t,s=l.querySelectorAll("iframe.wp-embedded-content"),r=0;r<s.length;r++)(t=(e=s[r]).getAttribute("data-secret"))||(t=Math.random().toString(36).substring(2,12),e.src+="#?secret="+t,e.setAttribute("data-secret",t)),e.contentWindow.postMessage({message:"ready",secret:t},"*")},!1)))}(window,document);
/* ]]> */
</script>

Die Erwartungskomponente im Ifo-Index bewegt sich seit vielen Jahren im Gleichschritt mit der deutschen Industrieproduktion – und die wiederum ist ein Indikator dafür, wie sich das reale Sozialprodukt entwickeln wird. Nach den Zahlen, die das Ifo Institut am Montag veröffentlicht hat, dürfte die Zuwachsrate der Industrieproduktion gegenüber dem Vorjahr im kommenden April deutlich über fünf [&hellip;]
