{"version":"1.0","provider_name":"Herdentrieb","provider_url":"https:\/\/blog.zeit.de\/herdentrieb","author_name":"Mark Schieritz","author_url":"https:\/\/blog.zeit.de\/herdentrieb\/author\/mark-schieritz","title":"Die Volkswagenkrise - ein Makro-Event? - Herdentrieb","type":"rich","width":600,"height":338,"html":"<blockquote class=\"wp-embedded-content\" data-secret=\"l8PgC69bnX\"><a href=\"https:\/\/blog.zeit.de\/herdentrieb\/2015\/09\/29\/die-volkswagenkrise-ein-makro-event_8892\">Die Volkswagenkrise &#8211; ein Makro-Event?<\/a><\/blockquote><iframe sandbox=\"allow-scripts\" security=\"restricted\" src=\"https:\/\/blog.zeit.de\/herdentrieb\/2015\/09\/29\/die-volkswagenkrise-ein-makro-event_8892\/embed#?secret=l8PgC69bnX\" width=\"600\" height=\"338\" title=\"&#8222;Die Volkswagenkrise &#8211; ein Makro-Event?&#8220; &#8212; Herdentrieb\" data-secret=\"l8PgC69bnX\" frameborder=\"0\" marginwidth=\"0\" marginheight=\"0\" scrolling=\"no\" class=\"wp-embedded-content\"><\/iframe><script type=\"text\/javascript\">\n\/* <![CDATA[ *\/\n\/*! This file is auto-generated *\/\n!function(d,l){\"use strict\";l.querySelector&&d.addEventListener&&\"undefined\"!=typeof URL&&(d.wp=d.wp||{},d.wp.receiveEmbedMessage||(d.wp.receiveEmbedMessage=function(e){var t=e.data;if((t||t.secret||t.message||t.value)&&!\/[^a-zA-Z0-9]\/.test(t.secret)){for(var s,r,n,a=l.querySelectorAll('iframe[data-secret=\"'+t.secret+'\"]'),o=l.querySelectorAll('blockquote[data-secret=\"'+t.secret+'\"]'),c=new RegExp(\"^https?:$\",\"i\"),i=0;i<o.length;i++)o[i].style.display=\"none\";for(i=0;i<a.length;i++)s=a[i],e.source===s.contentWindow&&(s.removeAttribute(\"style\"),\"height\"===t.message?(1e3<(r=parseInt(t.value,10))?r=1e3:~~r<200&&(r=200),s.height=r):\"link\"===t.message&&(r=new URL(s.getAttribute(\"src\")),n=new URL(t.value),c.test(n.protocol))&&n.host===r.host&&l.activeElement===s&&(d.top.location.href=t.value))}},d.addEventListener(\"message\",d.wp.receiveEmbedMessage,!1),l.addEventListener(\"DOMContentLoaded\",function(){for(var e,t,s=l.querySelectorAll(\"iframe.wp-embedded-content\"),r=0;r<s.length;r++)(t=(e=s[r]).getAttribute(\"data-secret\"))||(t=Math.random().toString(36).substring(2,12),e.src+=\"#?secret=\"+t,e.setAttribute(\"data-secret\",t)),e.contentWindow.postMessage({message:\"ready\",secret:t},\"*\")},!1)))}(window,document);\n\/* ]]> *\/\n<\/script>\n","description":"Es kommt nicht oft vor, dass das Schicksal eines Unternehmens Konsequenzen f\u00fcr ein ganzes Land hat \u00a0\u2013 im Fall von Volkswagen k\u00f6nnte es aber so kommen. Der Wolfsburger Konzern ist am Umsatz gemessen das gr\u00f6\u00dfte deutsche Unternehmen und von erheblicher Bedeutung f\u00fcr die Wirtschaft. Dazu Holger Sandte von Nordea: Im vergangenen Jahr hat der VW-Konzern [&hellip;]"}

Es kommt nicht oft vor, dass das Schicksal eines Unternehmens Konsequenzen für ein ganzes Land hat  – im Fall von Volkswagen könnte es aber so kommen. Der Wolfsburger Konzern ist am Umsatz gemessen das größte deutsche Unternehmen und von erheblicher Bedeutung für die Wirtschaft. Dazu Holger Sandte von Nordea: Im vergangenen Jahr hat der VW-Konzern [&hellip;]
