{"version":"1.0","provider_name":"Herdentrieb","provider_url":"https:\/\/blog.zeit.de\/herdentrieb","author_name":"Uwe Richter","author_url":"https:\/\/blog.zeit.de\/herdentrieb\/author\/uwe-richter","title":"Verlierer der Globalisierung \u2013 Wer? Warum? Was tun? - Herdentrieb","type":"rich","width":600,"height":338,"html":"<blockquote class=\"wp-embedded-content\" data-secret=\"RqFzx5KLvX\"><a href=\"https:\/\/blog.zeit.de\/herdentrieb\/2017\/01\/05\/verlierer-der-globalisierung-wer-warum-was-tun_10072\">Verlierer der Globalisierung \u2013 Wer? Warum? Was tun?<\/a><\/blockquote><iframe sandbox=\"allow-scripts\" security=\"restricted\" src=\"https:\/\/blog.zeit.de\/herdentrieb\/2017\/01\/05\/verlierer-der-globalisierung-wer-warum-was-tun_10072\/embed#?secret=RqFzx5KLvX\" width=\"600\" height=\"338\" title=\"&#8222;Verlierer der Globalisierung \u2013 Wer? Warum? Was tun?&#8220; &#8212; Herdentrieb\" data-secret=\"RqFzx5KLvX\" frameborder=\"0\" marginwidth=\"0\" marginheight=\"0\" scrolling=\"no\" class=\"wp-embedded-content\"><\/iframe><script type=\"text\/javascript\">\n\/* <![CDATA[ *\/\n\/*! This file is auto-generated *\/\n!function(d,l){\"use strict\";l.querySelector&&d.addEventListener&&\"undefined\"!=typeof URL&&(d.wp=d.wp||{},d.wp.receiveEmbedMessage||(d.wp.receiveEmbedMessage=function(e){var t=e.data;if((t||t.secret||t.message||t.value)&&!\/[^a-zA-Z0-9]\/.test(t.secret)){for(var s,r,n,a=l.querySelectorAll('iframe[data-secret=\"'+t.secret+'\"]'),o=l.querySelectorAll('blockquote[data-secret=\"'+t.secret+'\"]'),c=new RegExp(\"^https?:$\",\"i\"),i=0;i<o.length;i++)o[i].style.display=\"none\";for(i=0;i<a.length;i++)s=a[i],e.source===s.contentWindow&&(s.removeAttribute(\"style\"),\"height\"===t.message?(1e3<(r=parseInt(t.value,10))?r=1e3:~~r<200&&(r=200),s.height=r):\"link\"===t.message&&(r=new URL(s.getAttribute(\"src\")),n=new URL(t.value),c.test(n.protocol))&&n.host===r.host&&l.activeElement===s&&(d.top.location.href=t.value))}},d.addEventListener(\"message\",d.wp.receiveEmbedMessage,!1),l.addEventListener(\"DOMContentLoaded\",function(){for(var e,t,s=l.querySelectorAll(\"iframe.wp-embedded-content\"),r=0;r<s.length;r++)(t=(e=s[r]).getAttribute(\"data-secret\"))||(t=Math.random().toString(36).substring(2,12),e.src+=\"#?secret=\"+t,e.setAttribute(\"data-secret\",t)),e.contentWindow.postMessage({message:\"ready\",secret:t},\"*\")},!1)))}(window,document);\n\/* ]]> *\/\n<\/script>\n","description":"Exklusiv aus dem Wirtschaftsdienst: Die Globalisierung wird insbesondere von Populisten f\u00fcr Arbeitslosigkeit und soziale Probleme verantwortlich gemacht. Welchen Einfluss hat sie aber tats\u00e4chlich auf den westdeutschen Arbeitsmarkt? War Deutschland anders von der Globalisierung betroffen als die USA oder europ\u00e4ische Partnerl\u00e4nder? Ist auch bei uns mit einer Revolte der &#8222;Abgeh\u00e4ngten&#8220; gegen das Establishment zu rechnen? Und [&hellip;]","thumbnail_url":"http:\/\/blog.zeit.de\/herdentrieb\/files\/2015\/06\/Wirtschaftsdienst_Logo_290x60.gif"}

Exklusiv aus dem Wirtschaftsdienst: Die Globalisierung wird insbesondere von Populisten für Arbeitslosigkeit und soziale Probleme verantwortlich gemacht. Welchen Einfluss hat sie aber tatsächlich auf den westdeutschen Arbeitsmarkt? War Deutschland anders von der Globalisierung betroffen als die USA oder europäische Partnerländer? Ist auch bei uns mit einer Revolte der &#8222;Abgehängten&#8220; gegen das Establishment zu rechnen? Und [&hellip;]
