{"version":"1.0","provider_name":"Herdentrieb","provider_url":"https:\/\/blog.zeit.de\/herdentrieb","author_name":"Uwe Richter","author_url":"https:\/\/blog.zeit.de\/herdentrieb\/author\/uwe-richter","title":"Hartz IV \u2013 Reform der Reform? - Herdentrieb","type":"rich","width":600,"height":338,"html":"<blockquote class=\"wp-embedded-content\" data-secret=\"U3gJDQJqKT\"><a href=\"https:\/\/blog.zeit.de\/herdentrieb\/2019\/04\/10\/hartz-iv-reform-der-reform_11259\">Hartz IV \u2013 Reform der Reform?<\/a><\/blockquote><iframe sandbox=\"allow-scripts\" security=\"restricted\" src=\"https:\/\/blog.zeit.de\/herdentrieb\/2019\/04\/10\/hartz-iv-reform-der-reform_11259\/embed#?secret=U3gJDQJqKT\" width=\"600\" height=\"338\" title=\"&#8222;Hartz IV \u2013 Reform der Reform?&#8220; &#8212; Herdentrieb\" data-secret=\"U3gJDQJqKT\" frameborder=\"0\" marginwidth=\"0\" marginheight=\"0\" scrolling=\"no\" class=\"wp-embedded-content\"><\/iframe><script type=\"text\/javascript\">\n\/* <![CDATA[ *\/\n\/*! This file is auto-generated *\/\n!function(d,l){\"use strict\";l.querySelector&&d.addEventListener&&\"undefined\"!=typeof URL&&(d.wp=d.wp||{},d.wp.receiveEmbedMessage||(d.wp.receiveEmbedMessage=function(e){var t=e.data;if((t||t.secret||t.message||t.value)&&!\/[^a-zA-Z0-9]\/.test(t.secret)){for(var s,r,n,a=l.querySelectorAll('iframe[data-secret=\"'+t.secret+'\"]'),o=l.querySelectorAll('blockquote[data-secret=\"'+t.secret+'\"]'),c=new RegExp(\"^https?:$\",\"i\"),i=0;i<o.length;i++)o[i].style.display=\"none\";for(i=0;i<a.length;i++)s=a[i],e.source===s.contentWindow&&(s.removeAttribute(\"style\"),\"height\"===t.message?(1e3<(r=parseInt(t.value,10))?r=1e3:~~r<200&&(r=200),s.height=r):\"link\"===t.message&&(r=new URL(s.getAttribute(\"src\")),n=new URL(t.value),c.test(n.protocol))&&n.host===r.host&&l.activeElement===s&&(d.top.location.href=t.value))}},d.addEventListener(\"message\",d.wp.receiveEmbedMessage,!1),l.addEventListener(\"DOMContentLoaded\",function(){for(var e,t,s=l.querySelectorAll(\"iframe.wp-embedded-content\"),r=0;r<s.length;r++)(t=(e=s[r]).getAttribute(\"data-secret\"))||(t=Math.random().toString(36).substring(2,12),e.src+=\"#?secret=\"+t,e.setAttribute(\"data-secret\",t)),e.contentWindow.postMessage({message:\"ready\",secret:t},\"*\")},!1)))}(window,document);\n\/* ]]> *\/\n<\/script>\n","description":"Exklusiv aus dem Wirtschaftsdienst: Seit 2005 ist Hartz IV in Kraft. Das Gesetz sollte Leistungen der Arbeitslosenhilfe und der Sozialhilfe zusammenf\u00fchren. Seitdem ist die Arbeitslosigkeit deutlich zur\u00fcckgegangen. Ob dies nun vor allem an der Hartz-IV-Reform lag oder ob andere Ursachen daf\u00fcr verantwortlich waren, ist strittig. Vieles spricht daf\u00fcr, dass das Armutsrisiko entgegen mancher Vorurteile nicht [&hellip;]","thumbnail_url":"http:\/\/blog.zeit.de\/herdentrieb\/files\/2015\/06\/Wirtschaftsdienst_Logo_290x60.gif"}

Exklusiv aus dem Wirtschaftsdienst: Seit 2005 ist Hartz IV in Kraft. Das Gesetz sollte Leistungen der Arbeitslosenhilfe und der Sozialhilfe zusammenführen. Seitdem ist die Arbeitslosigkeit deutlich zurückgegangen. Ob dies nun vor allem an der Hartz-IV-Reform lag oder ob andere Ursachen dafür verantwortlich waren, ist strittig. Vieles spricht dafür, dass das Armutsrisiko entgegen mancher Vorurteile nicht [&hellip;]
