{"version":"1.0","provider_name":"Herdentrieb","provider_url":"https:\/\/blog.zeit.de\/herdentrieb","author_name":"Dieter Wermuth","author_url":"https:\/\/blog.zeit.de\/herdentrieb\/author\/dieter-wermuth","title":"Die BIP-Prognosen sind zu pessimistisch - Herdentrieb","type":"rich","width":600,"height":338,"html":"<blockquote class=\"wp-embedded-content\" data-secret=\"oWl4JrG73t\"><a href=\"https:\/\/blog.zeit.de\/herdentrieb\/2019\/05\/15\/die-bip-prognosen-sind-zu-pessimistisch_11282\">Die BIP-Prognosen sind zu pessimistisch<\/a><\/blockquote><iframe sandbox=\"allow-scripts\" security=\"restricted\" src=\"https:\/\/blog.zeit.de\/herdentrieb\/2019\/05\/15\/die-bip-prognosen-sind-zu-pessimistisch_11282\/embed#?secret=oWl4JrG73t\" width=\"600\" height=\"338\" title=\"&#8222;Die BIP-Prognosen sind zu pessimistisch&#8220; &#8212; Herdentrieb\" data-secret=\"oWl4JrG73t\" frameborder=\"0\" marginwidth=\"0\" marginheight=\"0\" scrolling=\"no\" class=\"wp-embedded-content\"><\/iframe><script type=\"text\/javascript\">\n\/* <![CDATA[ *\/\n\/*! This file is auto-generated *\/\n!function(d,l){\"use strict\";l.querySelector&&d.addEventListener&&\"undefined\"!=typeof URL&&(d.wp=d.wp||{},d.wp.receiveEmbedMessage||(d.wp.receiveEmbedMessage=function(e){var t=e.data;if((t||t.secret||t.message||t.value)&&!\/[^a-zA-Z0-9]\/.test(t.secret)){for(var s,r,n,a=l.querySelectorAll('iframe[data-secret=\"'+t.secret+'\"]'),o=l.querySelectorAll('blockquote[data-secret=\"'+t.secret+'\"]'),c=new RegExp(\"^https?:$\",\"i\"),i=0;i<o.length;i++)o[i].style.display=\"none\";for(i=0;i<a.length;i++)s=a[i],e.source===s.contentWindow&&(s.removeAttribute(\"style\"),\"height\"===t.message?(1e3<(r=parseInt(t.value,10))?r=1e3:~~r<200&&(r=200),s.height=r):\"link\"===t.message&&(r=new URL(s.getAttribute(\"src\")),n=new URL(t.value),c.test(n.protocol))&&n.host===r.host&&l.activeElement===s&&(d.top.location.href=t.value))}},d.addEventListener(\"message\",d.wp.receiveEmbedMessage,!1),l.addEventListener(\"DOMContentLoaded\",function(){for(var e,t,s=l.querySelectorAll(\"iframe.wp-embedded-content\"),r=0;r<s.length;r++)(t=(e=s[r]).getAttribute(\"data-secret\"))||(t=Math.random().toString(36).substring(2,12),e.src+=\"#?secret=\"+t,e.setAttribute(\"data-secret\",t)),e.contentWindow.postMessage({message:\"ready\",secret:t},\"*\")},!1)))}(window,document);\n\/* ]]> *\/\n<\/script>\n","description":"In den vergangenen Wochen hatten sich die \u00d6konomen von Ifo, von der EU-Kommission und der Bundesregierung darauf eingeschossen, dass das reale BIP Deutschlands in diesem Jahr im Durchschnitt nur ein halbes Prozent h\u00f6her sein wird als 2018. Nach den Zahlen, die jetzt vom Statistischen Bundesamt f\u00fcr das erste Quartal 2019 ver\u00f6ffentlicht wurden, dass es n\u00e4mlich [&hellip;]","thumbnail_url":"https:\/\/blog.zeit.de\/herdentrieb\/files\/2019\/05\/DE_reales_BIP_19Q1.gif"}

In den vergangenen Wochen hatten sich die Ökonomen von Ifo, von der EU-Kommission und der Bundesregierung darauf eingeschossen, dass das reale BIP Deutschlands in diesem Jahr im Durchschnitt nur ein halbes Prozent höher sein wird als 2018. Nach den Zahlen, die jetzt vom Statistischen Bundesamt für das erste Quartal 2019 veröffentlicht wurden, dass es nämlich [&hellip;]
