{"version":"1.0","provider_name":"Herdentrieb","provider_url":"https:\/\/blog.zeit.de\/herdentrieb","author_name":"Uwe Richter","author_url":"https:\/\/blog.zeit.de\/herdentrieb\/author\/uwe-richter","title":"Wachstum vs. Umwelt \u2013 ein unl\u00f6sbarer Konflikt? - Herdentrieb","type":"rich","width":600,"height":338,"html":"<blockquote class=\"wp-embedded-content\" data-secret=\"wApNgi8IaH\"><a href=\"https:\/\/blog.zeit.de\/herdentrieb\/2019\/07\/18\/wachstum-vs-umwelt-ein-unloesbarer-konflikt_11386\">Wachstum vs. Umwelt \u2013 ein unl\u00f6sbarer Konflikt?<\/a><\/blockquote><iframe sandbox=\"allow-scripts\" security=\"restricted\" src=\"https:\/\/blog.zeit.de\/herdentrieb\/2019\/07\/18\/wachstum-vs-umwelt-ein-unloesbarer-konflikt_11386\/embed#?secret=wApNgi8IaH\" width=\"600\" height=\"338\" title=\"&#8222;Wachstum vs. Umwelt \u2013 ein unl\u00f6sbarer Konflikt?&#8220; &#8212; Herdentrieb\" data-secret=\"wApNgi8IaH\" frameborder=\"0\" marginwidth=\"0\" marginheight=\"0\" scrolling=\"no\" class=\"wp-embedded-content\"><\/iframe><script type=\"text\/javascript\">\n\/* <![CDATA[ *\/\n\/*! This file is auto-generated *\/\n!function(d,l){\"use strict\";l.querySelector&&d.addEventListener&&\"undefined\"!=typeof URL&&(d.wp=d.wp||{},d.wp.receiveEmbedMessage||(d.wp.receiveEmbedMessage=function(e){var t=e.data;if((t||t.secret||t.message||t.value)&&!\/[^a-zA-Z0-9]\/.test(t.secret)){for(var s,r,n,a=l.querySelectorAll('iframe[data-secret=\"'+t.secret+'\"]'),o=l.querySelectorAll('blockquote[data-secret=\"'+t.secret+'\"]'),c=new RegExp(\"^https?:$\",\"i\"),i=0;i<o.length;i++)o[i].style.display=\"none\";for(i=0;i<a.length;i++)s=a[i],e.source===s.contentWindow&&(s.removeAttribute(\"style\"),\"height\"===t.message?(1e3<(r=parseInt(t.value,10))?r=1e3:~~r<200&&(r=200),s.height=r):\"link\"===t.message&&(r=new URL(s.getAttribute(\"src\")),n=new URL(t.value),c.test(n.protocol))&&n.host===r.host&&l.activeElement===s&&(d.top.location.href=t.value))}},d.addEventListener(\"message\",d.wp.receiveEmbedMessage,!1),l.addEventListener(\"DOMContentLoaded\",function(){for(var e,t,s=l.querySelectorAll(\"iframe.wp-embedded-content\"),r=0;r<s.length;r++)(t=(e=s[r]).getAttribute(\"data-secret\"))||(t=Math.random().toString(36).substring(2,12),e.src+=\"#?secret=\"+t,e.setAttribute(\"data-secret\",t)),e.contentWindow.postMessage({message:\"ready\",secret:t},\"*\")},!1)))}(window,document);\n\/* ]]> *\/\n<\/script>\n","description":"Exklusiv aus dem Wirtschaftsdienst: Der ersten Bericht an den Club of Rome 1972 hat eine breite \u00f6ffentliche Diskussion zur Frage nach den \u00f6kologischen Grenzen des wirtschaftlichen Wachstums und damit nach m\u00f6glichen Alternativen zum vorherrschenden Wirtschaftsmodell angesto\u00dfen, die bis heute andauert. Mit der Post-Wachstums\u00f6konomie, der Gemeinwohl\u00f6konomie und dem gr\u00fcnen Wachstum diskutiert Thomas D\u00f6ring von der Hochschule [&hellip;]","thumbnail_url":"http:\/\/blog.zeit.de\/herdentrieb\/files\/2015\/06\/Wirtschaftsdienst_Logo_290x60.gif"}

Wachstum vs. Umwelt – ein unlösbarer Konflikt? - Herdentrieb

<blockquote class="wp-embedded-content" data-secret="wApNgi8IaH"><a href="https://blog.zeit.de/herdentrieb/2019/07/18/wachstum-vs-umwelt-ein-unloesbarer-konflikt_11386">Wachstum vs. Umwelt – ein unlösbarer Konflikt?</a></blockquote><iframe sandbox="allow-scripts" security="restricted" src="https://blog.zeit.de/herdentrieb/2019/07/18/wachstum-vs-umwelt-ein-unloesbarer-konflikt_11386/embed#?secret=wApNgi8IaH" width="600" height="338" title="&#8222;Wachstum vs. Umwelt – ein unlösbarer Konflikt?&#8220; &#8212; Herdentrieb" data-secret="wApNgi8IaH" frameborder="0" marginwidth="0" marginheight="0" scrolling="no" class="wp-embedded-content"></iframe><script type="text/javascript">
/* <![CDATA[ */
/*! This file is auto-generated */
!function(d,l){"use strict";l.querySelector&&d.addEventListener&&"undefined"!=typeof URL&&(d.wp=d.wp||{},d.wp.receiveEmbedMessage||(d.wp.receiveEmbedMessage=function(e){var t=e.data;if((t||t.secret||t.message||t.value)&&!/[^a-zA-Z0-9]/.test(t.secret)){for(var s,r,n,a=l.querySelectorAll('iframe[data-secret="'+t.secret+'"]'),o=l.querySelectorAll('blockquote[data-secret="'+t.secret+'"]'),c=new RegExp("^https?:$","i"),i=0;i<o.length;i++)o[i].style.display="none";for(i=0;i<a.length;i++)s=a[i],e.source===s.contentWindow&&(s.removeAttribute("style"),"height"===t.message?(1e3<(r=parseInt(t.value,10))?r=1e3:~~r<200&&(r=200),s.height=r):"link"===t.message&&(r=new URL(s.getAttribute("src")),n=new URL(t.value),c.test(n.protocol))&&n.host===r.host&&l.activeElement===s&&(d.top.location.href=t.value))}},d.addEventListener("message",d.wp.receiveEmbedMessage,!1),l.addEventListener("DOMContentLoaded",function(){for(var e,t,s=l.querySelectorAll("iframe.wp-embedded-content"),r=0;r<s.length;r++)(t=(e=s[r]).getAttribute("data-secret"))||(t=Math.random().toString(36).substring(2,12),e.src+="#?secret="+t,e.setAttribute("data-secret",t)),e.contentWindow.postMessage({message:"ready",secret:t},"*")},!1)))}(window,document);
/* ]]> */
</script>

Exklusiv aus dem Wirtschaftsdienst: Der ersten Bericht an den Club of Rome 1972 hat eine breite öffentliche Diskussion zur Frage nach den ökologischen Grenzen des wirtschaftlichen Wachstums und damit nach möglichen Alternativen zum vorherrschenden Wirtschaftsmodell angestoßen, die bis heute andauert. Mit der Post-Wachstumsökonomie, der Gemeinwohlökonomie und dem grünen Wachstum diskutiert Thomas Döring von der Hochschule [&hellip;]
