{"version":"1.0","provider_name":"J\u00f6rg Lau","provider_url":"https:\/\/blog.zeit.de\/joerglau","author_name":"J\u00f6rg Lau","author_url":"https:\/\/blog.zeit.de\/joerglau\/author\/joerg-lau","title":"Was wollen die Muslimbr\u00fcder? - J\u00f6rg Lau","type":"rich","width":600,"height":338,"html":"<blockquote class=\"wp-embedded-content\" data-secret=\"bv7xDMVfQZ\"><a href=\"https:\/\/blog.zeit.de\/joerglau\/2007\/02\/14\/was-wollen-die-muslimbruder_259\">Was wollen die Muslimbr\u00fcder?<\/a><\/blockquote><iframe sandbox=\"allow-scripts\" security=\"restricted\" src=\"https:\/\/blog.zeit.de\/joerglau\/2007\/02\/14\/was-wollen-die-muslimbruder_259\/embed#?secret=bv7xDMVfQZ\" width=\"600\" height=\"338\" title=\"&#8222;Was wollen die Muslimbr\u00fcder?&#8220; &#8212; J\u00f6rg Lau\" data-secret=\"bv7xDMVfQZ\" frameborder=\"0\" marginwidth=\"0\" marginheight=\"0\" scrolling=\"no\" class=\"wp-embedded-content\"><\/iframe><script type=\"text\/javascript\">\n\/* <![CDATA[ *\/\n\/*! This file is auto-generated *\/\n!function(d,l){\"use strict\";l.querySelector&&d.addEventListener&&\"undefined\"!=typeof URL&&(d.wp=d.wp||{},d.wp.receiveEmbedMessage||(d.wp.receiveEmbedMessage=function(e){var t=e.data;if((t||t.secret||t.message||t.value)&&!\/[^a-zA-Z0-9]\/.test(t.secret)){for(var s,r,n,a=l.querySelectorAll('iframe[data-secret=\"'+t.secret+'\"]'),o=l.querySelectorAll('blockquote[data-secret=\"'+t.secret+'\"]'),c=new RegExp(\"^https?:$\",\"i\"),i=0;i<o.length;i++)o[i].style.display=\"none\";for(i=0;i<a.length;i++)s=a[i],e.source===s.contentWindow&&(s.removeAttribute(\"style\"),\"height\"===t.message?(1e3<(r=parseInt(t.value,10))?r=1e3:~~r<200&&(r=200),s.height=r):\"link\"===t.message&&(r=new URL(s.getAttribute(\"src\")),n=new URL(t.value),c.test(n.protocol))&&n.host===r.host&&l.activeElement===s&&(d.top.location.href=t.value))}},d.addEventListener(\"message\",d.wp.receiveEmbedMessage,!1),l.addEventListener(\"DOMContentLoaded\",function(){for(var e,t,s=l.querySelectorAll(\"iframe.wp-embedded-content\"),r=0;r<s.length;r++)(t=(e=s[r]).getAttribute(\"data-secret\"))||(t=Math.random().toString(36).substring(2,12),e.src+=\"#?secret=\"+t,e.setAttribute(\"data-secret\",t)),e.contentWindow.postMessage({message:\"ready\",secret:t},\"*\")},!1)))}(window,document);\n\/* ]]> *\/\n<\/script>\n","description":"Der Chefredakteur der Zeitung der koptischen Minderheit (Watani) in \u00c4gypten, Youssef Sidhom, setzt sich mit den letzten 15 Monaten auseinander, in denen die Muslimbr\u00fcder nun im \u00e4gyptischen Parlament eine bedeutende Fraktion bilden. (Link hier.) Youssef Sidhom Als Vertreter der christlichen Minderheit hatte Sidhom die Einladung angenommen, einen Dialog mit den Muslimbr\u00fcdern zu beginnen. Die Kopten [&hellip;]","thumbnail_url":"https:\/\/blog.zeit.de\/joerglau\/files\/2007\/02\/youssef-sidhom.jpg"}

Jörg Lau

Was wollen die Muslimbrüder? - Jörg Lau

<blockquote class="wp-embedded-content" data-secret="bv7xDMVfQZ"><a href="https://blog.zeit.de/joerglau/2007/02/14/was-wollen-die-muslimbruder_259">Was wollen die Muslimbrüder?</a></blockquote><iframe sandbox="allow-scripts" security="restricted" src="https://blog.zeit.de/joerglau/2007/02/14/was-wollen-die-muslimbruder_259/embed#?secret=bv7xDMVfQZ" width="600" height="338" title="&#8222;Was wollen die Muslimbrüder?&#8220; &#8212; Jörg Lau" data-secret="bv7xDMVfQZ" frameborder="0" marginwidth="0" marginheight="0" scrolling="no" class="wp-embedded-content"></iframe><script type="text/javascript">
/* <![CDATA[ */
/*! This file is auto-generated */
!function(d,l){"use strict";l.querySelector&&d.addEventListener&&"undefined"!=typeof URL&&(d.wp=d.wp||{},d.wp.receiveEmbedMessage||(d.wp.receiveEmbedMessage=function(e){var t=e.data;if((t||t.secret||t.message||t.value)&&!/[^a-zA-Z0-9]/.test(t.secret)){for(var s,r,n,a=l.querySelectorAll('iframe[data-secret="'+t.secret+'"]'),o=l.querySelectorAll('blockquote[data-secret="'+t.secret+'"]'),c=new RegExp("^https?:$","i"),i=0;i<o.length;i++)o[i].style.display="none";for(i=0;i<a.length;i++)s=a[i],e.source===s.contentWindow&&(s.removeAttribute("style"),"height"===t.message?(1e3<(r=parseInt(t.value,10))?r=1e3:~~r<200&&(r=200),s.height=r):"link"===t.message&&(r=new URL(s.getAttribute("src")),n=new URL(t.value),c.test(n.protocol))&&n.host===r.host&&l.activeElement===s&&(d.top.location.href=t.value))}},d.addEventListener("message",d.wp.receiveEmbedMessage,!1),l.addEventListener("DOMContentLoaded",function(){for(var e,t,s=l.querySelectorAll("iframe.wp-embedded-content"),r=0;r<s.length;r++)(t=(e=s[r]).getAttribute("data-secret"))||(t=Math.random().toString(36).substring(2,12),e.src+="#?secret="+t,e.setAttribute("data-secret",t)),e.contentWindow.postMessage({message:"ready",secret:t},"*")},!1)))}(window,document);
/* ]]> */
</script>

Der Chefredakteur der Zeitung der koptischen Minderheit (Watani) in Ägypten, Youssef Sidhom, setzt sich mit den letzten 15 Monaten auseinander, in denen die Muslimbrüder nun im ägyptischen Parlament eine bedeutende Fraktion bilden. (Link hier.) Youssef Sidhom Als Vertreter der christlichen Minderheit hatte Sidhom die Einladung angenommen, einen Dialog mit den Muslimbrüdern zu beginnen. Die Kopten [&hellip;]
