{"version":"1.0","provider_name":"J\u00f6rg Lau","provider_url":"https:\/\/blog.zeit.de\/joerglau","author_name":"J\u00f6rg Lau","author_url":"https:\/\/blog.zeit.de\/joerglau\/author\/joerg-lau","title":"Scharia in Frankfurt - J\u00f6rg Lau","type":"rich","width":600,"height":338,"html":"<blockquote class=\"wp-embedded-content\" data-secret=\"K8iu4Jx1Hu\"><a href=\"https:\/\/blog.zeit.de\/joerglau\/2007\/03\/21\/scharia-in-frankfurt_385\">Scharia in Frankfurt<\/a><\/blockquote><iframe sandbox=\"allow-scripts\" security=\"restricted\" src=\"https:\/\/blog.zeit.de\/joerglau\/2007\/03\/21\/scharia-in-frankfurt_385\/embed#?secret=K8iu4Jx1Hu\" width=\"600\" height=\"338\" title=\"&#8222;Scharia in Frankfurt&#8220; &#8212; J\u00f6rg Lau\" data-secret=\"K8iu4Jx1Hu\" frameborder=\"0\" marginwidth=\"0\" marginheight=\"0\" scrolling=\"no\" class=\"wp-embedded-content\"><\/iframe><script type=\"text\/javascript\">\n\/* <![CDATA[ *\/\n\/*! This file is auto-generated *\/\n!function(d,l){\"use strict\";l.querySelector&&d.addEventListener&&\"undefined\"!=typeof URL&&(d.wp=d.wp||{},d.wp.receiveEmbedMessage||(d.wp.receiveEmbedMessage=function(e){var t=e.data;if((t||t.secret||t.message||t.value)&&!\/[^a-zA-Z0-9]\/.test(t.secret)){for(var s,r,n,a=l.querySelectorAll('iframe[data-secret=\"'+t.secret+'\"]'),o=l.querySelectorAll('blockquote[data-secret=\"'+t.secret+'\"]'),c=new RegExp(\"^https?:$\",\"i\"),i=0;i<o.length;i++)o[i].style.display=\"none\";for(i=0;i<a.length;i++)s=a[i],e.source===s.contentWindow&&(s.removeAttribute(\"style\"),\"height\"===t.message?(1e3<(r=parseInt(t.value,10))?r=1e3:~~r<200&&(r=200),s.height=r):\"link\"===t.message&&(r=new URL(s.getAttribute(\"src\")),n=new URL(t.value),c.test(n.protocol))&&n.host===r.host&&l.activeElement===s&&(d.top.location.href=t.value))}},d.addEventListener(\"message\",d.wp.receiveEmbedMessage,!1),l.addEventListener(\"DOMContentLoaded\",function(){for(var e,t,s=l.querySelectorAll(\"iframe.wp-embedded-content\"),r=0;r<s.length;r++)(t=(e=s[r]).getAttribute(\"data-secret\"))||(t=Math.random().toString(36).substring(2,12),e.src+=\"#?secret=\"+t,e.setAttribute(\"data-secret\",t)),e.contentWindow.postMessage({message:\"ready\",secret:t},\"*\")},!1)))}(window,document);\n\/* ]]> *\/\n<\/script>\n","description":"Kulturelle Sensibilit\u00e4t ist eine tolle Sache. V\u00f6llig zu Recht wird immer wieder gefordert, interkulturelle Kompetenz geh\u00f6re in einer Einwanderungsgesellschaft zum guten Ton. Aber die R\u00fccksichtnahme auf (echte oder vermeintliche) kulturelle Besonderheiten kann sich auch als eine besonders subtile Form von Diskriminierung erweisen. Dies hier ist so ein Fall: Eine Frankfurter Richterin hat einer 26j\u00e4hrigen Deutschen [&hellip;]"}

Jörg Lau

Scharia in Frankfurt - Jörg Lau

<blockquote class="wp-embedded-content" data-secret="K8iu4Jx1Hu"><a href="https://blog.zeit.de/joerglau/2007/03/21/scharia-in-frankfurt_385">Scharia in Frankfurt</a></blockquote><iframe sandbox="allow-scripts" security="restricted" src="https://blog.zeit.de/joerglau/2007/03/21/scharia-in-frankfurt_385/embed#?secret=K8iu4Jx1Hu" width="600" height="338" title="&#8222;Scharia in Frankfurt&#8220; &#8212; Jörg Lau" data-secret="K8iu4Jx1Hu" frameborder="0" marginwidth="0" marginheight="0" scrolling="no" class="wp-embedded-content"></iframe><script type="text/javascript">
/* <![CDATA[ */
/*! This file is auto-generated */
!function(d,l){"use strict";l.querySelector&&d.addEventListener&&"undefined"!=typeof URL&&(d.wp=d.wp||{},d.wp.receiveEmbedMessage||(d.wp.receiveEmbedMessage=function(e){var t=e.data;if((t||t.secret||t.message||t.value)&&!/[^a-zA-Z0-9]/.test(t.secret)){for(var s,r,n,a=l.querySelectorAll('iframe[data-secret="'+t.secret+'"]'),o=l.querySelectorAll('blockquote[data-secret="'+t.secret+'"]'),c=new RegExp("^https?:$","i"),i=0;i<o.length;i++)o[i].style.display="none";for(i=0;i<a.length;i++)s=a[i],e.source===s.contentWindow&&(s.removeAttribute("style"),"height"===t.message?(1e3<(r=parseInt(t.value,10))?r=1e3:~~r<200&&(r=200),s.height=r):"link"===t.message&&(r=new URL(s.getAttribute("src")),n=new URL(t.value),c.test(n.protocol))&&n.host===r.host&&l.activeElement===s&&(d.top.location.href=t.value))}},d.addEventListener("message",d.wp.receiveEmbedMessage,!1),l.addEventListener("DOMContentLoaded",function(){for(var e,t,s=l.querySelectorAll("iframe.wp-embedded-content"),r=0;r<s.length;r++)(t=(e=s[r]).getAttribute("data-secret"))||(t=Math.random().toString(36).substring(2,12),e.src+="#?secret="+t,e.setAttribute("data-secret",t)),e.contentWindow.postMessage({message:"ready",secret:t},"*")},!1)))}(window,document);
/* ]]> */
</script>

Kulturelle Sensibilität ist eine tolle Sache. Völlig zu Recht wird immer wieder gefordert, interkulturelle Kompetenz gehöre in einer Einwanderungsgesellschaft zum guten Ton. Aber die Rücksichtnahme auf (echte oder vermeintliche) kulturelle Besonderheiten kann sich auch als eine besonders subtile Form von Diskriminierung erweisen. Dies hier ist so ein Fall: Eine Frankfurter Richterin hat einer 26jährigen Deutschen [&hellip;]
