{"version":"1.0","provider_name":"J\u00f6rg Lau","provider_url":"https:\/\/blog.zeit.de\/joerglau","author_name":"J\u00f6rg Lau","author_url":"https:\/\/blog.zeit.de\/joerglau\/author\/joerg-lau","title":"Gibt es Reformbedarf f\u00fcr den Islam? - J\u00f6rg Lau","type":"rich","width":600,"height":338,"html":"<blockquote class=\"wp-embedded-content\" data-secret=\"4C66hqI03n\"><a href=\"https:\/\/blog.zeit.de\/joerglau\/2007\/04\/19\/418_418\">Gibt es Reformbedarf f\u00fcr den Islam?<\/a><\/blockquote><iframe sandbox=\"allow-scripts\" security=\"restricted\" src=\"https:\/\/blog.zeit.de\/joerglau\/2007\/04\/19\/418_418\/embed#?secret=4C66hqI03n\" width=\"600\" height=\"338\" title=\"&#8222;Gibt es Reformbedarf f\u00fcr den Islam?&#8220; &#8212; J\u00f6rg Lau\" data-secret=\"4C66hqI03n\" frameborder=\"0\" marginwidth=\"0\" marginheight=\"0\" scrolling=\"no\" class=\"wp-embedded-content\"><\/iframe><script type=\"text\/javascript\">\n\/* <![CDATA[ *\/\n\/*! This file is auto-generated *\/\n!function(d,l){\"use strict\";l.querySelector&&d.addEventListener&&\"undefined\"!=typeof URL&&(d.wp=d.wp||{},d.wp.receiveEmbedMessage||(d.wp.receiveEmbedMessage=function(e){var t=e.data;if((t||t.secret||t.message||t.value)&&!\/[^a-zA-Z0-9]\/.test(t.secret)){for(var s,r,n,a=l.querySelectorAll('iframe[data-secret=\"'+t.secret+'\"]'),o=l.querySelectorAll('blockquote[data-secret=\"'+t.secret+'\"]'),c=new RegExp(\"^https?:$\",\"i\"),i=0;i<o.length;i++)o[i].style.display=\"none\";for(i=0;i<a.length;i++)s=a[i],e.source===s.contentWindow&&(s.removeAttribute(\"style\"),\"height\"===t.message?(1e3<(r=parseInt(t.value,10))?r=1e3:~~r<200&&(r=200),s.height=r):\"link\"===t.message&&(r=new URL(s.getAttribute(\"src\")),n=new URL(t.value),c.test(n.protocol))&&n.host===r.host&&l.activeElement===s&&(d.top.location.href=t.value))}},d.addEventListener(\"message\",d.wp.receiveEmbedMessage,!1),l.addEventListener(\"DOMContentLoaded\",function(){for(var e,t,s=l.querySelectorAll(\"iframe.wp-embedded-content\"),r=0;r<s.length;r++)(t=(e=s[r]).getAttribute(\"data-secret\"))||(t=Math.random().toString(36).substring(2,12),e.src+=\"#?secret=\"+t,e.setAttribute(\"data-secret\",t)),e.contentWindow.postMessage({message:\"ready\",secret:t},\"*\")},!1)))}(window,document);\n\/* ]]> *\/\n<\/script>\n","description":"Bilkay \u00d6ney Die migrationspolitische Sprecherin der Berliner Gr\u00fcnen, Bilkay \u00d6ney, hat einen Offenen Brief an den neuen Koordinationsrat der Muslime geschrieben. Darin sind die wesentlichen Bedenken formuliert, die ich auch hege. (Siehe zum Thema auch mein Interview mit dem Sprecher des KRM, Ayyub Axel K\u00f6hler, in der morgigen Print-Ausgabe.) Ausserdem bringt Frau \u00d6ney auch ihre [&hellip;]","thumbnail_url":"https:\/\/blog.zeit.de\/joerglau\/files\/2007\/04\/22266.mda_portait_oeney.jpg"}

Jörg Lau

Gibt es Reformbedarf für den Islam? - Jörg Lau

<blockquote class="wp-embedded-content" data-secret="4C66hqI03n"><a href="https://blog.zeit.de/joerglau/2007/04/19/418_418">Gibt es Reformbedarf für den Islam?</a></blockquote><iframe sandbox="allow-scripts" security="restricted" src="https://blog.zeit.de/joerglau/2007/04/19/418_418/embed#?secret=4C66hqI03n" width="600" height="338" title="&#8222;Gibt es Reformbedarf für den Islam?&#8220; &#8212; Jörg Lau" data-secret="4C66hqI03n" frameborder="0" marginwidth="0" marginheight="0" scrolling="no" class="wp-embedded-content"></iframe><script type="text/javascript">
/* <![CDATA[ */
/*! This file is auto-generated */
!function(d,l){"use strict";l.querySelector&&d.addEventListener&&"undefined"!=typeof URL&&(d.wp=d.wp||{},d.wp.receiveEmbedMessage||(d.wp.receiveEmbedMessage=function(e){var t=e.data;if((t||t.secret||t.message||t.value)&&!/[^a-zA-Z0-9]/.test(t.secret)){for(var s,r,n,a=l.querySelectorAll('iframe[data-secret="'+t.secret+'"]'),o=l.querySelectorAll('blockquote[data-secret="'+t.secret+'"]'),c=new RegExp("^https?:$","i"),i=0;i<o.length;i++)o[i].style.display="none";for(i=0;i<a.length;i++)s=a[i],e.source===s.contentWindow&&(s.removeAttribute("style"),"height"===t.message?(1e3<(r=parseInt(t.value,10))?r=1e3:~~r<200&&(r=200),s.height=r):"link"===t.message&&(r=new URL(s.getAttribute("src")),n=new URL(t.value),c.test(n.protocol))&&n.host===r.host&&l.activeElement===s&&(d.top.location.href=t.value))}},d.addEventListener("message",d.wp.receiveEmbedMessage,!1),l.addEventListener("DOMContentLoaded",function(){for(var e,t,s=l.querySelectorAll("iframe.wp-embedded-content"),r=0;r<s.length;r++)(t=(e=s[r]).getAttribute("data-secret"))||(t=Math.random().toString(36).substring(2,12),e.src+="#?secret="+t,e.setAttribute("data-secret",t)),e.contentWindow.postMessage({message:"ready",secret:t},"*")},!1)))}(window,document);
/* ]]> */
</script>

Bilkay Öney Die migrationspolitische Sprecherin der Berliner Grünen, Bilkay Öney, hat einen Offenen Brief an den neuen Koordinationsrat der Muslime geschrieben. Darin sind die wesentlichen Bedenken formuliert, die ich auch hege. (Siehe zum Thema auch mein Interview mit dem Sprecher des KRM, Ayyub Axel Köhler, in der morgigen Print-Ausgabe.) Ausserdem bringt Frau Öney auch ihre [&hellip;]
