{"version":"1.0","provider_name":"J\u00f6rg Lau","provider_url":"https:\/\/blog.zeit.de\/joerglau","author_name":"J\u00f6rg Lau","author_url":"https:\/\/blog.zeit.de\/joerglau\/author\/joerg-lau","title":"Die Mohammed-Kurve - J\u00f6rg Lau","type":"rich","width":600,"height":338,"html":"<blockquote class=\"wp-embedded-content\" data-secret=\"bOPRXGLMeI\"><a href=\"https:\/\/blog.zeit.de\/joerglau\/2007\/04\/20\/die-mohammed-kurve_426\">Die Mohammed-Kurve<\/a><\/blockquote><iframe sandbox=\"allow-scripts\" security=\"restricted\" src=\"https:\/\/blog.zeit.de\/joerglau\/2007\/04\/20\/die-mohammed-kurve_426\/embed#?secret=bOPRXGLMeI\" width=\"600\" height=\"338\" title=\"&#8222;Die Mohammed-Kurve&#8220; &#8212; J\u00f6rg Lau\" data-secret=\"bOPRXGLMeI\" frameborder=\"0\" marginwidth=\"0\" marginheight=\"0\" scrolling=\"no\" class=\"wp-embedded-content\"><\/iframe><script type=\"text\/javascript\">\n\/* <![CDATA[ *\/\n\/*! This file is auto-generated *\/\n!function(d,l){\"use strict\";l.querySelector&&d.addEventListener&&\"undefined\"!=typeof URL&&(d.wp=d.wp||{},d.wp.receiveEmbedMessage||(d.wp.receiveEmbedMessage=function(e){var t=e.data;if((t||t.secret||t.message||t.value)&&!\/[^a-zA-Z0-9]\/.test(t.secret)){for(var s,r,n,a=l.querySelectorAll('iframe[data-secret=\"'+t.secret+'\"]'),o=l.querySelectorAll('blockquote[data-secret=\"'+t.secret+'\"]'),c=new RegExp(\"^https?:$\",\"i\"),i=0;i<o.length;i++)o[i].style.display=\"none\";for(i=0;i<a.length;i++)s=a[i],e.source===s.contentWindow&&(s.removeAttribute(\"style\"),\"height\"===t.message?(1e3<(r=parseInt(t.value,10))?r=1e3:~~r<200&&(r=200),s.height=r):\"link\"===t.message&&(r=new URL(s.getAttribute(\"src\")),n=new URL(t.value),c.test(n.protocol))&&n.host===r.host&&l.activeElement===s&&(d.top.location.href=t.value))}},d.addEventListener(\"message\",d.wp.receiveEmbedMessage,!1),l.addEventListener(\"DOMContentLoaded\",function(){for(var e,t,s=l.querySelectorAll(\"iframe.wp-embedded-content\"),r=0;r<s.length;r++)(t=(e=s[r]).getAttribute(\"data-secret\"))||(t=Math.random().toString(36).substring(2,12),e.src+=\"#?secret=\"+t,e.setAttribute(\"data-secret\",t)),e.contentWindow.postMessage({message:\"ready\",secret:t},\"*\")},!1)))}(window,document);\n\/* ]]> *\/\n<\/script>\n","description":"\u00dcber das &#8222;Wort zum Freitag&#8220; des ZDF wurde heftig debattiert, ohne dass bisher Ergebnisse bekannt geworden w\u00e4ren. Der S\u00fcdwestrundfunk unter Leitung von Peter Vo\u00df aber geht einfach voran. Der SWR hat nun dem ZDF den Rang abgelaufen, was die Integration des Islams in das \u00f6ffentlich-rechtliche Sendungsbewusstsein angeht. Der Intendant steht selbst hinter der l\u00e4ngst f\u00e4lligen [&hellip;]","thumbnail_url":"https:\/\/blog.zeit.de\/joerglau\/files\/2007\/04\/aiman_mazyek_big-150x150.jpg"}

Jörg Lau

Die Mohammed-Kurve - Jörg Lau

<blockquote class="wp-embedded-content" data-secret="bOPRXGLMeI"><a href="https://blog.zeit.de/joerglau/2007/04/20/die-mohammed-kurve_426">Die Mohammed-Kurve</a></blockquote><iframe sandbox="allow-scripts" security="restricted" src="https://blog.zeit.de/joerglau/2007/04/20/die-mohammed-kurve_426/embed#?secret=bOPRXGLMeI" width="600" height="338" title="&#8222;Die Mohammed-Kurve&#8220; &#8212; Jörg Lau" data-secret="bOPRXGLMeI" frameborder="0" marginwidth="0" marginheight="0" scrolling="no" class="wp-embedded-content"></iframe><script type="text/javascript">
/* <![CDATA[ */
/*! This file is auto-generated */
!function(d,l){"use strict";l.querySelector&&d.addEventListener&&"undefined"!=typeof URL&&(d.wp=d.wp||{},d.wp.receiveEmbedMessage||(d.wp.receiveEmbedMessage=function(e){var t=e.data;if((t||t.secret||t.message||t.value)&&!/[^a-zA-Z0-9]/.test(t.secret)){for(var s,r,n,a=l.querySelectorAll('iframe[data-secret="'+t.secret+'"]'),o=l.querySelectorAll('blockquote[data-secret="'+t.secret+'"]'),c=new RegExp("^https?:$","i"),i=0;i<o.length;i++)o[i].style.display="none";for(i=0;i<a.length;i++)s=a[i],e.source===s.contentWindow&&(s.removeAttribute("style"),"height"===t.message?(1e3<(r=parseInt(t.value,10))?r=1e3:~~r<200&&(r=200),s.height=r):"link"===t.message&&(r=new URL(s.getAttribute("src")),n=new URL(t.value),c.test(n.protocol))&&n.host===r.host&&l.activeElement===s&&(d.top.location.href=t.value))}},d.addEventListener("message",d.wp.receiveEmbedMessage,!1),l.addEventListener("DOMContentLoaded",function(){for(var e,t,s=l.querySelectorAll("iframe.wp-embedded-content"),r=0;r<s.length;r++)(t=(e=s[r]).getAttribute("data-secret"))||(t=Math.random().toString(36).substring(2,12),e.src+="#?secret="+t,e.setAttribute("data-secret",t)),e.contentWindow.postMessage({message:"ready",secret:t},"*")},!1)))}(window,document);
/* ]]> */
</script>

Über das &#8222;Wort zum Freitag&#8220; des ZDF wurde heftig debattiert, ohne dass bisher Ergebnisse bekannt geworden wären. Der Südwestrundfunk unter Leitung von Peter Voß aber geht einfach voran. Der SWR hat nun dem ZDF den Rang abgelaufen, was die Integration des Islams in das öffentlich-rechtliche Sendungsbewusstsein angeht. Der Intendant steht selbst hinter der längst fälligen [&hellip;]
