{"version":"1.0","provider_name":"J\u00f6rg Lau","provider_url":"https:\/\/blog.zeit.de\/joerglau","author_name":"J\u00f6rg Lau","author_url":"https:\/\/blog.zeit.de\/joerglau\/author\/joerg-lau","title":"Kritiker der Elche, B\u00f6cke als G\u00e4rtner etc. - J\u00f6rg Lau","type":"rich","width":600,"height":338,"html":"<blockquote class=\"wp-embedded-content\" data-secret=\"gFLLtH1MBK\"><a href=\"https:\/\/blog.zeit.de\/joerglau\/2007\/05\/23\/kritiker-der-elche-bocke-als-gartner-etc_509\">Kritiker der Elche, B\u00f6cke als G\u00e4rtner etc.<\/a><\/blockquote><iframe sandbox=\"allow-scripts\" security=\"restricted\" src=\"https:\/\/blog.zeit.de\/joerglau\/2007\/05\/23\/kritiker-der-elche-bocke-als-gartner-etc_509\/embed#?secret=gFLLtH1MBK\" width=\"600\" height=\"338\" title=\"&#8222;Kritiker der Elche, B\u00f6cke als G\u00e4rtner etc.&#8220; &#8212; J\u00f6rg Lau\" data-secret=\"gFLLtH1MBK\" frameborder=\"0\" marginwidth=\"0\" marginheight=\"0\" scrolling=\"no\" class=\"wp-embedded-content\"><\/iframe><script type=\"text\/javascript\">\n\/* <![CDATA[ *\/\n\/*! This file is auto-generated *\/\n!function(d,l){\"use strict\";l.querySelector&&d.addEventListener&&\"undefined\"!=typeof URL&&(d.wp=d.wp||{},d.wp.receiveEmbedMessage||(d.wp.receiveEmbedMessage=function(e){var t=e.data;if((t||t.secret||t.message||t.value)&&!\/[^a-zA-Z0-9]\/.test(t.secret)){for(var s,r,n,a=l.querySelectorAll('iframe[data-secret=\"'+t.secret+'\"]'),o=l.querySelectorAll('blockquote[data-secret=\"'+t.secret+'\"]'),c=new RegExp(\"^https?:$\",\"i\"),i=0;i<o.length;i++)o[i].style.display=\"none\";for(i=0;i<a.length;i++)s=a[i],e.source===s.contentWindow&&(s.removeAttribute(\"style\"),\"height\"===t.message?(1e3<(r=parseInt(t.value,10))?r=1e3:~~r<200&&(r=200),s.height=r):\"link\"===t.message&&(r=new URL(s.getAttribute(\"src\")),n=new URL(t.value),c.test(n.protocol))&&n.host===r.host&&l.activeElement===s&&(d.top.location.href=t.value))}},d.addEventListener(\"message\",d.wp.receiveEmbedMessage,!1),l.addEventListener(\"DOMContentLoaded\",function(){for(var e,t,s=l.querySelectorAll(\"iframe.wp-embedded-content\"),r=0;r<s.length;r++)(t=(e=s[r]).getAttribute(\"data-secret\"))||(t=Math.random().toString(36).substring(2,12),e.src+=\"#?secret=\"+t,e.setAttribute(\"data-secret\",t)),e.contentWindow.postMessage({message:\"ready\",secret:t},\"*\")},!1)))}(window,document);\n\/* ]]> *\/\n<\/script>\n","description":"\u00c4gypten ist am 17. Mai in den Menschenrechtsrat der Vereinten Nationen gew\u00e4hlt worden. Wir sprechen hier von dem selben Land, das Blogger wegen schlichter Meinungs\u00e4u\u00dferungen inhaftiert, Gefangene foltert und die Opposition brutal unterdr\u00fcckt. Die Vereinten Nationen machen sich zum Gesp\u00f6tt mit solchen Gremien. Hier eine Reaktion der Unterst\u00fctzer des inhaftierten Bloggers Kareem."}

Jörg Lau

Kritiker der Elche, Böcke als Gärtner etc. - Jörg Lau

<blockquote class="wp-embedded-content" data-secret="gFLLtH1MBK"><a href="https://blog.zeit.de/joerglau/2007/05/23/kritiker-der-elche-bocke-als-gartner-etc_509">Kritiker der Elche, Böcke als Gärtner etc.</a></blockquote><iframe sandbox="allow-scripts" security="restricted" src="https://blog.zeit.de/joerglau/2007/05/23/kritiker-der-elche-bocke-als-gartner-etc_509/embed#?secret=gFLLtH1MBK" width="600" height="338" title="&#8222;Kritiker der Elche, Böcke als Gärtner etc.&#8220; &#8212; Jörg Lau" data-secret="gFLLtH1MBK" frameborder="0" marginwidth="0" marginheight="0" scrolling="no" class="wp-embedded-content"></iframe><script type="text/javascript">
/* <![CDATA[ */
/*! This file is auto-generated */
!function(d,l){"use strict";l.querySelector&&d.addEventListener&&"undefined"!=typeof URL&&(d.wp=d.wp||{},d.wp.receiveEmbedMessage||(d.wp.receiveEmbedMessage=function(e){var t=e.data;if((t||t.secret||t.message||t.value)&&!/[^a-zA-Z0-9]/.test(t.secret)){for(var s,r,n,a=l.querySelectorAll('iframe[data-secret="'+t.secret+'"]'),o=l.querySelectorAll('blockquote[data-secret="'+t.secret+'"]'),c=new RegExp("^https?:$","i"),i=0;i<o.length;i++)o[i].style.display="none";for(i=0;i<a.length;i++)s=a[i],e.source===s.contentWindow&&(s.removeAttribute("style"),"height"===t.message?(1e3<(r=parseInt(t.value,10))?r=1e3:~~r<200&&(r=200),s.height=r):"link"===t.message&&(r=new URL(s.getAttribute("src")),n=new URL(t.value),c.test(n.protocol))&&n.host===r.host&&l.activeElement===s&&(d.top.location.href=t.value))}},d.addEventListener("message",d.wp.receiveEmbedMessage,!1),l.addEventListener("DOMContentLoaded",function(){for(var e,t,s=l.querySelectorAll("iframe.wp-embedded-content"),r=0;r<s.length;r++)(t=(e=s[r]).getAttribute("data-secret"))||(t=Math.random().toString(36).substring(2,12),e.src+="#?secret="+t,e.setAttribute("data-secret",t)),e.contentWindow.postMessage({message:"ready",secret:t},"*")},!1)))}(window,document);
/* ]]> */
</script>

Ägypten ist am 17. Mai in den Menschenrechtsrat der Vereinten Nationen gewählt worden. Wir sprechen hier von dem selben Land, das Blogger wegen schlichter Meinungsäußerungen inhaftiert, Gefangene foltert und die Opposition brutal unterdrückt. Die Vereinten Nationen machen sich zum Gespött mit solchen Gremien. Hier eine Reaktion der Unterstützer des inhaftierten Bloggers Kareem.
