{"version":"1.0","provider_name":"J\u00f6rg Lau","provider_url":"https:\/\/blog.zeit.de\/joerglau","author_name":"J\u00f6rg Lau","author_url":"https:\/\/blog.zeit.de\/joerglau\/author\/joerg-lau","title":"Die Muslime und der dekadente Westen - J\u00f6rg Lau","type":"rich","width":600,"height":338,"html":"<blockquote class=\"wp-embedded-content\" data-secret=\"Bg9rBCOnXy\"><a href=\"https:\/\/blog.zeit.de\/joerglau\/2007\/09\/07\/die-muslime-und-der-dekadente-westen_719\">Die Muslime und der dekadente Westen<\/a><\/blockquote><iframe sandbox=\"allow-scripts\" security=\"restricted\" src=\"https:\/\/blog.zeit.de\/joerglau\/2007\/09\/07\/die-muslime-und-der-dekadente-westen_719\/embed#?secret=Bg9rBCOnXy\" width=\"600\" height=\"338\" title=\"&#8222;Die Muslime und der dekadente Westen&#8220; &#8212; J\u00f6rg Lau\" data-secret=\"Bg9rBCOnXy\" frameborder=\"0\" marginwidth=\"0\" marginheight=\"0\" scrolling=\"no\" class=\"wp-embedded-content\"><\/iframe><script type=\"text\/javascript\">\n\/* <![CDATA[ *\/\n\/*! This file is auto-generated *\/\n!function(d,l){\"use strict\";l.querySelector&&d.addEventListener&&\"undefined\"!=typeof URL&&(d.wp=d.wp||{},d.wp.receiveEmbedMessage||(d.wp.receiveEmbedMessage=function(e){var t=e.data;if((t||t.secret||t.message||t.value)&&!\/[^a-zA-Z0-9]\/.test(t.secret)){for(var s,r,n,a=l.querySelectorAll('iframe[data-secret=\"'+t.secret+'\"]'),o=l.querySelectorAll('blockquote[data-secret=\"'+t.secret+'\"]'),c=new RegExp(\"^https?:$\",\"i\"),i=0;i<o.length;i++)o[i].style.display=\"none\";for(i=0;i<a.length;i++)s=a[i],e.source===s.contentWindow&&(s.removeAttribute(\"style\"),\"height\"===t.message?(1e3<(r=parseInt(t.value,10))?r=1e3:~~r<200&&(r=200),s.height=r):\"link\"===t.message&&(r=new URL(s.getAttribute(\"src\")),n=new URL(t.value),c.test(n.protocol))&&n.host===r.host&&l.activeElement===s&&(d.top.location.href=t.value))}},d.addEventListener(\"message\",d.wp.receiveEmbedMessage,!1),l.addEventListener(\"DOMContentLoaded\",function(){for(var e,t,s=l.querySelectorAll(\"iframe.wp-embedded-content\"),r=0;r<s.length;r++)(t=(e=s[r]).getAttribute(\"data-secret\"))||(t=Math.random().toString(36).substring(2,12),e.src+=\"#?secret=\"+t,e.setAttribute(\"data-secret\",t)),e.contentWindow.postMessage({message:\"ready\",secret:t},\"*\")},!1)))}(window,document);\n\/* ]]> *\/\n<\/script>\n","description":"Morgen erscheint in der Wochenendausgabe der taz (magazin) ein umfangreicher Text von mir, der durch die abgewendeten Terroranschl\u00e4ge zus\u00e4tzliche Aktualit\u00e4t bekommt. Auszug: Die Urszene der modernen islamischen Kritik am Westen spielt in einer Kirche im Mittleren Westen, genauer gesagt in Greeley, Colorado. Ein \u00e4gytischer Beamter namens Sayyid Qutb war vom Bildungsministerium Ende 1948 ans dortige [&hellip;]"}

Jörg Lau

Die Muslime und der dekadente Westen - Jörg Lau

<blockquote class="wp-embedded-content" data-secret="Bg9rBCOnXy"><a href="https://blog.zeit.de/joerglau/2007/09/07/die-muslime-und-der-dekadente-westen_719">Die Muslime und der dekadente Westen</a></blockquote><iframe sandbox="allow-scripts" security="restricted" src="https://blog.zeit.de/joerglau/2007/09/07/die-muslime-und-der-dekadente-westen_719/embed#?secret=Bg9rBCOnXy" width="600" height="338" title="&#8222;Die Muslime und der dekadente Westen&#8220; &#8212; Jörg Lau" data-secret="Bg9rBCOnXy" frameborder="0" marginwidth="0" marginheight="0" scrolling="no" class="wp-embedded-content"></iframe><script type="text/javascript">
/* <![CDATA[ */
/*! This file is auto-generated */
!function(d,l){"use strict";l.querySelector&&d.addEventListener&&"undefined"!=typeof URL&&(d.wp=d.wp||{},d.wp.receiveEmbedMessage||(d.wp.receiveEmbedMessage=function(e){var t=e.data;if((t||t.secret||t.message||t.value)&&!/[^a-zA-Z0-9]/.test(t.secret)){for(var s,r,n,a=l.querySelectorAll('iframe[data-secret="'+t.secret+'"]'),o=l.querySelectorAll('blockquote[data-secret="'+t.secret+'"]'),c=new RegExp("^https?:$","i"),i=0;i<o.length;i++)o[i].style.display="none";for(i=0;i<a.length;i++)s=a[i],e.source===s.contentWindow&&(s.removeAttribute("style"),"height"===t.message?(1e3<(r=parseInt(t.value,10))?r=1e3:~~r<200&&(r=200),s.height=r):"link"===t.message&&(r=new URL(s.getAttribute("src")),n=new URL(t.value),c.test(n.protocol))&&n.host===r.host&&l.activeElement===s&&(d.top.location.href=t.value))}},d.addEventListener("message",d.wp.receiveEmbedMessage,!1),l.addEventListener("DOMContentLoaded",function(){for(var e,t,s=l.querySelectorAll("iframe.wp-embedded-content"),r=0;r<s.length;r++)(t=(e=s[r]).getAttribute("data-secret"))||(t=Math.random().toString(36).substring(2,12),e.src+="#?secret="+t,e.setAttribute("data-secret",t)),e.contentWindow.postMessage({message:"ready",secret:t},"*")},!1)))}(window,document);
/* ]]> */
</script>

Morgen erscheint in der Wochenendausgabe der taz (magazin) ein umfangreicher Text von mir, der durch die abgewendeten Terroranschläge zusätzliche Aktualität bekommt. Auszug: Die Urszene der modernen islamischen Kritik am Westen spielt in einer Kirche im Mittleren Westen, genauer gesagt in Greeley, Colorado. Ein ägytischer Beamter namens Sayyid Qutb war vom Bildungsministerium Ende 1948 ans dortige [&hellip;]
