{"version":"1.0","provider_name":"J\u00f6rg Lau","provider_url":"https:\/\/blog.zeit.de\/joerglau","author_name":"J\u00f6rg Lau","author_url":"https:\/\/blog.zeit.de\/joerglau\/author\/joerg-lau","title":"Zur Berliner Pal\u00e4stina-Konferenz - J\u00f6rg Lau","type":"rich","width":600,"height":338,"html":"<blockquote class=\"wp-embedded-content\" data-secret=\"PQ6QWTeBZq\"><a href=\"https:\/\/blog.zeit.de\/joerglau\/2008\/06\/25\/zur-berliner-palastina-konferenz_1236\">Zur Berliner Pal\u00e4stina-Konferenz<\/a><\/blockquote><iframe sandbox=\"allow-scripts\" security=\"restricted\" src=\"https:\/\/blog.zeit.de\/joerglau\/2008\/06\/25\/zur-berliner-palastina-konferenz_1236\/embed#?secret=PQ6QWTeBZq\" width=\"600\" height=\"338\" title=\"&#8222;Zur Berliner Pal\u00e4stina-Konferenz&#8220; &#8212; J\u00f6rg Lau\" data-secret=\"PQ6QWTeBZq\" frameborder=\"0\" marginwidth=\"0\" marginheight=\"0\" scrolling=\"no\" class=\"wp-embedded-content\"><\/iframe><script type=\"text\/javascript\">\n\/* <![CDATA[ *\/\n\/*! This file is auto-generated *\/\n!function(d,l){\"use strict\";l.querySelector&&d.addEventListener&&\"undefined\"!=typeof URL&&(d.wp=d.wp||{},d.wp.receiveEmbedMessage||(d.wp.receiveEmbedMessage=function(e){var t=e.data;if((t||t.secret||t.message||t.value)&&!\/[^a-zA-Z0-9]\/.test(t.secret)){for(var s,r,n,a=l.querySelectorAll('iframe[data-secret=\"'+t.secret+'\"]'),o=l.querySelectorAll('blockquote[data-secret=\"'+t.secret+'\"]'),c=new RegExp(\"^https?:$\",\"i\"),i=0;i<o.length;i++)o[i].style.display=\"none\";for(i=0;i<a.length;i++)s=a[i],e.source===s.contentWindow&&(s.removeAttribute(\"style\"),\"height\"===t.message?(1e3<(r=parseInt(t.value,10))?r=1e3:~~r<200&&(r=200),s.height=r):\"link\"===t.message&&(r=new URL(s.getAttribute(\"src\")),n=new URL(t.value),c.test(n.protocol))&&n.host===r.host&&l.activeElement===s&&(d.top.location.href=t.value))}},d.addEventListener(\"message\",d.wp.receiveEmbedMessage,!1),l.addEventListener(\"DOMContentLoaded\",function(){for(var e,t,s=l.querySelectorAll(\"iframe.wp-embedded-content\"),r=0;r<s.length;r++)(t=(e=s[r]).getAttribute(\"data-secret\"))||(t=Math.random().toString(36).substring(2,12),e.src+=\"#?secret=\"+t,e.setAttribute(\"data-secret\",t)),e.contentWindow.postMessage({message:\"ready\",secret:t},\"*\")},!1)))}(window,document);\n\/* ]]> *\/\n<\/script>\n","description":"Und noch ein Text von mir aus der morgigen Ausgabe der ZEIT: Schon das ist etwas Neues: Es findet eine Nahostkonferenz statt, und alle wollen die Idee dazu gehabt haben. Das Kanzleramt und das Ausw\u00e4rtige Amt konnten sich gerade noch zur\u00fcckhalten, \u00f6ffentlich \u00fcber die Urheberschaft f\u00fcr die \u00bbBerliner Konferenz zur Unterst\u00fctzung der pal\u00e4stinensischen zivilen Sicherheit [&hellip;]"}

Jörg Lau

Zur Berliner Palästina-Konferenz - Jörg Lau

<blockquote class="wp-embedded-content" data-secret="PQ6QWTeBZq"><a href="https://blog.zeit.de/joerglau/2008/06/25/zur-berliner-palastina-konferenz_1236">Zur Berliner Palästina-Konferenz</a></blockquote><iframe sandbox="allow-scripts" security="restricted" src="https://blog.zeit.de/joerglau/2008/06/25/zur-berliner-palastina-konferenz_1236/embed#?secret=PQ6QWTeBZq" width="600" height="338" title="&#8222;Zur Berliner Palästina-Konferenz&#8220; &#8212; Jörg Lau" data-secret="PQ6QWTeBZq" frameborder="0" marginwidth="0" marginheight="0" scrolling="no" class="wp-embedded-content"></iframe><script type="text/javascript">
/* <![CDATA[ */
/*! This file is auto-generated */
!function(d,l){"use strict";l.querySelector&&d.addEventListener&&"undefined"!=typeof URL&&(d.wp=d.wp||{},d.wp.receiveEmbedMessage||(d.wp.receiveEmbedMessage=function(e){var t=e.data;if((t||t.secret||t.message||t.value)&&!/[^a-zA-Z0-9]/.test(t.secret)){for(var s,r,n,a=l.querySelectorAll('iframe[data-secret="'+t.secret+'"]'),o=l.querySelectorAll('blockquote[data-secret="'+t.secret+'"]'),c=new RegExp("^https?:$","i"),i=0;i<o.length;i++)o[i].style.display="none";for(i=0;i<a.length;i++)s=a[i],e.source===s.contentWindow&&(s.removeAttribute("style"),"height"===t.message?(1e3<(r=parseInt(t.value,10))?r=1e3:~~r<200&&(r=200),s.height=r):"link"===t.message&&(r=new URL(s.getAttribute("src")),n=new URL(t.value),c.test(n.protocol))&&n.host===r.host&&l.activeElement===s&&(d.top.location.href=t.value))}},d.addEventListener("message",d.wp.receiveEmbedMessage,!1),l.addEventListener("DOMContentLoaded",function(){for(var e,t,s=l.querySelectorAll("iframe.wp-embedded-content"),r=0;r<s.length;r++)(t=(e=s[r]).getAttribute("data-secret"))||(t=Math.random().toString(36).substring(2,12),e.src+="#?secret="+t,e.setAttribute("data-secret",t)),e.contentWindow.postMessage({message:"ready",secret:t},"*")},!1)))}(window,document);
/* ]]> */
</script>

Und noch ein Text von mir aus der morgigen Ausgabe der ZEIT: Schon das ist etwas Neues: Es findet eine Nahostkonferenz statt, und alle wollen die Idee dazu gehabt haben. Das Kanzleramt und das Auswärtige Amt konnten sich gerade noch zurückhalten, öffentlich über die Urheberschaft für die »Berliner Konferenz zur Unterstützung der palästinensischen zivilen Sicherheit [&hellip;]
