{"version":"1.0","provider_name":"J\u00f6rg Lau","provider_url":"https:\/\/blog.zeit.de\/joerglau","author_name":"J\u00f6rg Lau","author_url":"https:\/\/blog.zeit.de\/joerglau\/author\/joerg-lau","title":"Bremst der Wohlfahrtsstaat die Integration? - J\u00f6rg Lau","type":"rich","width":600,"height":338,"html":"<blockquote class=\"wp-embedded-content\" data-secret=\"PaLhAoVvr5\"><a href=\"https:\/\/blog.zeit.de\/joerglau\/2010\/03\/30\/bremst-der-wohlfahrtsstaat-die-integration_3556\">Bremst der Wohlfahrtsstaat die Integration?<\/a><\/blockquote><iframe sandbox=\"allow-scripts\" security=\"restricted\" src=\"https:\/\/blog.zeit.de\/joerglau\/2010\/03\/30\/bremst-der-wohlfahrtsstaat-die-integration_3556\/embed#?secret=PaLhAoVvr5\" width=\"600\" height=\"338\" title=\"&#8222;Bremst der Wohlfahrtsstaat die Integration?&#8220; &#8212; J\u00f6rg Lau\" data-secret=\"PaLhAoVvr5\" frameborder=\"0\" marginwidth=\"0\" marginheight=\"0\" scrolling=\"no\" class=\"wp-embedded-content\"><\/iframe><script type=\"text\/javascript\">\n\/* <![CDATA[ *\/\n\/*! This file is auto-generated *\/\n!function(d,l){\"use strict\";l.querySelector&&d.addEventListener&&\"undefined\"!=typeof URL&&(d.wp=d.wp||{},d.wp.receiveEmbedMessage||(d.wp.receiveEmbedMessage=function(e){var t=e.data;if((t||t.secret||t.message||t.value)&&!\/[^a-zA-Z0-9]\/.test(t.secret)){for(var s,r,n,a=l.querySelectorAll('iframe[data-secret=\"'+t.secret+'\"]'),o=l.querySelectorAll('blockquote[data-secret=\"'+t.secret+'\"]'),c=new RegExp(\"^https?:$\",\"i\"),i=0;i<o.length;i++)o[i].style.display=\"none\";for(i=0;i<a.length;i++)s=a[i],e.source===s.contentWindow&&(s.removeAttribute(\"style\"),\"height\"===t.message?(1e3<(r=parseInt(t.value,10))?r=1e3:~~r<200&&(r=200),s.height=r):\"link\"===t.message&&(r=new URL(s.getAttribute(\"src\")),n=new URL(t.value),c.test(n.protocol))&&n.host===r.host&&l.activeElement===s&&(d.top.location.href=t.value))}},d.addEventListener(\"message\",d.wp.receiveEmbedMessage,!1),l.addEventListener(\"DOMContentLoaded\",function(){for(var e,t,s=l.querySelectorAll(\"iframe.wp-embedded-content\"),r=0;r<s.length;r++)(t=(e=s[r]).getAttribute(\"data-secret\"))||(t=Math.random().toString(36).substring(2,12),e.src+=\"#?secret=\"+t,e.setAttribute(\"data-secret\",t)),e.contentWindow.postMessage({message:\"ready\",secret:t},\"*\")},!1)))}(window,document);\n\/* ]]> *\/\n<\/script>\n","description":"Siegfried Kohlhammer, ein singul\u00e4r freier Kopf seit vielen Jahren, an dessen islamdiskurskritisches Buch aus den 90ern ich meine meistgebloggte Kategorie hier angelehnt habe, hat im neuen MERKUR mal wieder zugeschlagen. Kohlhammer ist nach Jahren in Berlin leider wieder nach Japan zur\u00fcckgegangen, von wo aus er aber immer wieder einen k\u00fchlen Blick zur\u00fcck auf die europ\u00e4ischen [&hellip;]"}

Jörg Lau

Bremst der Wohlfahrtsstaat die Integration? - Jörg Lau

<blockquote class="wp-embedded-content" data-secret="PaLhAoVvr5"><a href="https://blog.zeit.de/joerglau/2010/03/30/bremst-der-wohlfahrtsstaat-die-integration_3556">Bremst der Wohlfahrtsstaat die Integration?</a></blockquote><iframe sandbox="allow-scripts" security="restricted" src="https://blog.zeit.de/joerglau/2010/03/30/bremst-der-wohlfahrtsstaat-die-integration_3556/embed#?secret=PaLhAoVvr5" width="600" height="338" title="&#8222;Bremst der Wohlfahrtsstaat die Integration?&#8220; &#8212; Jörg Lau" data-secret="PaLhAoVvr5" frameborder="0" marginwidth="0" marginheight="0" scrolling="no" class="wp-embedded-content"></iframe><script type="text/javascript">
/* <![CDATA[ */
/*! This file is auto-generated */
!function(d,l){"use strict";l.querySelector&&d.addEventListener&&"undefined"!=typeof URL&&(d.wp=d.wp||{},d.wp.receiveEmbedMessage||(d.wp.receiveEmbedMessage=function(e){var t=e.data;if((t||t.secret||t.message||t.value)&&!/[^a-zA-Z0-9]/.test(t.secret)){for(var s,r,n,a=l.querySelectorAll('iframe[data-secret="'+t.secret+'"]'),o=l.querySelectorAll('blockquote[data-secret="'+t.secret+'"]'),c=new RegExp("^https?:$","i"),i=0;i<o.length;i++)o[i].style.display="none";for(i=0;i<a.length;i++)s=a[i],e.source===s.contentWindow&&(s.removeAttribute("style"),"height"===t.message?(1e3<(r=parseInt(t.value,10))?r=1e3:~~r<200&&(r=200),s.height=r):"link"===t.message&&(r=new URL(s.getAttribute("src")),n=new URL(t.value),c.test(n.protocol))&&n.host===r.host&&l.activeElement===s&&(d.top.location.href=t.value))}},d.addEventListener("message",d.wp.receiveEmbedMessage,!1),l.addEventListener("DOMContentLoaded",function(){for(var e,t,s=l.querySelectorAll("iframe.wp-embedded-content"),r=0;r<s.length;r++)(t=(e=s[r]).getAttribute("data-secret"))||(t=Math.random().toString(36).substring(2,12),e.src+="#?secret="+t,e.setAttribute("data-secret",t)),e.contentWindow.postMessage({message:"ready",secret:t},"*")},!1)))}(window,document);
/* ]]> */
</script>

Siegfried Kohlhammer, ein singulär freier Kopf seit vielen Jahren, an dessen islamdiskurskritisches Buch aus den 90ern ich meine meistgebloggte Kategorie hier angelehnt habe, hat im neuen MERKUR mal wieder zugeschlagen. Kohlhammer ist nach Jahren in Berlin leider wieder nach Japan zurückgegangen, von wo aus er aber immer wieder einen kühlen Blick zurück auf die europäischen [&hellip;]
