{"version":"1.0","provider_name":"J\u00f6rg Lau","provider_url":"https:\/\/blog.zeit.de\/joerglau","author_name":"J\u00f6rg Lau","author_url":"https:\/\/blog.zeit.de\/joerglau\/author\/joerg-lau","title":"Warum Henryk Broder Persilscheine ausstellt - J\u00f6rg Lau","type":"rich","width":600,"height":338,"html":"<blockquote class=\"wp-embedded-content\" data-secret=\"8SOYtL0N3u\"><a href=\"https:\/\/blog.zeit.de\/joerglau\/2010\/09\/28\/warum-henryk-broder-persilscheine-ausstellt_4186\">Warum Henryk Broder Persilscheine ausstellt<\/a><\/blockquote><iframe sandbox=\"allow-scripts\" security=\"restricted\" src=\"https:\/\/blog.zeit.de\/joerglau\/2010\/09\/28\/warum-henryk-broder-persilscheine-ausstellt_4186\/embed#?secret=8SOYtL0N3u\" width=\"600\" height=\"338\" title=\"&#8222;Warum Henryk Broder Persilscheine ausstellt&#8220; &#8212; J\u00f6rg Lau\" data-secret=\"8SOYtL0N3u\" frameborder=\"0\" marginwidth=\"0\" marginheight=\"0\" scrolling=\"no\" class=\"wp-embedded-content\"><\/iframe><script type=\"text\/javascript\">\n\/* <![CDATA[ *\/\n\/*! This file is auto-generated *\/\n!function(d,l){\"use strict\";l.querySelector&&d.addEventListener&&\"undefined\"!=typeof URL&&(d.wp=d.wp||{},d.wp.receiveEmbedMessage||(d.wp.receiveEmbedMessage=function(e){var t=e.data;if((t||t.secret||t.message||t.value)&&!\/[^a-zA-Z0-9]\/.test(t.secret)){for(var s,r,n,a=l.querySelectorAll('iframe[data-secret=\"'+t.secret+'\"]'),o=l.querySelectorAll('blockquote[data-secret=\"'+t.secret+'\"]'),c=new RegExp(\"^https?:$\",\"i\"),i=0;i<o.length;i++)o[i].style.display=\"none\";for(i=0;i<a.length;i++)s=a[i],e.source===s.contentWindow&&(s.removeAttribute(\"style\"),\"height\"===t.message?(1e3<(r=parseInt(t.value,10))?r=1e3:~~r<200&&(r=200),s.height=r):\"link\"===t.message&&(r=new URL(s.getAttribute(\"src\")),n=new URL(t.value),c.test(n.protocol))&&n.host===r.host&&l.activeElement===s&&(d.top.location.href=t.value))}},d.addEventListener(\"message\",d.wp.receiveEmbedMessage,!1),l.addEventListener(\"DOMContentLoaded\",function(){for(var e,t,s=l.querySelectorAll(\"iframe.wp-embedded-content\"),r=0;r<s.length;r++)(t=(e=s[r]).getAttribute(\"data-secret\"))||(t=Math.random().toString(36).substring(2,12),e.src+=\"#?secret=\"+t,e.setAttribute(\"data-secret\",t)),e.contentWindow.postMessage({message:\"ready\",secret:t},\"*\")},!1)))}(window,document);\n\/* ]]> *\/\n<\/script>\n","description":"Ich lese die &#8222;Achse des Guten&#8220; nicht mehr oft, obwohl sie hier weiter in der Linkleiste vertreten ist. Der Dogmatismus, das ewige Eiferertum (das der ironischen Selbstetikettierung widerspricht) und die teilweise h\u00e4sslichen T\u00f6ne, vor allem in der Integrationsdebatte, haben mir die Sache lange schon verg\u00e4llt. (Sorry, Hannes, Du bist die rare Ausnahme). So habe ich [&hellip;]"}

Jörg Lau

Warum Henryk Broder Persilscheine ausstellt - Jörg Lau

<blockquote class="wp-embedded-content" data-secret="8SOYtL0N3u"><a href="https://blog.zeit.de/joerglau/2010/09/28/warum-henryk-broder-persilscheine-ausstellt_4186">Warum Henryk Broder Persilscheine ausstellt</a></blockquote><iframe sandbox="allow-scripts" security="restricted" src="https://blog.zeit.de/joerglau/2010/09/28/warum-henryk-broder-persilscheine-ausstellt_4186/embed#?secret=8SOYtL0N3u" width="600" height="338" title="&#8222;Warum Henryk Broder Persilscheine ausstellt&#8220; &#8212; Jörg Lau" data-secret="8SOYtL0N3u" frameborder="0" marginwidth="0" marginheight="0" scrolling="no" class="wp-embedded-content"></iframe><script type="text/javascript">
/* <![CDATA[ */
/*! This file is auto-generated */
!function(d,l){"use strict";l.querySelector&&d.addEventListener&&"undefined"!=typeof URL&&(d.wp=d.wp||{},d.wp.receiveEmbedMessage||(d.wp.receiveEmbedMessage=function(e){var t=e.data;if((t||t.secret||t.message||t.value)&&!/[^a-zA-Z0-9]/.test(t.secret)){for(var s,r,n,a=l.querySelectorAll('iframe[data-secret="'+t.secret+'"]'),o=l.querySelectorAll('blockquote[data-secret="'+t.secret+'"]'),c=new RegExp("^https?:$","i"),i=0;i<o.length;i++)o[i].style.display="none";for(i=0;i<a.length;i++)s=a[i],e.source===s.contentWindow&&(s.removeAttribute("style"),"height"===t.message?(1e3<(r=parseInt(t.value,10))?r=1e3:~~r<200&&(r=200),s.height=r):"link"===t.message&&(r=new URL(s.getAttribute("src")),n=new URL(t.value),c.test(n.protocol))&&n.host===r.host&&l.activeElement===s&&(d.top.location.href=t.value))}},d.addEventListener("message",d.wp.receiveEmbedMessage,!1),l.addEventListener("DOMContentLoaded",function(){for(var e,t,s=l.querySelectorAll("iframe.wp-embedded-content"),r=0;r<s.length;r++)(t=(e=s[r]).getAttribute("data-secret"))||(t=Math.random().toString(36).substring(2,12),e.src+="#?secret="+t,e.setAttribute("data-secret",t)),e.contentWindow.postMessage({message:"ready",secret:t},"*")},!1)))}(window,document);
/* ]]> */
</script>

Ich lese die &#8222;Achse des Guten&#8220; nicht mehr oft, obwohl sie hier weiter in der Linkleiste vertreten ist. Der Dogmatismus, das ewige Eiferertum (das der ironischen Selbstetikettierung widerspricht) und die teilweise hässlichen Töne, vor allem in der Integrationsdebatte, haben mir die Sache lange schon vergällt. (Sorry, Hannes, Du bist die rare Ausnahme). So habe ich [&hellip;]
