{"version":"1.0","provider_name":"J\u00f6rg Lau","provider_url":"https:\/\/blog.zeit.de\/joerglau","author_name":"J\u00f6rg Lau","author_url":"https:\/\/blog.zeit.de\/joerglau\/author\/joerg-lau","title":"Das Ende der Zwei-Staaten-L\u00f6sung - J\u00f6rg Lau","type":"rich","width":600,"height":338,"html":"<blockquote class=\"wp-embedded-content\" data-secret=\"L5FJBtTVIB\"><a href=\"https:\/\/blog.zeit.de\/joerglau\/2013\/01\/18\/das-ende-der-zwei-staaten-losung_5839\">Das Ende der Zwei-Staaten-L\u00f6sung<\/a><\/blockquote><iframe sandbox=\"allow-scripts\" security=\"restricted\" src=\"https:\/\/blog.zeit.de\/joerglau\/2013\/01\/18\/das-ende-der-zwei-staaten-losung_5839\/embed#?secret=L5FJBtTVIB\" width=\"600\" height=\"338\" title=\"&#8222;Das Ende der Zwei-Staaten-L\u00f6sung&#8220; &#8212; J\u00f6rg Lau\" data-secret=\"L5FJBtTVIB\" frameborder=\"0\" marginwidth=\"0\" marginheight=\"0\" scrolling=\"no\" class=\"wp-embedded-content\"><\/iframe><script type=\"text\/javascript\">\n\/* <![CDATA[ *\/\n\/*! This file is auto-generated *\/\n!function(d,l){\"use strict\";l.querySelector&&d.addEventListener&&\"undefined\"!=typeof URL&&(d.wp=d.wp||{},d.wp.receiveEmbedMessage||(d.wp.receiveEmbedMessage=function(e){var t=e.data;if((t||t.secret||t.message||t.value)&&!\/[^a-zA-Z0-9]\/.test(t.secret)){for(var s,r,n,a=l.querySelectorAll('iframe[data-secret=\"'+t.secret+'\"]'),o=l.querySelectorAll('blockquote[data-secret=\"'+t.secret+'\"]'),c=new RegExp(\"^https?:$\",\"i\"),i=0;i<o.length;i++)o[i].style.display=\"none\";for(i=0;i<a.length;i++)s=a[i],e.source===s.contentWindow&&(s.removeAttribute(\"style\"),\"height\"===t.message?(1e3<(r=parseInt(t.value,10))?r=1e3:~~r<200&&(r=200),s.height=r):\"link\"===t.message&&(r=new URL(s.getAttribute(\"src\")),n=new URL(t.value),c.test(n.protocol))&&n.host===r.host&&l.activeElement===s&&(d.top.location.href=t.value))}},d.addEventListener(\"message\",d.wp.receiveEmbedMessage,!1),l.addEventListener(\"DOMContentLoaded\",function(){for(var e,t,s=l.querySelectorAll(\"iframe.wp-embedded-content\"),r=0;r<s.length;r++)(t=(e=s[r]).getAttribute(\"data-secret\"))||(t=Math.random().toString(36).substring(2,12),e.src+=\"#?secret=\"+t,e.setAttribute(\"data-secret\",t)),e.contentWindow.postMessage({message:\"ready\",secret:t},\"*\")},!1)))}(window,document);\n\/* ]]> *\/\n<\/script>\n","description":"Aus der ZEIT vom 17.1.2013, S. 3: In diesem einen Wort schnurrt die gesamte Nahostpolitik der letzten Jahrzehnte zusammen: Zwei-Staaten-L\u00f6sung. Auf Konferenzen von Madrid \u00fcber Oslo bis nach Annapolis rangen Pr\u00e4sidenten, Premiers und Kanzler darum. Nahostquartette, Sonderbeauftragte, Roadmaps \u2013 alles richtete sich immer auf dieses Ziel. Hier bestand ein seltener Konsens der Weltgemeinschaft, geteilt von [&hellip;]","thumbnail_url":"https:\/\/blog.zeit.de\/joerglau\/files\/2013\/01\/Bildschirmfoto-2013-01-18-um-12.16.36.png"}

Jörg Lau

Das Ende der Zwei-Staaten-Lösung - Jörg Lau

<blockquote class="wp-embedded-content" data-secret="L5FJBtTVIB"><a href="https://blog.zeit.de/joerglau/2013/01/18/das-ende-der-zwei-staaten-losung_5839">Das Ende der Zwei-Staaten-Lösung</a></blockquote><iframe sandbox="allow-scripts" security="restricted" src="https://blog.zeit.de/joerglau/2013/01/18/das-ende-der-zwei-staaten-losung_5839/embed#?secret=L5FJBtTVIB" width="600" height="338" title="&#8222;Das Ende der Zwei-Staaten-Lösung&#8220; &#8212; Jörg Lau" data-secret="L5FJBtTVIB" frameborder="0" marginwidth="0" marginheight="0" scrolling="no" class="wp-embedded-content"></iframe><script type="text/javascript">
/* <![CDATA[ */
/*! This file is auto-generated */
!function(d,l){"use strict";l.querySelector&&d.addEventListener&&"undefined"!=typeof URL&&(d.wp=d.wp||{},d.wp.receiveEmbedMessage||(d.wp.receiveEmbedMessage=function(e){var t=e.data;if((t||t.secret||t.message||t.value)&&!/[^a-zA-Z0-9]/.test(t.secret)){for(var s,r,n,a=l.querySelectorAll('iframe[data-secret="'+t.secret+'"]'),o=l.querySelectorAll('blockquote[data-secret="'+t.secret+'"]'),c=new RegExp("^https?:$","i"),i=0;i<o.length;i++)o[i].style.display="none";for(i=0;i<a.length;i++)s=a[i],e.source===s.contentWindow&&(s.removeAttribute("style"),"height"===t.message?(1e3<(r=parseInt(t.value,10))?r=1e3:~~r<200&&(r=200),s.height=r):"link"===t.message&&(r=new URL(s.getAttribute("src")),n=new URL(t.value),c.test(n.protocol))&&n.host===r.host&&l.activeElement===s&&(d.top.location.href=t.value))}},d.addEventListener("message",d.wp.receiveEmbedMessage,!1),l.addEventListener("DOMContentLoaded",function(){for(var e,t,s=l.querySelectorAll("iframe.wp-embedded-content"),r=0;r<s.length;r++)(t=(e=s[r]).getAttribute("data-secret"))||(t=Math.random().toString(36).substring(2,12),e.src+="#?secret="+t,e.setAttribute("data-secret",t)),e.contentWindow.postMessage({message:"ready",secret:t},"*")},!1)))}(window,document);
/* ]]> */
</script>

Aus der ZEIT vom 17.1.2013, S. 3: In diesem einen Wort schnurrt die gesamte Nahostpolitik der letzten Jahrzehnte zusammen: Zwei-Staaten-Lösung. Auf Konferenzen von Madrid über Oslo bis nach Annapolis rangen Präsidenten, Premiers und Kanzler darum. Nahostquartette, Sonderbeauftragte, Roadmaps – alles richtete sich immer auf dieses Ziel. Hier bestand ein seltener Konsens der Weltgemeinschaft, geteilt von [&hellip;]
