{"id":5,"date":"2013-12-23T15:01:35","date_gmt":"2013-12-23T14:01:35","guid":{"rendered":"http:\/\/blog.zeit.de\/kabul\/?page_id=5"},"modified":"2014-02-05T16:24:03","modified_gmt":"2014-02-05T15:24:03","slug":"ueber-das-blog","status":"publish","type":"page","link":"https:\/\/blog.zeit.de\/kabul\/ueber-das-blog\/","title":{"rendered":"\u00dcber das Blog"},"content":{"rendered":"<p>Es gibt ein afghanisches Sprichwort, das geht so: Wer von einer Schlange gebissen wurde, hat auch Angst vor einem gro\u00dfen Stock.<\/p>\n<p>Die Schlange &#8211; das ist f\u00fcr viele Afghanen der Abzug der Sowjetunion: Im Februar 1989 verlie\u00dfen nach zehn Jahren die letzten Soldaten das Land. Mindestens einer Million Afghanen hatte der Krieg damals das Leben genommen. Vier Jahre sp\u00e4ter brach der B\u00fcrgerkrieg aus, jeden Tag zerst\u00f6rten hunderte Bomben die Hauptstadt Kabul.<\/p>\n<p>Der Stock \u2013 das ist f\u00fcr viele Afghanen der Abzug der Nato: Im Dezember 2014 wird ein Gro\u00dfteil der Soldaten das Land verlassen. Keiner wei\u00df, was danach kommt.<\/p>\n<p>2014 ist zum Symbol geworden:<\/p>\n<p>F\u00fcr die Angst vor dem Kollaps.<\/p>\n<p>F\u00fcr den Zorn \u00fcber Medien, die ihn herbeischreiben.<\/p>\n<p>F\u00fcr die Hoffnung, dass die neue Regierung es besser macht.<\/p>\n<p>F\u00fcr die Sehnsucht nach Frieden.<\/p>\n<p>An einem Tag in diesem Jahr wird das afghanische Volk einen neuen Pr\u00e4sidenten w\u00e4hlen, an einem anderen wird ein General die Mission Isaf f\u00fcr beendet erkl\u00e4ren. Jeden Tag werden Menschen bei Luftangriffen, Terroranschl\u00e4gen und Schie\u00dfereien ihr Leben verlieren.<\/p>\n<p>Und sonst?<\/p>\n<p>Die Menschen werden Witze erz\u00e4hlen, im Stau stehen, sich heimlich betrinken, weinen, Schmiergeld bezahlen, G\u00e4ste einladen, tanzen, Gedichte schreiben, Politiker verfluchen, Schafe schlachten, Hochzeiten feiern, Cricket spielen, Examen schreiben, Frauen nachpfeifen, zu Gott beten und \u201eInschallah\u201c sagen.<\/p>\n<p>Ich will versuchen, ihnen dabei zuzuschauen.<\/p>\n","protected":false},"excerpt":{"rendered":"<p>Es gibt ein afghanisches Sprichwort, das geht so: Wer von einer Schlange gebissen wurde, hat auch Angst vor einem gro\u00dfen Stock. Die Schlange &#8211; das ist f\u00fcr viele Afghanen der Abzug der Sowjetunion: Im Februar 1989 verlie\u00dfen nach zehn Jahren die letzten Soldaten das Land. Mindestens einer Million Afghanen hatte der Krieg damals das Leben [&hellip;]<\/p>\n","protected":false},"author":2,"featured_media":0,"parent":0,"menu_order":0,"comment_status":"open","ping_status":"open","template":"","meta":{"footnotes":""},"class_list":["post-5","page","type-page","status-publish","hentry"],"yoast_head":"<!-- This site is optimized with the Yoast SEO plugin v21.0 - https:\/\/yoast.com\/wordpress\/plugins\/seo\/ -->\n<title>\u00dcber das Blog - Kabul, 2014<\/title>\n<meta name=\"robots\" content=\"index, follow, max-snippet:-1, max-image-preview:large, max-video-preview:-1\" \/>\n<link rel=\"canonical\" href=\"https:\/\/blog.zeit.de\/kabul\/ueber-das-blog\/\" \/>\n<meta property=\"og:locale\" content=\"de_DE\" \/>\n<meta property=\"og:type\" content=\"article\" \/>\n<meta property=\"og:title\" content=\"\u00dcber das Blog - Kabul, 2014\" \/>\n<meta property=\"og:description\" content=\"Es gibt ein afghanisches Sprichwort, das geht so: Wer von einer Schlange gebissen wurde, hat auch Angst vor einem gro\u00dfen Stock. Die Schlange &#8211; das ist f\u00fcr viele Afghanen der Abzug der Sowjetunion: Im Februar 1989 verlie\u00dfen nach zehn Jahren die letzten Soldaten das Land. Mindestens einer Million Afghanen hatte der Krieg damals das Leben [&hellip;]\" \/>\n<meta property=\"og:url\" content=\"https:\/\/blog.zeit.de\/kabul\/ueber-das-blog\/\" \/>\n<meta property=\"og:site_name\" content=\"Kabul, 2014\" \/>\n<meta property=\"article:modified_time\" content=\"2014-02-05T15:24:03+00:00\" \/>\n<meta name=\"twitter:card\" content=\"summary_large_image\" \/>\n<meta name=\"twitter:label1\" content=\"Gesch\u00e4tzte Lesezeit\" \/>\n\t<meta name=\"twitter:data1\" content=\"1\u00a0Minute\" \/>\n<script type=\"application\/ld+json\" class=\"yoast-schema-graph\">{\"@context\":\"https:\/\/schema.org\",\"@graph\":[{\"@type\":\"WebPage\",\"@id\":\"https:\/\/blog.zeit.de\/kabul\/ueber-das-blog\/\",\"url\":\"https:\/\/blog.zeit.de\/kabul\/ueber-das-blog\/\",\"name\":\"\u00dcber das Blog - Kabul, 2014\",\"isPartOf\":{\"@id\":\"https:\/\/blog.zeit.de\/kabul\/#website\"},\"datePublished\":\"2013-12-23T14:01:35+00:00\",\"dateModified\":\"2014-02-05T15:24:03+00:00\",\"breadcrumb\":{\"@id\":\"https:\/\/blog.zeit.de\/kabul\/ueber-das-blog\/#breadcrumb\"},\"inLanguage\":\"de\",\"potentialAction\":[{\"@type\":\"ReadAction\",\"target\":[\"https:\/\/blog.zeit.de\/kabul\/ueber-das-blog\/\"]}]},{\"@type\":\"BreadcrumbList\",\"@id\":\"https:\/\/blog.zeit.de\/kabul\/ueber-das-blog\/#breadcrumb\",\"itemListElement\":[{\"@type\":\"ListItem\",\"position\":1,\"name\":\"Startseite\",\"item\":\"https:\/\/blog.zeit.de\/kabul\/\"},{\"@type\":\"ListItem\",\"position\":2,\"name\":\"\u00dcber das Blog\"}]},{\"@type\":\"WebSite\",\"@id\":\"https:\/\/blog.zeit.de\/kabul\/#website\",\"url\":\"https:\/\/blog.zeit.de\/kabul\/\",\"name\":\"Kabul, 2014\",\"description\":\"Leben in Afghanistan\",\"potentialAction\":[{\"@type\":\"SearchAction\",\"target\":{\"@type\":\"EntryPoint\",\"urlTemplate\":\"https:\/\/blog.zeit.de\/kabul\/?s={search_term_string}\"},\"query-input\":\"required name=search_term_string\"}],\"inLanguage\":\"de\"}]}<\/script>\n<!-- \/ Yoast SEO plugin. -->","yoast_head_json":{"title":"\u00dcber das Blog - Kabul, 2014","robots":{"index":"index","follow":"follow","max-snippet":"max-snippet:-1","max-image-preview":"max-image-preview:large","max-video-preview":"max-video-preview:-1"},"canonical":"https:\/\/blog.zeit.de\/kabul\/ueber-das-blog\/","og_locale":"de_DE","og_type":"article","og_title":"\u00dcber das Blog - Kabul, 2014","og_description":"Es gibt ein afghanisches Sprichwort, das geht so: Wer von einer Schlange gebissen wurde, hat auch Angst vor einem gro\u00dfen Stock. Die Schlange &#8211; das ist f\u00fcr viele Afghanen der Abzug der Sowjetunion: Im Februar 1989 verlie\u00dfen nach zehn Jahren die letzten Soldaten das Land. Mindestens einer Million Afghanen hatte der Krieg damals das Leben [&hellip;]","og_url":"https:\/\/blog.zeit.de\/kabul\/ueber-das-blog\/","og_site_name":"Kabul, 2014","article_modified_time":"2014-02-05T15:24:03+00:00","twitter_card":"summary_large_image","twitter_misc":{"Gesch\u00e4tzte Lesezeit":"1\u00a0Minute"},"schema":{"@context":"https:\/\/schema.org","@graph":[{"@type":"WebPage","@id":"https:\/\/blog.zeit.de\/kabul\/ueber-das-blog\/","url":"https:\/\/blog.zeit.de\/kabul\/ueber-das-blog\/","name":"\u00dcber das Blog - Kabul, 2014","isPartOf":{"@id":"https:\/\/blog.zeit.de\/kabul\/#website"},"datePublished":"2013-12-23T14:01:35+00:00","dateModified":"2014-02-05T15:24:03+00:00","breadcrumb":{"@id":"https:\/\/blog.zeit.de\/kabul\/ueber-das-blog\/#breadcrumb"},"inLanguage":"de","potentialAction":[{"@type":"ReadAction","target":["https:\/\/blog.zeit.de\/kabul\/ueber-das-blog\/"]}]},{"@type":"BreadcrumbList","@id":"https:\/\/blog.zeit.de\/kabul\/ueber-das-blog\/#breadcrumb","itemListElement":[{"@type":"ListItem","position":1,"name":"Startseite","item":"https:\/\/blog.zeit.de\/kabul\/"},{"@type":"ListItem","position":2,"name":"\u00dcber das Blog"}]},{"@type":"WebSite","@id":"https:\/\/blog.zeit.de\/kabul\/#website","url":"https:\/\/blog.zeit.de\/kabul\/","name":"Kabul, 2014","description":"Leben in Afghanistan","potentialAction":[{"@type":"SearchAction","target":{"@type":"EntryPoint","urlTemplate":"https:\/\/blog.zeit.de\/kabul\/?s={search_term_string}"},"query-input":"required name=search_term_string"}],"inLanguage":"de"}]}},"jetpack_sharing_enabled":true,"_links":{"self":[{"href":"https:\/\/blog.zeit.de\/kabul\/wp-json\/wp\/v2\/pages\/5","targetHints":{"allow":["GET"]}}],"collection":[{"href":"https:\/\/blog.zeit.de\/kabul\/wp-json\/wp\/v2\/pages"}],"about":[{"href":"https:\/\/blog.zeit.de\/kabul\/wp-json\/wp\/v2\/types\/page"}],"author":[{"embeddable":true,"href":"https:\/\/blog.zeit.de\/kabul\/wp-json\/wp\/v2\/users\/2"}],"replies":[{"embeddable":true,"href":"https:\/\/blog.zeit.de\/kabul\/wp-json\/wp\/v2\/comments?post=5"}],"version-history":[{"count":6,"href":"https:\/\/blog.zeit.de\/kabul\/wp-json\/wp\/v2\/pages\/5\/revisions"}],"predecessor-version":[{"id":81,"href":"https:\/\/blog.zeit.de\/kabul\/wp-json\/wp\/v2\/pages\/5\/revisions\/81"}],"wp:attachment":[{"href":"https:\/\/blog.zeit.de\/kabul\/wp-json\/wp\/v2\/media?parent=5"}],"curies":[{"name":"wp","href":"https:\/\/api.w.org\/{rel}","templated":true}]}}