{"version":"1.0","provider_name":"KinderZEIT-Blog","provider_url":"https:\/\/blog.zeit.de\/kinderzeit","author_name":"Redaktion KinderZEIT","author_url":"https:\/\/blog.zeit.de\/kinderzeit\/author\/katrin-hoernlein","title":"K\u00f6nig oder was? - KinderZEIT-Blog","type":"rich","width":600,"height":338,"html":"<blockquote class=\"wp-embedded-content\" data-secret=\"HA50NYlrSh\"><a href=\"https:\/\/blog.zeit.de\/kinderzeit\/2009\/05\/20\/konig-oder-was_1303\">K\u00f6nig oder was?<\/a><\/blockquote><iframe sandbox=\"allow-scripts\" security=\"restricted\" src=\"https:\/\/blog.zeit.de\/kinderzeit\/2009\/05\/20\/konig-oder-was_1303\/embed#?secret=HA50NYlrSh\" width=\"600\" height=\"338\" title=\"&#8222;K\u00f6nig oder was?&#8220; &#8212; KinderZEIT-Blog\" data-secret=\"HA50NYlrSh\" frameborder=\"0\" marginwidth=\"0\" marginheight=\"0\" scrolling=\"no\" class=\"wp-embedded-content\"><\/iframe><script type=\"text\/javascript\">\n\/* <![CDATA[ *\/\n\/*! This file is auto-generated *\/\n!function(d,l){\"use strict\";l.querySelector&&d.addEventListener&&\"undefined\"!=typeof URL&&(d.wp=d.wp||{},d.wp.receiveEmbedMessage||(d.wp.receiveEmbedMessage=function(e){var t=e.data;if((t||t.secret||t.message||t.value)&&!\/[^a-zA-Z0-9]\/.test(t.secret)){for(var s,r,n,a=l.querySelectorAll('iframe[data-secret=\"'+t.secret+'\"]'),o=l.querySelectorAll('blockquote[data-secret=\"'+t.secret+'\"]'),c=new RegExp(\"^https?:$\",\"i\"),i=0;i<o.length;i++)o[i].style.display=\"none\";for(i=0;i<a.length;i++)s=a[i],e.source===s.contentWindow&&(s.removeAttribute(\"style\"),\"height\"===t.message?(1e3<(r=parseInt(t.value,10))?r=1e3:~~r<200&&(r=200),s.height=r):\"link\"===t.message&&(r=new URL(s.getAttribute(\"src\")),n=new URL(t.value),c.test(n.protocol))&&n.host===r.host&&l.activeElement===s&&(d.top.location.href=t.value))}},d.addEventListener(\"message\",d.wp.receiveEmbedMessage,!1),l.addEventListener(\"DOMContentLoaded\",function(){for(var e,t,s=l.querySelectorAll(\"iframe.wp-embedded-content\"),r=0;r<s.length;r++)(t=(e=s[r]).getAttribute(\"data-secret\"))||(t=Math.random().toString(36).substring(2,12),e.src+=\"#?secret=\"+t,e.setAttribute(\"data-secret\",t)),e.contentWindow.postMessage({message:\"ready\",secret:t},\"*\")},!1)))}(window,document);\n\/* ]]> *\/\n<\/script>\n","description":"\u00a9 Niels Schr\u00f6der An diesem Samstag (23. Mai) wird ein neuer Bundespr\u00e4sident oder eine Bundespr\u00e4sidentin gew\u00e4hlt. Wozu brauchen wir einen Pr\u00e4sidenten? Und was macht er eigentlich den ganzen Tag? Von Elisabeth Niejahr In Deutschland gibt es schon seit Langem keinen K\u00f6nig mehr. Wir werden von der Kanzlerin und ihren Ministern regiert. Sie schlagen dem Parlament [&hellip;]","thumbnail_url":"https:\/\/img.zeit.de\/bilder\/2009\/22\/gesellschaft\/kinderzeit\/bundespraesident-450.jpg"}

König oder was? - KinderZEIT-Blog

<blockquote class="wp-embedded-content" data-secret="HA50NYlrSh"><a href="https://blog.zeit.de/kinderzeit/2009/05/20/konig-oder-was_1303">König oder was?</a></blockquote><iframe sandbox="allow-scripts" security="restricted" src="https://blog.zeit.de/kinderzeit/2009/05/20/konig-oder-was_1303/embed#?secret=HA50NYlrSh" width="600" height="338" title="&#8222;König oder was?&#8220; &#8212; KinderZEIT-Blog" data-secret="HA50NYlrSh" frameborder="0" marginwidth="0" marginheight="0" scrolling="no" class="wp-embedded-content"></iframe><script type="text/javascript">
/* <![CDATA[ */
/*! This file is auto-generated */
!function(d,l){"use strict";l.querySelector&&d.addEventListener&&"undefined"!=typeof URL&&(d.wp=d.wp||{},d.wp.receiveEmbedMessage||(d.wp.receiveEmbedMessage=function(e){var t=e.data;if((t||t.secret||t.message||t.value)&&!/[^a-zA-Z0-9]/.test(t.secret)){for(var s,r,n,a=l.querySelectorAll('iframe[data-secret="'+t.secret+'"]'),o=l.querySelectorAll('blockquote[data-secret="'+t.secret+'"]'),c=new RegExp("^https?:$","i"),i=0;i<o.length;i++)o[i].style.display="none";for(i=0;i<a.length;i++)s=a[i],e.source===s.contentWindow&&(s.removeAttribute("style"),"height"===t.message?(1e3<(r=parseInt(t.value,10))?r=1e3:~~r<200&&(r=200),s.height=r):"link"===t.message&&(r=new URL(s.getAttribute("src")),n=new URL(t.value),c.test(n.protocol))&&n.host===r.host&&l.activeElement===s&&(d.top.location.href=t.value))}},d.addEventListener("message",d.wp.receiveEmbedMessage,!1),l.addEventListener("DOMContentLoaded",function(){for(var e,t,s=l.querySelectorAll("iframe.wp-embedded-content"),r=0;r<s.length;r++)(t=(e=s[r]).getAttribute("data-secret"))||(t=Math.random().toString(36).substring(2,12),e.src+="#?secret="+t,e.setAttribute("data-secret",t)),e.contentWindow.postMessage({message:"ready",secret:t},"*")},!1)))}(window,document);
/* ]]> */
</script>

© Niels Schröder An diesem Samstag (23. Mai) wird ein neuer Bundespräsident oder eine Bundespräsidentin gewählt. Wozu brauchen wir einen Präsidenten? Und was macht er eigentlich den ganzen Tag? Von Elisabeth Niejahr In Deutschland gibt es schon seit Langem keinen König mehr. Wir werden von der Kanzlerin und ihren Ministern regiert. Sie schlagen dem Parlament [&hellip;]
