{"version":"1.0","provider_name":"KinderZEIT-Blog","provider_url":"https:\/\/blog.zeit.de\/kinderzeit","author_name":"Redaktion KinderZEIT","author_url":"https:\/\/blog.zeit.de\/kinderzeit\/author\/katrin-hoernlein","title":"Singen f\u00fcr die Freiheit - KinderZEIT-Blog","type":"rich","width":600,"height":338,"html":"<blockquote class=\"wp-embedded-content\" data-secret=\"E1K7nQIqQE\"><a href=\"https:\/\/blog.zeit.de\/kinderzeit\/2009\/08\/20\/singen-fur-die-freiheit_1855\">Singen f\u00fcr die Freiheit<\/a><\/blockquote><iframe sandbox=\"allow-scripts\" security=\"restricted\" src=\"https:\/\/blog.zeit.de\/kinderzeit\/2009\/08\/20\/singen-fur-die-freiheit_1855\/embed#?secret=E1K7nQIqQE\" width=\"600\" height=\"338\" title=\"&#8222;Singen f\u00fcr die Freiheit&#8220; &#8212; KinderZEIT-Blog\" data-secret=\"E1K7nQIqQE\" frameborder=\"0\" marginwidth=\"0\" marginheight=\"0\" scrolling=\"no\" class=\"wp-embedded-content\"><\/iframe><script type=\"text\/javascript\">\n\/* <![CDATA[ *\/\n\/*! This file is auto-generated *\/\n!function(d,l){\"use strict\";l.querySelector&&d.addEventListener&&\"undefined\"!=typeof URL&&(d.wp=d.wp||{},d.wp.receiveEmbedMessage||(d.wp.receiveEmbedMessage=function(e){var t=e.data;if((t||t.secret||t.message||t.value)&&!\/[^a-zA-Z0-9]\/.test(t.secret)){for(var s,r,n,a=l.querySelectorAll('iframe[data-secret=\"'+t.secret+'\"]'),o=l.querySelectorAll('blockquote[data-secret=\"'+t.secret+'\"]'),c=new RegExp(\"^https?:$\",\"i\"),i=0;i<o.length;i++)o[i].style.display=\"none\";for(i=0;i<a.length;i++)s=a[i],e.source===s.contentWindow&&(s.removeAttribute(\"style\"),\"height\"===t.message?(1e3<(r=parseInt(t.value,10))?r=1e3:~~r<200&&(r=200),s.height=r):\"link\"===t.message&&(r=new URL(s.getAttribute(\"src\")),n=new URL(t.value),c.test(n.protocol))&&n.host===r.host&&l.activeElement===s&&(d.top.location.href=t.value))}},d.addEventListener(\"message\",d.wp.receiveEmbedMessage,!1),l.addEventListener(\"DOMContentLoaded\",function(){for(var e,t,s=l.querySelectorAll(\"iframe.wp-embedded-content\"),r=0;r<s.length;r++)(t=(e=s[r]).getAttribute(\"data-secret\"))||(t=Math.random().toString(36).substring(2,12),e.src+=\"#?secret=\"+t,e.setAttribute(\"data-secret\",t)),e.contentWindow.postMessage({message:\"ready\",secret:t},\"*\")},!1)))}(window,document);\n\/* ]]> *\/\n<\/script>\n","description":"Vor 20 Jahren fanden sich Esten, Letten und Litauer zu einer 600 Kilometer langen Menschenkette zusammen. Mit ihren Liedern k\u00e4mpften sie f\u00fcr die Unabh\u00e4ngigkeit ihrer L\u00e4nder Von Alexandra Frank Liilika friert. Ihre F\u00fc\u00dfe schmerzen, und ihre Beine sind steif vom Stehen. Der Wind fegt durch den Wald rechts und links der Stra\u00dfe. Es sollte w\u00e4rmer [&hellip;]","thumbnail_url":"http:\/\/zeus.zeit.de\/bilder\/2009\/35\/gesellschaft\/kinderzeit\/singende-revolution-450.jpg"}

Singen für die Freiheit - KinderZEIT-Blog

<blockquote class="wp-embedded-content" data-secret="E1K7nQIqQE"><a href="https://blog.zeit.de/kinderzeit/2009/08/20/singen-fur-die-freiheit_1855">Singen für die Freiheit</a></blockquote><iframe sandbox="allow-scripts" security="restricted" src="https://blog.zeit.de/kinderzeit/2009/08/20/singen-fur-die-freiheit_1855/embed#?secret=E1K7nQIqQE" width="600" height="338" title="&#8222;Singen für die Freiheit&#8220; &#8212; KinderZEIT-Blog" data-secret="E1K7nQIqQE" frameborder="0" marginwidth="0" marginheight="0" scrolling="no" class="wp-embedded-content"></iframe><script type="text/javascript">
/* <![CDATA[ */
/*! This file is auto-generated */
!function(d,l){"use strict";l.querySelector&&d.addEventListener&&"undefined"!=typeof URL&&(d.wp=d.wp||{},d.wp.receiveEmbedMessage||(d.wp.receiveEmbedMessage=function(e){var t=e.data;if((t||t.secret||t.message||t.value)&&!/[^a-zA-Z0-9]/.test(t.secret)){for(var s,r,n,a=l.querySelectorAll('iframe[data-secret="'+t.secret+'"]'),o=l.querySelectorAll('blockquote[data-secret="'+t.secret+'"]'),c=new RegExp("^https?:$","i"),i=0;i<o.length;i++)o[i].style.display="none";for(i=0;i<a.length;i++)s=a[i],e.source===s.contentWindow&&(s.removeAttribute("style"),"height"===t.message?(1e3<(r=parseInt(t.value,10))?r=1e3:~~r<200&&(r=200),s.height=r):"link"===t.message&&(r=new URL(s.getAttribute("src")),n=new URL(t.value),c.test(n.protocol))&&n.host===r.host&&l.activeElement===s&&(d.top.location.href=t.value))}},d.addEventListener("message",d.wp.receiveEmbedMessage,!1),l.addEventListener("DOMContentLoaded",function(){for(var e,t,s=l.querySelectorAll("iframe.wp-embedded-content"),r=0;r<s.length;r++)(t=(e=s[r]).getAttribute("data-secret"))||(t=Math.random().toString(36).substring(2,12),e.src+="#?secret="+t,e.setAttribute("data-secret",t)),e.contentWindow.postMessage({message:"ready",secret:t},"*")},!1)))}(window,document);
/* ]]> */
</script>

Vor 20 Jahren fanden sich Esten, Letten und Litauer zu einer 600 Kilometer langen Menschenkette zusammen. Mit ihren Liedern kämpften sie für die Unabhängigkeit ihrer Länder Von Alexandra Frank Liilika friert. Ihre Füße schmerzen, und ihre Beine sind steif vom Stehen. Der Wind fegt durch den Wald rechts und links der Straße. Es sollte wärmer [&hellip;]
