{"version":"1.0","provider_name":"KinderZEIT-Blog","provider_url":"https:\/\/blog.zeit.de\/kinderzeit","author_name":"Redaktion KinderZEIT","author_url":"https:\/\/blog.zeit.de\/kinderzeit\/author\/katrin-hoernlein","title":"Wettstreit der Ideen - KinderZEIT-Blog","type":"rich","width":600,"height":338,"html":"<blockquote class=\"wp-embedded-content\" data-secret=\"cZXYG4ZYTQ\"><a href=\"https:\/\/blog.zeit.de\/kinderzeit\/2009\/09\/03\/wettstreit-der-ideen_2038\">Wettstreit der Ideen<\/a><\/blockquote><iframe sandbox=\"allow-scripts\" security=\"restricted\" src=\"https:\/\/blog.zeit.de\/kinderzeit\/2009\/09\/03\/wettstreit-der-ideen_2038\/embed#?secret=cZXYG4ZYTQ\" width=\"600\" height=\"338\" title=\"&#8222;Wettstreit der Ideen&#8220; &#8212; KinderZEIT-Blog\" data-secret=\"cZXYG4ZYTQ\" frameborder=\"0\" marginwidth=\"0\" marginheight=\"0\" scrolling=\"no\" class=\"wp-embedded-content\"><\/iframe><script type=\"text\/javascript\">\n\/* <![CDATA[ *\/\n\/*! This file is auto-generated *\/\n!function(d,l){\"use strict\";l.querySelector&&d.addEventListener&&\"undefined\"!=typeof URL&&(d.wp=d.wp||{},d.wp.receiveEmbedMessage||(d.wp.receiveEmbedMessage=function(e){var t=e.data;if((t||t.secret||t.message||t.value)&&!\/[^a-zA-Z0-9]\/.test(t.secret)){for(var s,r,n,a=l.querySelectorAll('iframe[data-secret=\"'+t.secret+'\"]'),o=l.querySelectorAll('blockquote[data-secret=\"'+t.secret+'\"]'),c=new RegExp(\"^https?:$\",\"i\"),i=0;i<o.length;i++)o[i].style.display=\"none\";for(i=0;i<a.length;i++)s=a[i],e.source===s.contentWindow&&(s.removeAttribute(\"style\"),\"height\"===t.message?(1e3<(r=parseInt(t.value,10))?r=1e3:~~r<200&&(r=200),s.height=r):\"link\"===t.message&&(r=new URL(s.getAttribute(\"src\")),n=new URL(t.value),c.test(n.protocol))&&n.host===r.host&&l.activeElement===s&&(d.top.location.href=t.value))}},d.addEventListener(\"message\",d.wp.receiveEmbedMessage,!1),l.addEventListener(\"DOMContentLoaded\",function(){for(var e,t,s=l.querySelectorAll(\"iframe.wp-embedded-content\"),r=0;r<s.length;r++)(t=(e=s[r]).getAttribute(\"data-secret\"))||(t=Math.random().toString(36).substring(2,12),e.src+=\"#?secret=\"+t,e.setAttribute(\"data-secret\",t)),e.contentWindow.postMessage({message:\"ready\",secret:t},\"*\")},!1)))}(window,document);\n\/* ]]> *\/\n<\/script>\n","description":"\u00a9 Andrea Steffen In drei Wochen w\u00e4hlen wir einen neuen Bundestag. Deshalb werben die Parteien f\u00fcr ihre Pl\u00e4ne \u2013 und um die Stimmen der Menschen Von Susanne Gaschke Mitten in der Nacht geht es los: Kleine Lastwagen fahren zu einer einsam gelegenen Fabrikhalle. Ein schmaler Lichtstrahl f\u00e4llt durch das riesige Tor auf den Vorplatz. Junge [&hellip;]","thumbnail_url":"https:\/\/img.zeit.de\/bilder\/2009\/36\/gesellschaft\/kinderzeit\/wahlkampf-450.jpg"}

© Andrea Steffen In drei Wochen wählen wir einen neuen Bundestag. Deshalb werben die Parteien für ihre Pläne – und um die Stimmen der Menschen Von Susanne Gaschke Mitten in der Nacht geht es los: Kleine Lastwagen fahren zu einer einsam gelegenen Fabrikhalle. Ein schmaler Lichtstrahl fällt durch das riesige Tor auf den Vorplatz. Junge [&hellip;]
